{"id":125111,"date":"2026-04-30T02:26:00","date_gmt":"2026-04-30T00:26:00","guid":{"rendered":"https:\/\/stadt-land-niederrhein.de\/kultur\/klever-tor\/"},"modified":"2026-04-30T02:26:00","modified_gmt":"2026-04-30T00:26:00","slug":"klever-tor","status":"publish","type":"poi","link":"https:\/\/stadt-land-niederrhein.de\/en\/kultur\/klever-tor\/","title":{"rendered":"Klever Tor"},"content":{"rendered":"<p>Das Klever Tor in Xanten ist ein beeindruckendes Zeugnis mittelalterlicher Baukunst und ein bedeutendes Wahrzeichen der Stadt. Als Teil der historischen Stadtbefestigung diente es einst als wichtiger Zugangspunkt und Schutz vor Eindringlingen. Heute steht es als Symbol f\u00fcr die reiche Geschichte der Region und bietet Besucher:innen einen faszinierenden Einblick in vergangene Zeiten. Das Tor ist nicht nur ein architektonisches Highlight, sondern auch ein Ausgangspunkt f\u00fcr Erkundungen des historischen Stadtkerns von Xanten. Die Umgebung l\u00e4dt zu einem Spaziergang durch die malerischen Gassen ein, die von gut erhaltenen Fachwerkh\u00e4usern und charmanten Pl\u00e4tzen ges\u00e4umt sind. In unmittelbarer N\u00e4he befinden sich zudem zahlreiche M\u00f6glichkeiten, die Natur zu genie\u00dfen, sei es bei einem Besuch des nahegelegenen Arch\u00e4ologischen Parks oder bei einer Wanderung entlang des Rheins. Das Klever Tor verbindet auf eindrucksvolle Weise Geschichte und Naturerlebnis und ist ein Muss f\u00fcr alle, die die kulturelle Vielfalt und die landschaftliche Sch\u00f6nheit der Region entdecken m\u00f6chten.<\/p>\n","protected":false},"excerpt":{"rendered":"<p>Das Klever Tor in Xanten ist ein beeindruckendes Zeugnis mittelalterlicher Baukunst und ein bedeutendes Wahrzeichen der Stadt. Als Teil der historischen Stadtbefestigung diente es einst als wichtiger Zugangspunkt und Schutz vor Eindringlingen. Heute steht es als Symbol f\u00fcr die reiche Geschichte der Region und bietet Besucher:innen einen faszinierenden Einblick in vergangene Zeiten. Das Tor ist [&hellip;]<\/p>\n","protected":false},"author":0,"featured_media":101187,"template":"","destinations":[171,235],"class_list":["post-125111","poi","type-poi","status-publish","has-post-thumbnail","hentry","destination-burgen-schloesser","destination-historische-orte"],"acf":[],"yoast_head":"<!-- This site is optimized with the Yoast SEO plugin v19.11 - https:\/\/yoast.com\/wordpress\/plugins\/seo\/ -->\n<title>Klever Tor - Stadt. Land. Niederrhein<\/title>\n<meta name=\"robots\" content=\"index, follow, max-snippet:-1, max-image-preview:large, max-video-preview:-1\" \/>\n<link rel=\"canonical\" href=\"https:\/\/stadt-land-niederrhein.de\/en\/kultur\/klever-tor\/\" \/>\n<meta property=\"og:locale\" content=\"en_US\" \/>\n<meta property=\"og:type\" content=\"article\" \/>\n<meta property=\"og:title\" content=\"Klever Tor - Stadt. Land. Niederrhein\" \/>\n<meta property=\"og:description\" content=\"Das Klever Tor in Xanten ist ein beeindruckendes Zeugnis mittelalterlicher Baukunst und ein bedeutendes Wahrzeichen der Stadt. Als Teil der historischen Stadtbefestigung diente es einst als wichtiger Zugangspunkt und Schutz vor Eindringlingen. Heute steht es als Symbol f\u00fcr die reiche Geschichte der Region und bietet Besucher:innen einen faszinierenden Einblick in vergangene Zeiten. Das Tor ist [&hellip;]\" \/>\n<meta property=\"og:url\" content=\"\/\" \/>\n<meta property=\"og:site_name\" content=\"Stadt. Land. Niederrhein\" \/>\n<meta property=\"og:image\" content=\"https:\/\/stadt-land-niederrhein.de\/wp-content\/uploads\/2025\/02\/klever-tor-stadtseite.jpg\" \/>\n\t<meta property=\"og:image:width\" content=\"1536\" \/>\n\t<meta property=\"og:image:height\" content=\"2048\" \/>\n\t<meta property=\"og:image:type\" content=\"image\/jpeg\" \/>\n<meta name=\"twitter:card\" content=\"summary_large_image\" \/>\n<script type=\"application\/ld+json\" class=\"yoast-schema-graph\">{\"@context\":\"https:\/\/schema.org\",\"@graph\":[{\"@type\":\"WebPage\",\"@id\":\"https:\/\/stadt-land-niederrhein.de\/en\/kultur\/klever-tor\/\",\"url\":\"https:\/\/stadt-land-niederrhein.de\/en\/kultur\/klever-tor\/\",\"name\":\"Klever Tor - Stadt. Land. Niederrhein\",\"isPartOf\":{\"@id\":\"https:\/\/stadt-land-niederrhein.de\/en\/#website\"},\"datePublished\":\"2026-04-30T00:26:00+00:00\",\"dateModified\":\"2026-04-30T00:26:00+00:00\",\"breadcrumb\":{\"@id\":\"https:\/\/stadt-land-niederrhein.de\/en\/kultur\/klever-tor\/#breadcrumb\"},\"inLanguage\":\"en-US\",\"potentialAction\":[{\"@type\":\"ReadAction\",\"target\":[\"https:\/\/stadt-land-niederrhein.de\/en\/kultur\/klever-tor\/\"]}]},{\"@type\":\"BreadcrumbList\",\"@id\":\"https:\/\/stadt-land-niederrhein.de\/en\/kultur\/klever-tor\/#breadcrumb\",\"itemListElement\":[{\"@type\":\"ListItem\",\"position\":1,\"name\":\"Home page\",\"item\":\"https:\/\/stadt-land-niederrhein.de\/en\/\"},{\"@type\":\"ListItem\",\"position\":2,\"name\":\"Culture\",\"item\":\"https:\/\/stadt-land-niederrhein.de\/en\/kultur\/\"},{\"@type\":\"ListItem\",\"position\":3,\"name\":\"Klever Tor\"}]},{\"@type\":\"WebSite\",\"@id\":\"https:\/\/stadt-land-niederrhein.de\/en\/#website\",\"url\":\"https:\/\/stadt-land-niederrhein.de\/en\/\",\"name\":\"Stadt. Land. Niederrhein\",\"description\":\"Niederrhein f\u00fcr alle Sinne\",\"publisher\":{\"@id\":\"https:\/\/stadt-land-niederrhein.de\/en\/#organization\"},\"alternateName\":\"Niederrhein f\u00fcr alle Sinne\",\"potentialAction\":[{\"@type\":\"SearchAction\",\"target\":{\"@type\":\"EntryPoint\",\"urlTemplate\":\"https:\/\/stadt-land-niederrhein.de\/en\/?s={search_term_string}\"},\"query-input\":\"required name=search_term_string\"}],\"inLanguage\":\"en-US\"},{\"@type\":\"Organization\",\"@id\":\"https:\/\/stadt-land-niederrhein.de\/en\/#organization\",\"name\":\"Stadt. Land. Niederrhein\",\"alternateName\":\"Niederrhein f\u00fcr alle Sinne\",\"url\":\"https:\/\/stadt-land-niederrhein.de\/en\/\",\"logo\":{\"@type\":\"ImageObject\",\"inLanguage\":\"en-US\",\"@id\":\"https:\/\/stadt-land-niederrhein.de\/en\/#\/schema\/logo\/image\/\",\"url\":\"https:\/\/stadt-land-niederrhein.de\/wp-content\/uploads\/2022\/09\/stadt-land-niederrhein_logo_block_400px.png\",\"contentUrl\":\"https:\/\/stadt-land-niederrhein.de\/wp-content\/uploads\/2022\/09\/stadt-land-niederrhein_logo_block_400px.png\",\"width\":400,\"height\":133,\"caption\":\"Stadt. Land. Niederrhein\"},\"image\":{\"@id\":\"https:\/\/stadt-land-niederrhein.de\/en\/#\/schema\/logo\/image\/\"},\"sameAs\":[\"https:\/\/www.instagram.com\/niederrheintourismus_\/\"]}]}<\/script>\n<!-- \/ Yoast SEO plugin. -->","yoast_head_json":{"title":"Klever Tor - Stadt. Land. Niederrhein","robots":{"index":"index","follow":"follow","max-snippet":"max-snippet:-1","max-image-preview":"max-image-preview:large","max-video-preview":"max-video-preview:-1"},"canonical":"https:\/\/stadt-land-niederrhein.de\/en\/kultur\/klever-tor\/","og_locale":"en_US","og_type":"article","og_title":"Klever Tor - Stadt. Land. Niederrhein","og_description":"Das Klever Tor in Xanten ist ein beeindruckendes Zeugnis mittelalterlicher Baukunst und ein bedeutendes Wahrzeichen der Stadt. Als Teil der historischen Stadtbefestigung diente es einst als wichtiger Zugangspunkt und Schutz vor Eindringlingen. Heute steht es als Symbol f\u00fcr die reiche Geschichte der Region und bietet Besucher:innen einen faszinierenden Einblick in vergangene Zeiten. Das Tor ist [&hellip;]","og_url":"\/","og_site_name":"Stadt. Land. Niederrhein","og_image":[{"width":1536,"height":2048,"url":"https:\/\/stadt-land-niederrhein.de\/wp-content\/uploads\/2025\/02\/klever-tor-stadtseite.jpg","type":"image\/jpeg"}],"twitter_card":"summary_large_image","schema":{"@context":"https:\/\/schema.org","@graph":[{"@type":"WebPage","@id":"https:\/\/stadt-land-niederrhein.de\/en\/kultur\/klever-tor\/","url":"https:\/\/stadt-land-niederrhein.de\/en\/kultur\/klever-tor\/","name":"Klever Tor - Stadt. Land. Niederrhein","isPartOf":{"@id":"https:\/\/stadt-land-niederrhein.de\/en\/#website"},"datePublished":"2026-04-30T00:26:00+00:00","dateModified":"2026-04-30T00:26:00+00:00","breadcrumb":{"@id":"https:\/\/stadt-land-niederrhein.de\/en\/kultur\/klever-tor\/#breadcrumb"},"inLanguage":"en-US","potentialAction":[{"@type":"ReadAction","target":["https:\/\/stadt-land-niederrhein.de\/en\/kultur\/klever-tor\/"]}]},{"@type":"BreadcrumbList","@id":"https:\/\/stadt-land-niederrhein.de\/en\/kultur\/klever-tor\/#breadcrumb","itemListElement":[{"@type":"ListItem","position":1,"name":"Home page","item":"https:\/\/stadt-land-niederrhein.de\/en\/"},{"@type":"ListItem","position":2,"name":"Culture","item":"https:\/\/stadt-land-niederrhein.de\/en\/kultur\/"},{"@type":"ListItem","position":3,"name":"Klever Tor"}]},{"@type":"WebSite","@id":"https:\/\/stadt-land-niederrhein.de\/en\/#website","url":"https:\/\/stadt-land-niederrhein.de\/en\/","name":"Stadt. Land. Niederrhein","description":"Niederrhein f\u00fcr alle Sinne","publisher":{"@id":"https:\/\/stadt-land-niederrhein.de\/en\/#organization"},"alternateName":"Niederrhein f\u00fcr alle Sinne","potentialAction":[{"@type":"SearchAction","target":{"@type":"EntryPoint","urlTemplate":"https:\/\/stadt-land-niederrhein.de\/en\/?s={search_term_string}"},"query-input":"required name=search_term_string"}],"inLanguage":"en-US"},{"@type":"Organization","@id":"https:\/\/stadt-land-niederrhein.de\/en\/#organization","name":"Stadt. Land. Niederrhein","alternateName":"Niederrhein f\u00fcr alle Sinne","url":"https:\/\/stadt-land-niederrhein.de\/en\/","logo":{"@type":"ImageObject","inLanguage":"en-US","@id":"https:\/\/stadt-land-niederrhein.de\/en\/#\/schema\/logo\/image\/","url":"https:\/\/stadt-land-niederrhein.de\/wp-content\/uploads\/2022\/09\/stadt-land-niederrhein_logo_block_400px.png","contentUrl":"https:\/\/stadt-land-niederrhein.de\/wp-content\/uploads\/2022\/09\/stadt-land-niederrhein_logo_block_400px.png","width":400,"height":133,"caption":"Stadt. Land. Niederrhein"},"image":{"@id":"https:\/\/stadt-land-niederrhein.de\/en\/#\/schema\/logo\/image\/"},"sameAs":["https:\/\/www.instagram.com\/niederrheintourismus_\/"]}]}},"_links":{"self":[{"href":"https:\/\/stadt-land-niederrhein.de\/en\/wp-json\/wp\/v2\/pois\/125111","targetHints":{"allow":["GET"]}}],"collection":[{"href":"https:\/\/stadt-land-niederrhein.de\/en\/wp-json\/wp\/v2\/pois"}],"about":[{"href":"https:\/\/stadt-land-niederrhein.de\/en\/wp-json\/wp\/v2\/types\/poi"}],"version-history":[{"count":1,"href":"https:\/\/stadt-land-niederrhein.de\/en\/wp-json\/wp\/v2\/pois\/125111\/revisions"}],"predecessor-version":[{"id":125458,"href":"https:\/\/stadt-land-niederrhein.de\/en\/wp-json\/wp\/v2\/pois\/125111\/revisions\/125458"}],"wp:featuredmedia":[{"embeddable":true,"href":"https:\/\/stadt-land-niederrhein.de\/en\/wp-json\/wp\/v2\/media\/101187"}],"wp:attachment":[{"href":"https:\/\/stadt-land-niederrhein.de\/en\/wp-json\/wp\/v2\/media?parent=125111"}],"wp:term":[{"taxonomy":"destination","embeddable":true,"href":"https:\/\/stadt-land-niederrhein.de\/en\/wp-json\/wp\/v2\/destinations?post=125111"}],"curies":[{"name":"wp","href":"https:\/\/api.w.org\/{rel}","templated":true}]}}

<p>Das Klever Tor in Xanten ist ein beeindruckendes Zeugnis mittelalterlicher Baukunst und ein bedeutendes Wahrzeichen der Stadt. Als Teil der historischen Stadtbefestigung diente es einst als wichtiger Zugangspunkt und Schutz vor Eindringlingen. Heute steht es als Symbol für die reiche Geschichte der Region und bietet Besucher:innen einen faszinierenden Einblick in vergangene Zeiten. Das Tor ist nicht nur ein architektonisches Highlight, sondern auch ein Ausgangspunkt für Erkundungen des historischen Stadtkerns von Xanten. Die Umgebung lädt zu einem Spaziergang durch die malerischen Gassen ein, die von gut erhaltenen Fachwerkhäusern und charmanten Plätzen gesäumt sind. In unmittelbarer Nähe befinden sich zudem zahlreiche Möglichkeiten, die Natur zu genießen, sei es bei einem Besuch des nahegelegenen Archäologischen Parks oder bei einer Wanderung entlang des Rheins. Das Klever Tor verbindet auf eindrucksvolle Weise Geschichte und Naturerlebnis und ist ein Muss für alle, die die kulturelle Vielfalt und die landschaftliche Schönheit der Region entdecken möchten.</p>

<p>Das Klever Tor in Xanten ist ein beeindruckendes Zeugnis mittelalterlicher Baukunst und ein bedeutendes Wahrzeichen der Stadt. Als Teil der historischen Stadtbefestigung diente es einst als wichtiger Zugangspunkt und Schutz vor Eindringlingen. Heute steht es als Symbol für die reiche Geschichte der Region und bietet Besucher:innen einen faszinierenden Einblick in vergangene Zeiten. Das Tor ist [&hellip;]</p>

<!-- This site is optimized with the Yoast SEO plugin v19.11 - https://yoast.com/wordpress/plugins/seo/ -->
<title>Klever Tor - Stadt. Land. Niederrhein</title>
<meta name="robots" content="index, follow, max-snippet:-1, max-image-preview:large, max-video-preview:-1" />
<link rel="canonical" href="https://stadt-land-niederrhein.de/en/kultur/klever-tor/" />
<meta property="og:locale" content="en_US" />
<meta property="og:type" content="article" />
<meta property="og:title" content="Klever Tor - Stadt. Land. Niederrhein" />
<meta property="og:description" content="Das Klever Tor in Xanten ist ein beeindruckendes Zeugnis mittelalterlicher Baukunst und ein bedeutendes Wahrzeichen der Stadt. Als Teil der historischen Stadtbefestigung diente es einst als wichtiger Zugangspunkt und Schutz vor Eindringlingen. Heute steht es als Symbol für die reiche Geschichte der Region und bietet Besucher:innen einen faszinierenden Einblick in vergangene Zeiten. Das Tor ist [&hellip;]" />
<meta property="og:url" content="/" />
<meta property="og:site_name" content="Stadt. Land. Niederrhein" />
<meta property="og:image" content="https://stadt-land-niederrhein.de/wp-content/uploads/2025/02/klever-tor-stadtseite.jpg" />
	<meta property="og:image:width" content="1536" />
	<meta property="og:image:height" content="2048" />
	<meta property="og:image:type" content="image/jpeg" />
<meta name="twitter:card" content="summary_large_image" />
<script type="application/ld+json" class="yoast-schema-graph">{"@context":"https://schema.org","@graph":[{"@type":"WebPage","@id":"https://stadt-land-niederrhein.de/en/kultur/klever-tor/","url":"https://stadt-land-niederrhein.de/en/kultur/klever-tor/","name":"Klever Tor - Stadt. Land. Niederrhein","isPartOf":{"@id":"https://stadt-land-niederrhein.de/en/#website"},"datePublished":"2026-04-30T00:26:00+00:00","dateModified":"2026-04-30T00:26:00+00:00","breadcrumb":{"@id":"https://stadt-land-niederrhein.de/en/kultur/klever-tor/#breadcrumb"},"inLanguage":"en-US","potentialAction":[{"@type":"ReadAction","target":["https://stadt-land-niederrhein.de/en/kultur/klever-tor/"]}]},{"@type":"BreadcrumbList","@id":"https://stadt-land-niederrhein.de/en/kultur/klever-tor/#breadcrumb","itemListElement":[{"@type":"ListItem","position":1,"name":"Home page","item":"https://stadt-land-niederrhein.de/en/"},{"@type":"ListItem","position":2,"name":"Culture","item":"https://stadt-land-niederrhein.de/en/kultur/"},{"@type":"ListItem","position":3,"name":"Klever Tor"}]},{"@type":"WebSite","@id":"https://stadt-land-niederrhein.de/en/#website","url":"https://stadt-land-niederrhein.de/en/","name":"Stadt. Land. Niederrhein","description":"Niederrhein für alle Sinne","publisher":{"@id":"https://stadt-land-niederrhein.de/en/#organization"},"alternateName":"Niederrhein für alle Sinne","potentialAction":[{"@type":"SearchAction","target":{"@type":"EntryPoint","urlTemplate":"https://stadt-land-niederrhein.de/en/?s={search_term_string}"},"query-input":"required name=search_term_string"}],"inLanguage":"en-US"},{"@type":"Organization","@id":"https://stadt-land-niederrhein.de/en/#organization","name":"Stadt. Land. Niederrhein","alternateName":"Niederrhein für alle Sinne","url":"https://stadt-land-niederrhein.de/en/","logo":{"@type":"ImageObject","inLanguage":"en-US","@id":"https://stadt-land-niederrhein.de/en/#/schema/logo/image/","url":"https://stadt-land-niederrhein.de/wp-content/uploads/2022/09/stadt-land-niederrhein_logo_block_400px.png","contentUrl":"https://stadt-land-niederrhein.de/wp-content/uploads/2022/09/stadt-land-niederrhein_logo_block_400px.png","width":400,"height":133,"caption":"Stadt. Land. Niederrhein"},"image":{"@id":"https://stadt-land-niederrhein.de/en/#/schema/logo/image/"},"sameAs":["https://www.instagram.com/niederrheintourismus_/"]}]}</script>
<!-- / Yoast SEO plugin. -->

Das Klever Tor in Xanten ist ein beeindruckendes Zeugnis mittelalterlicher Baukunst und ein bedeutendes Wahrzeichen der Stadt. Als Teil der historischen Stadtbefestigung diente es einst als wichtiger Zugangspunkt und Schutz vor Eindringlingen. Heute steht es als Symbol für die reiche Geschichte der Region und bietet Besucher:innen einen faszinierenden Einblick in vergangene Zeiten. Das Tor ist [&hellip;]

Niederrhein für alle Sinne
