{"id":125192,"date":"2026-04-30T01:44:45","date_gmt":"2026-04-29T23:44:45","guid":{"rendered":"https:\/\/stadt-land-niederrhein.de\/kultur\/schill-denkmal\/"},"modified":"2026-04-30T01:44:45","modified_gmt":"2026-04-29T23:44:45","slug":"schill-denkmal","status":"publish","type":"poi","link":"https:\/\/stadt-land-niederrhein.de\/en\/kultur\/schill-denkmal\/","title":{"rendered":"Schill-Denkmal"},"content":{"rendered":"<p>Das Schill-Denkmal in Wesel ist ein klassizistisches Werk, das an die Erschie\u00dfung der elf Schill\u2019schen Offiziere erinnert. Auf der Stadtseite zeigt es die trauernde Borussia und die Siegesg\u00f6ttin Viktoria, die am Altar des Vaterlandes einen Kranz \u00fcber das Richtbeil h\u00e4lt, wodurch der M\u00e4rtyrertod symbolisch in einen Sieg verwandelt wird. Die Namen der elf Offiziere sind darunter eingraviert. Auf der gegen\u00fcberliegenden Seite thront der preu\u00dfische Adler \u00fcber elf Sternen und dem Sinnspruch: &#8220;Sie starben als Preu\u00dfen und Helden am 16ten Sept. 1809.&#8221; Das Denkmal wurde nach Pl\u00e4nen von Karl Friedrich Schinkel von August Kiss in Berliner Eisenguss gefertigt und am 31. M\u00e4rz 1835 an der historischen Hinrichtungs- und Begr\u00e4bnisst\u00e4tte in den Lippewiesen aufgestellt.<\/p>\n","protected":false},"excerpt":{"rendered":"<p>Das Schill-Denkmal in Wesel ist ein klassizistisches Werk, das an die Erschie\u00dfung der elf Schill\u2019schen Offiziere erinnert. Auf der Stadtseite zeigt es die trauernde Borussia und die Siegesg\u00f6ttin Viktoria, die am Altar des Vaterlandes einen Kranz \u00fcber das Richtbeil h\u00e4lt, wodurch der M\u00e4rtyrertod symbolisch in einen Sieg verwandelt wird. Die Namen der elf Offiziere sind [&hellip;]<\/p>\n","protected":false},"author":0,"featured_media":101235,"template":"","destinations":[235],"class_list":["post-125192","poi","type-poi","status-publish","has-post-thumbnail","hentry","destination-historische-orte"],"acf":[],"yoast_head":"<!-- This site is optimized with the Yoast SEO plugin v19.11 - https:\/\/yoast.com\/wordpress\/plugins\/seo\/ -->\n<title>Schill-Denkmal - Stadt. Land. Niederrhein<\/title>\n<meta name=\"robots\" content=\"index, follow, max-snippet:-1, max-image-preview:large, max-video-preview:-1\" \/>\n<link rel=\"canonical\" href=\"https:\/\/stadt-land-niederrhein.de\/en\/kultur\/schill-denkmal\/\" \/>\n<meta property=\"og:locale\" content=\"en_US\" \/>\n<meta property=\"og:type\" content=\"article\" \/>\n<meta property=\"og:title\" content=\"Schill-Denkmal - Stadt. Land. Niederrhein\" \/>\n<meta property=\"og:description\" content=\"Das Schill-Denkmal in Wesel ist ein klassizistisches Werk, das an die Erschie\u00dfung der elf Schill\u2019schen Offiziere erinnert. Auf der Stadtseite zeigt es die trauernde Borussia und die Siegesg\u00f6ttin Viktoria, die am Altar des Vaterlandes einen Kranz \u00fcber das Richtbeil h\u00e4lt, wodurch der M\u00e4rtyrertod symbolisch in einen Sieg verwandelt wird. Die Namen der elf Offiziere sind [&hellip;]\" \/>\n<meta property=\"og:url\" content=\"\/\" \/>\n<meta property=\"og:site_name\" content=\"Stadt. Land. Niederrhein\" \/>\n<meta property=\"og:image\" content=\"https:\/\/stadt-land-niederrhein.de\/wp-content\/uploads\/2025\/02\/schilldenkmal.jpg\" \/>\n\t<meta property=\"og:image:width\" content=\"450\" \/>\n\t<meta property=\"og:image:height\" content=\"600\" \/>\n\t<meta property=\"og:image:type\" content=\"image\/jpeg\" \/>\n<meta name=\"twitter:card\" content=\"summary_large_image\" \/>\n<script type=\"application\/ld+json\" class=\"yoast-schema-graph\">{\"@context\":\"https:\/\/schema.org\",\"@graph\":[{\"@type\":\"WebPage\",\"@id\":\"https:\/\/stadt-land-niederrhein.de\/en\/kultur\/schill-denkmal\/\",\"url\":\"https:\/\/stadt-land-niederrhein.de\/en\/kultur\/schill-denkmal\/\",\"name\":\"Schill-Denkmal - Stadt. Land. Niederrhein\",\"isPartOf\":{\"@id\":\"https:\/\/stadt-land-niederrhein.de\/en\/#website\"},\"datePublished\":\"2026-04-29T23:44:45+00:00\",\"dateModified\":\"2026-04-29T23:44:45+00:00\",\"breadcrumb\":{\"@id\":\"https:\/\/stadt-land-niederrhein.de\/en\/kultur\/schill-denkmal\/#breadcrumb\"},\"inLanguage\":\"en-US\",\"potentialAction\":[{\"@type\":\"ReadAction\",\"target\":[\"https:\/\/stadt-land-niederrhein.de\/en\/kultur\/schill-denkmal\/\"]}]},{\"@type\":\"BreadcrumbList\",\"@id\":\"https:\/\/stadt-land-niederrhein.de\/en\/kultur\/schill-denkmal\/#breadcrumb\",\"itemListElement\":[{\"@type\":\"ListItem\",\"position\":1,\"name\":\"Home page\",\"item\":\"https:\/\/stadt-land-niederrhein.de\/en\/\"},{\"@type\":\"ListItem\",\"position\":2,\"name\":\"Culture\",\"item\":\"https:\/\/stadt-land-niederrhein.de\/en\/kultur\/\"},{\"@type\":\"ListItem\",\"position\":3,\"name\":\"Schill-Denkmal\"}]},{\"@type\":\"WebSite\",\"@id\":\"https:\/\/stadt-land-niederrhein.de\/en\/#website\",\"url\":\"https:\/\/stadt-land-niederrhein.de\/en\/\",\"name\":\"Stadt. Land. Niederrhein\",\"description\":\"Niederrhein f\u00fcr alle Sinne\",\"publisher\":{\"@id\":\"https:\/\/stadt-land-niederrhein.de\/en\/#organization\"},\"alternateName\":\"Niederrhein f\u00fcr alle Sinne\",\"potentialAction\":[{\"@type\":\"SearchAction\",\"target\":{\"@type\":\"EntryPoint\",\"urlTemplate\":\"https:\/\/stadt-land-niederrhein.de\/en\/?s={search_term_string}\"},\"query-input\":\"required name=search_term_string\"}],\"inLanguage\":\"en-US\"},{\"@type\":\"Organization\",\"@id\":\"https:\/\/stadt-land-niederrhein.de\/en\/#organization\",\"name\":\"Stadt. Land. Niederrhein\",\"alternateName\":\"Niederrhein f\u00fcr alle Sinne\",\"url\":\"https:\/\/stadt-land-niederrhein.de\/en\/\",\"logo\":{\"@type\":\"ImageObject\",\"inLanguage\":\"en-US\",\"@id\":\"https:\/\/stadt-land-niederrhein.de\/en\/#\/schema\/logo\/image\/\",\"url\":\"https:\/\/stadt-land-niederrhein.de\/wp-content\/uploads\/2022\/09\/stadt-land-niederrhein_logo_block_400px.png\",\"contentUrl\":\"https:\/\/stadt-land-niederrhein.de\/wp-content\/uploads\/2022\/09\/stadt-land-niederrhein_logo_block_400px.png\",\"width\":400,\"height\":133,\"caption\":\"Stadt. Land. Niederrhein\"},\"image\":{\"@id\":\"https:\/\/stadt-land-niederrhein.de\/en\/#\/schema\/logo\/image\/\"},\"sameAs\":[\"https:\/\/www.instagram.com\/niederrheintourismus_\/\"]}]}<\/script>\n<!-- \/ Yoast SEO plugin. -->","yoast_head_json":{"title":"Schill-Denkmal - Stadt. Land. Niederrhein","robots":{"index":"index","follow":"follow","max-snippet":"max-snippet:-1","max-image-preview":"max-image-preview:large","max-video-preview":"max-video-preview:-1"},"canonical":"https:\/\/stadt-land-niederrhein.de\/en\/kultur\/schill-denkmal\/","og_locale":"en_US","og_type":"article","og_title":"Schill-Denkmal - Stadt. Land. Niederrhein","og_description":"Das Schill-Denkmal in Wesel ist ein klassizistisches Werk, das an die Erschie\u00dfung der elf Schill\u2019schen Offiziere erinnert. Auf der Stadtseite zeigt es die trauernde Borussia und die Siegesg\u00f6ttin Viktoria, die am Altar des Vaterlandes einen Kranz \u00fcber das Richtbeil h\u00e4lt, wodurch der M\u00e4rtyrertod symbolisch in einen Sieg verwandelt wird. Die Namen der elf Offiziere sind [&hellip;]","og_url":"\/","og_site_name":"Stadt. Land. Niederrhein","og_image":[{"width":450,"height":600,"url":"https:\/\/stadt-land-niederrhein.de\/wp-content\/uploads\/2025\/02\/schilldenkmal.jpg","type":"image\/jpeg"}],"twitter_card":"summary_large_image","schema":{"@context":"https:\/\/schema.org","@graph":[{"@type":"WebPage","@id":"https:\/\/stadt-land-niederrhein.de\/en\/kultur\/schill-denkmal\/","url":"https:\/\/stadt-land-niederrhein.de\/en\/kultur\/schill-denkmal\/","name":"Schill-Denkmal - Stadt. Land. Niederrhein","isPartOf":{"@id":"https:\/\/stadt-land-niederrhein.de\/en\/#website"},"datePublished":"2026-04-29T23:44:45+00:00","dateModified":"2026-04-29T23:44:45+00:00","breadcrumb":{"@id":"https:\/\/stadt-land-niederrhein.de\/en\/kultur\/schill-denkmal\/#breadcrumb"},"inLanguage":"en-US","potentialAction":[{"@type":"ReadAction","target":["https:\/\/stadt-land-niederrhein.de\/en\/kultur\/schill-denkmal\/"]}]},{"@type":"BreadcrumbList","@id":"https:\/\/stadt-land-niederrhein.de\/en\/kultur\/schill-denkmal\/#breadcrumb","itemListElement":[{"@type":"ListItem","position":1,"name":"Home page","item":"https:\/\/stadt-land-niederrhein.de\/en\/"},{"@type":"ListItem","position":2,"name":"Culture","item":"https:\/\/stadt-land-niederrhein.de\/en\/kultur\/"},{"@type":"ListItem","position":3,"name":"Schill-Denkmal"}]},{"@type":"WebSite","@id":"https:\/\/stadt-land-niederrhein.de\/en\/#website","url":"https:\/\/stadt-land-niederrhein.de\/en\/","name":"Stadt. Land. Niederrhein","description":"Niederrhein f\u00fcr alle Sinne","publisher":{"@id":"https:\/\/stadt-land-niederrhein.de\/en\/#organization"},"alternateName":"Niederrhein f\u00fcr alle Sinne","potentialAction":[{"@type":"SearchAction","target":{"@type":"EntryPoint","urlTemplate":"https:\/\/stadt-land-niederrhein.de\/en\/?s={search_term_string}"},"query-input":"required name=search_term_string"}],"inLanguage":"en-US"},{"@type":"Organization","@id":"https:\/\/stadt-land-niederrhein.de\/en\/#organization","name":"Stadt. Land. Niederrhein","alternateName":"Niederrhein f\u00fcr alle Sinne","url":"https:\/\/stadt-land-niederrhein.de\/en\/","logo":{"@type":"ImageObject","inLanguage":"en-US","@id":"https:\/\/stadt-land-niederrhein.de\/en\/#\/schema\/logo\/image\/","url":"https:\/\/stadt-land-niederrhein.de\/wp-content\/uploads\/2022\/09\/stadt-land-niederrhein_logo_block_400px.png","contentUrl":"https:\/\/stadt-land-niederrhein.de\/wp-content\/uploads\/2022\/09\/stadt-land-niederrhein_logo_block_400px.png","width":400,"height":133,"caption":"Stadt. Land. Niederrhein"},"image":{"@id":"https:\/\/stadt-land-niederrhein.de\/en\/#\/schema\/logo\/image\/"},"sameAs":["https:\/\/www.instagram.com\/niederrheintourismus_\/"]}]}},"_links":{"self":[{"href":"https:\/\/stadt-land-niederrhein.de\/en\/wp-json\/wp\/v2\/pois\/125192","targetHints":{"allow":["GET"]}}],"collection":[{"href":"https:\/\/stadt-land-niederrhein.de\/en\/wp-json\/wp\/v2\/pois"}],"about":[{"href":"https:\/\/stadt-land-niederrhein.de\/en\/wp-json\/wp\/v2\/types\/poi"}],"version-history":[{"count":1,"href":"https:\/\/stadt-land-niederrhein.de\/en\/wp-json\/wp\/v2\/pois\/125192\/revisions"}],"predecessor-version":[{"id":125537,"href":"https:\/\/stadt-land-niederrhein.de\/en\/wp-json\/wp\/v2\/pois\/125192\/revisions\/125537"}],"wp:featuredmedia":[{"embeddable":true,"href":"https:\/\/stadt-land-niederrhein.de\/en\/wp-json\/wp\/v2\/media\/101235"}],"wp:attachment":[{"href":"https:\/\/stadt-land-niederrhein.de\/en\/wp-json\/wp\/v2\/media?parent=125192"}],"wp:term":[{"taxonomy":"destination","embeddable":true,"href":"https:\/\/stadt-land-niederrhein.de\/en\/wp-json\/wp\/v2\/destinations?post=125192"}],"curies":[{"name":"wp","href":"https:\/\/api.w.org\/{rel}","templated":true}]}}

<p>Das Schill-Denkmal in Wesel ist ein klassizistisches Werk, das an die Erschießung der elf Schill’schen Offiziere erinnert. Auf der Stadtseite zeigt es die trauernde Borussia und die Siegesgöttin Viktoria, die am Altar des Vaterlandes einen Kranz über das Richtbeil hält, wodurch der Märtyrertod symbolisch in einen Sieg verwandelt wird. Die Namen der elf Offiziere sind darunter eingraviert. Auf der gegenüberliegenden Seite thront der preußische Adler über elf Sternen und dem Sinnspruch: &#8220;Sie starben als Preußen und Helden am 16ten Sept. 1809.&#8221; Das Denkmal wurde nach Plänen von Karl Friedrich Schinkel von August Kiss in Berliner Eisenguss gefertigt und am 31. März 1835 an der historischen Hinrichtungs- und Begräbnisstätte in den Lippewiesen aufgestellt.</p>

<p>Das Schill-Denkmal in Wesel ist ein klassizistisches Werk, das an die Erschießung der elf Schill’schen Offiziere erinnert. Auf der Stadtseite zeigt es die trauernde Borussia und die Siegesgöttin Viktoria, die am Altar des Vaterlandes einen Kranz über das Richtbeil hält, wodurch der Märtyrertod symbolisch in einen Sieg verwandelt wird. Die Namen der elf Offiziere sind [&hellip;]</p>

<!-- This site is optimized with the Yoast SEO plugin v19.11 - https://yoast.com/wordpress/plugins/seo/ -->
<title>Schill-Denkmal - Stadt. Land. Niederrhein</title>
<meta name="robots" content="index, follow, max-snippet:-1, max-image-preview:large, max-video-preview:-1" />
<link rel="canonical" href="https://stadt-land-niederrhein.de/en/kultur/schill-denkmal/" />
<meta property="og:locale" content="en_US" />
<meta property="og:type" content="article" />
<meta property="og:title" content="Schill-Denkmal - Stadt. Land. Niederrhein" />
<meta property="og:description" content="Das Schill-Denkmal in Wesel ist ein klassizistisches Werk, das an die Erschießung der elf Schill’schen Offiziere erinnert. Auf der Stadtseite zeigt es die trauernde Borussia und die Siegesgöttin Viktoria, die am Altar des Vaterlandes einen Kranz über das Richtbeil hält, wodurch der Märtyrertod symbolisch in einen Sieg verwandelt wird. Die Namen der elf Offiziere sind [&hellip;]" />
<meta property="og:url" content="/" />
<meta property="og:site_name" content="Stadt. Land. Niederrhein" />
<meta property="og:image" content="https://stadt-land-niederrhein.de/wp-content/uploads/2025/02/schilldenkmal.jpg" />
	<meta property="og:image:width" content="450" />
	<meta property="og:image:height" content="600" />
	<meta property="og:image:type" content="image/jpeg" />
<meta name="twitter:card" content="summary_large_image" />
<script type="application/ld+json" class="yoast-schema-graph">{"@context":"https://schema.org","@graph":[{"@type":"WebPage","@id":"https://stadt-land-niederrhein.de/en/kultur/schill-denkmal/","url":"https://stadt-land-niederrhein.de/en/kultur/schill-denkmal/","name":"Schill-Denkmal - Stadt. Land. Niederrhein","isPartOf":{"@id":"https://stadt-land-niederrhein.de/en/#website"},"datePublished":"2026-04-29T23:44:45+00:00","dateModified":"2026-04-29T23:44:45+00:00","breadcrumb":{"@id":"https://stadt-land-niederrhein.de/en/kultur/schill-denkmal/#breadcrumb"},"inLanguage":"en-US","potentialAction":[{"@type":"ReadAction","target":["https://stadt-land-niederrhein.de/en/kultur/schill-denkmal/"]}]},{"@type":"BreadcrumbList","@id":"https://stadt-land-niederrhein.de/en/kultur/schill-denkmal/#breadcrumb","itemListElement":[{"@type":"ListItem","position":1,"name":"Home page","item":"https://stadt-land-niederrhein.de/en/"},{"@type":"ListItem","position":2,"name":"Culture","item":"https://stadt-land-niederrhein.de/en/kultur/"},{"@type":"ListItem","position":3,"name":"Schill-Denkmal"}]},{"@type":"WebSite","@id":"https://stadt-land-niederrhein.de/en/#website","url":"https://stadt-land-niederrhein.de/en/","name":"Stadt. Land. Niederrhein","description":"Niederrhein für alle Sinne","publisher":{"@id":"https://stadt-land-niederrhein.de/en/#organization"},"alternateName":"Niederrhein für alle Sinne","potentialAction":[{"@type":"SearchAction","target":{"@type":"EntryPoint","urlTemplate":"https://stadt-land-niederrhein.de/en/?s={search_term_string}"},"query-input":"required name=search_term_string"}],"inLanguage":"en-US"},{"@type":"Organization","@id":"https://stadt-land-niederrhein.de/en/#organization","name":"Stadt. Land. Niederrhein","alternateName":"Niederrhein für alle Sinne","url":"https://stadt-land-niederrhein.de/en/","logo":{"@type":"ImageObject","inLanguage":"en-US","@id":"https://stadt-land-niederrhein.de/en/#/schema/logo/image/","url":"https://stadt-land-niederrhein.de/wp-content/uploads/2022/09/stadt-land-niederrhein_logo_block_400px.png","contentUrl":"https://stadt-land-niederrhein.de/wp-content/uploads/2022/09/stadt-land-niederrhein_logo_block_400px.png","width":400,"height":133,"caption":"Stadt. Land. Niederrhein"},"image":{"@id":"https://stadt-land-niederrhein.de/en/#/schema/logo/image/"},"sameAs":["https://www.instagram.com/niederrheintourismus_/"]}]}</script>
<!-- / Yoast SEO plugin. -->

Das Schill-Denkmal in Wesel ist ein klassizistisches Werk, das an die Erschießung der elf Schill’schen Offiziere erinnert. Auf der Stadtseite zeigt es die trauernde Borussia und die Siegesgöttin Viktoria, die am Altar des Vaterlandes einen Kranz über das Richtbeil hält, wodurch der Märtyrertod symbolisch in einen Sieg verwandelt wird. Die Namen der elf Offiziere sind [&hellip;]

Niederrhein für alle Sinne
