{"id":125201,"date":"2026-04-29T01:47:30","date_gmt":"2026-04-28T23:47:30","guid":{"rendered":"https:\/\/stadt-land-niederrhein.de\/kultur\/zitadelle-wesel\/"},"modified":"2026-04-29T01:47:30","modified_gmt":"2026-04-28T23:47:30","slug":"zitadelle-wesel","status":"publish","type":"poi","link":"https:\/\/stadt-land-niederrhein.de\/en\/kultur\/zitadelle-wesel\/","title":{"rendered":"Zitadelle Wesel"},"content":{"rendered":"<p>Die Zitadelle Wesel, ein bedeutendes historisches Bauwerk, wurde 1687 auf Anordnung von Kurf\u00fcrst Friedrich Wilhelm I. errichtet, um die Befestigungsanlagen zu st\u00e4rken. Der Ingenieur F.R. Joh. de Corbin \u00fcbernahm ab 1689 die Hauptverantwortung f\u00fcr den Bau. W\u00e4hrend der franz\u00f6sischen Besatzung von 1805 bis 1814 erlebte die Zitadelle eine intensive Bauphase. Die Franzosen errichteten ein zweigeschossiges Ziegelsteingeb\u00e4ude, das bis heute erhalten ist. In diesem Geb\u00e4ude befindet sich eine historische Gef\u00e4ngniszelle, in der 1809 elf Schill&#8217;sche Offiziere auf ihren Prozess warteten. Nach dem Ersten Weltkrieg wurden die Festungswerke im Zuge der Entmilitarisierung des Rheinlandes weitgehend zerst\u00f6rt, nur wenige Geb\u00e4ude blieben erhalten.<\/p>\n<p>Heute ist die Zitadelle ein lebendiges Kulturzentrum. Sie beherbergt das LVR-Niederrheinmuseum, das voraussichtlich Ende April 2025 wiederer\u00f6ffnet wird, sowie die Musik- und Kunstschule. Das Stadtarchiv mit Papierrestaurierungswerkstatt, das St\u00e4dtische Museum in der Schill Kasematte und die Ateliergemeinschaft der K\u00fcnstlergruppe Z6 sind ebenfalls hier ans\u00e4ssig.<\/p>\n","protected":false},"excerpt":{"rendered":"<p>Die Zitadelle Wesel, ein bedeutendes historisches Bauwerk, wurde 1687 auf Anordnung von Kurf\u00fcrst Friedrich Wilhelm I. errichtet, um die Befestigungsanlagen zu st\u00e4rken. Der Ingenieur F.R. Joh. de Corbin \u00fcbernahm ab 1689 die Hauptverantwortung f\u00fcr den Bau. W\u00e4hrend der franz\u00f6sischen Besatzung von 1805 bis 1814 erlebte die Zitadelle eine intensive Bauphase. Die Franzosen errichteten ein zweigeschossiges [&hellip;]<\/p>\n","protected":false},"author":0,"featured_media":101417,"template":"","destinations":[170],"class_list":["post-125201","poi","type-poi","status-publish","has-post-thumbnail","hentry","destination-museen"],"acf":[],"yoast_head":"<!-- This site is optimized with the Yoast SEO plugin v19.11 - https:\/\/yoast.com\/wordpress\/plugins\/seo\/ -->\n<title>Zitadelle Wesel - Stadt. Land. Niederrhein<\/title>\n<meta name=\"robots\" content=\"index, follow, max-snippet:-1, max-image-preview:large, max-video-preview:-1\" \/>\n<link rel=\"canonical\" href=\"https:\/\/stadt-land-niederrhein.de\/en\/kultur\/zitadelle-wesel\/\" \/>\n<meta property=\"og:locale\" content=\"en_US\" \/>\n<meta property=\"og:type\" content=\"article\" \/>\n<meta property=\"og:title\" content=\"Zitadelle Wesel - Stadt. Land. Niederrhein\" \/>\n<meta property=\"og:description\" content=\"Die Zitadelle Wesel, ein bedeutendes historisches Bauwerk, wurde 1687 auf Anordnung von Kurf\u00fcrst Friedrich Wilhelm I. errichtet, um die Befestigungsanlagen zu st\u00e4rken. Der Ingenieur F.R. Joh. de Corbin \u00fcbernahm ab 1689 die Hauptverantwortung f\u00fcr den Bau. W\u00e4hrend der franz\u00f6sischen Besatzung von 1805 bis 1814 erlebte die Zitadelle eine intensive Bauphase. Die Franzosen errichteten ein zweigeschossiges [&hellip;]\" \/>\n<meta property=\"og:url\" content=\"\/\" \/>\n<meta property=\"og:site_name\" content=\"Stadt. Land. Niederrhein\" \/>\n<meta property=\"og:image\" content=\"https:\/\/stadt-land-niederrhein.de\/wp-content\/uploads\/2025\/03\/ehemalige-zitadelle-wesel.jpg\" \/>\n\t<meta property=\"og:image:width\" content=\"2048\" \/>\n\t<meta property=\"og:image:height\" content=\"1536\" \/>\n\t<meta property=\"og:image:type\" content=\"image\/jpeg\" \/>\n<meta name=\"twitter:card\" content=\"summary_large_image\" \/>\n<script type=\"application\/ld+json\" class=\"yoast-schema-graph\">{\"@context\":\"https:\/\/schema.org\",\"@graph\":[{\"@type\":\"WebPage\",\"@id\":\"https:\/\/stadt-land-niederrhein.de\/en\/kultur\/zitadelle-wesel\/\",\"url\":\"https:\/\/stadt-land-niederrhein.de\/en\/kultur\/zitadelle-wesel\/\",\"name\":\"Zitadelle Wesel - Stadt. Land. Niederrhein\",\"isPartOf\":{\"@id\":\"https:\/\/stadt-land-niederrhein.de\/en\/#website\"},\"datePublished\":\"2026-04-28T23:47:30+00:00\",\"dateModified\":\"2026-04-28T23:47:30+00:00\",\"breadcrumb\":{\"@id\":\"https:\/\/stadt-land-niederrhein.de\/en\/kultur\/zitadelle-wesel\/#breadcrumb\"},\"inLanguage\":\"en-US\",\"potentialAction\":[{\"@type\":\"ReadAction\",\"target\":[\"https:\/\/stadt-land-niederrhein.de\/en\/kultur\/zitadelle-wesel\/\"]}]},{\"@type\":\"BreadcrumbList\",\"@id\":\"https:\/\/stadt-land-niederrhein.de\/en\/kultur\/zitadelle-wesel\/#breadcrumb\",\"itemListElement\":[{\"@type\":\"ListItem\",\"position\":1,\"name\":\"Home page\",\"item\":\"https:\/\/stadt-land-niederrhein.de\/en\/\"},{\"@type\":\"ListItem\",\"position\":2,\"name\":\"Culture\",\"item\":\"https:\/\/stadt-land-niederrhein.de\/en\/kultur\/\"},{\"@type\":\"ListItem\",\"position\":3,\"name\":\"Zitadelle Wesel\"}]},{\"@type\":\"WebSite\",\"@id\":\"https:\/\/stadt-land-niederrhein.de\/en\/#website\",\"url\":\"https:\/\/stadt-land-niederrhein.de\/en\/\",\"name\":\"Stadt. Land. Niederrhein\",\"description\":\"Niederrhein f\u00fcr alle Sinne\",\"publisher\":{\"@id\":\"https:\/\/stadt-land-niederrhein.de\/en\/#organization\"},\"alternateName\":\"Niederrhein f\u00fcr alle Sinne\",\"potentialAction\":[{\"@type\":\"SearchAction\",\"target\":{\"@type\":\"EntryPoint\",\"urlTemplate\":\"https:\/\/stadt-land-niederrhein.de\/en\/?s={search_term_string}\"},\"query-input\":\"required name=search_term_string\"}],\"inLanguage\":\"en-US\"},{\"@type\":\"Organization\",\"@id\":\"https:\/\/stadt-land-niederrhein.de\/en\/#organization\",\"name\":\"Stadt. Land. Niederrhein\",\"alternateName\":\"Niederrhein f\u00fcr alle Sinne\",\"url\":\"https:\/\/stadt-land-niederrhein.de\/en\/\",\"logo\":{\"@type\":\"ImageObject\",\"inLanguage\":\"en-US\",\"@id\":\"https:\/\/stadt-land-niederrhein.de\/en\/#\/schema\/logo\/image\/\",\"url\":\"https:\/\/stadt-land-niederrhein.de\/wp-content\/uploads\/2022\/09\/stadt-land-niederrhein_logo_block_400px.png\",\"contentUrl\":\"https:\/\/stadt-land-niederrhein.de\/wp-content\/uploads\/2022\/09\/stadt-land-niederrhein_logo_block_400px.png\",\"width\":400,\"height\":133,\"caption\":\"Stadt. Land. Niederrhein\"},\"image\":{\"@id\":\"https:\/\/stadt-land-niederrhein.de\/en\/#\/schema\/logo\/image\/\"},\"sameAs\":[\"https:\/\/www.instagram.com\/niederrheintourismus_\/\"]}]}<\/script>\n<!-- \/ Yoast SEO plugin. -->","yoast_head_json":{"title":"Zitadelle Wesel - Stadt. Land. Niederrhein","robots":{"index":"index","follow":"follow","max-snippet":"max-snippet:-1","max-image-preview":"max-image-preview:large","max-video-preview":"max-video-preview:-1"},"canonical":"https:\/\/stadt-land-niederrhein.de\/en\/kultur\/zitadelle-wesel\/","og_locale":"en_US","og_type":"article","og_title":"Zitadelle Wesel - Stadt. Land. Niederrhein","og_description":"Die Zitadelle Wesel, ein bedeutendes historisches Bauwerk, wurde 1687 auf Anordnung von Kurf\u00fcrst Friedrich Wilhelm I. errichtet, um die Befestigungsanlagen zu st\u00e4rken. Der Ingenieur F.R. Joh. de Corbin \u00fcbernahm ab 1689 die Hauptverantwortung f\u00fcr den Bau. W\u00e4hrend der franz\u00f6sischen Besatzung von 1805 bis 1814 erlebte die Zitadelle eine intensive Bauphase. Die Franzosen errichteten ein zweigeschossiges [&hellip;]","og_url":"\/","og_site_name":"Stadt. Land. Niederrhein","og_image":[{"width":2048,"height":1536,"url":"https:\/\/stadt-land-niederrhein.de\/wp-content\/uploads\/2025\/03\/ehemalige-zitadelle-wesel.jpg","type":"image\/jpeg"}],"twitter_card":"summary_large_image","schema":{"@context":"https:\/\/schema.org","@graph":[{"@type":"WebPage","@id":"https:\/\/stadt-land-niederrhein.de\/en\/kultur\/zitadelle-wesel\/","url":"https:\/\/stadt-land-niederrhein.de\/en\/kultur\/zitadelle-wesel\/","name":"Zitadelle Wesel - Stadt. Land. Niederrhein","isPartOf":{"@id":"https:\/\/stadt-land-niederrhein.de\/en\/#website"},"datePublished":"2026-04-28T23:47:30+00:00","dateModified":"2026-04-28T23:47:30+00:00","breadcrumb":{"@id":"https:\/\/stadt-land-niederrhein.de\/en\/kultur\/zitadelle-wesel\/#breadcrumb"},"inLanguage":"en-US","potentialAction":[{"@type":"ReadAction","target":["https:\/\/stadt-land-niederrhein.de\/en\/kultur\/zitadelle-wesel\/"]}]},{"@type":"BreadcrumbList","@id":"https:\/\/stadt-land-niederrhein.de\/en\/kultur\/zitadelle-wesel\/#breadcrumb","itemListElement":[{"@type":"ListItem","position":1,"name":"Home page","item":"https:\/\/stadt-land-niederrhein.de\/en\/"},{"@type":"ListItem","position":2,"name":"Culture","item":"https:\/\/stadt-land-niederrhein.de\/en\/kultur\/"},{"@type":"ListItem","position":3,"name":"Zitadelle Wesel"}]},{"@type":"WebSite","@id":"https:\/\/stadt-land-niederrhein.de\/en\/#website","url":"https:\/\/stadt-land-niederrhein.de\/en\/","name":"Stadt. Land. Niederrhein","description":"Niederrhein f\u00fcr alle Sinne","publisher":{"@id":"https:\/\/stadt-land-niederrhein.de\/en\/#organization"},"alternateName":"Niederrhein f\u00fcr alle Sinne","potentialAction":[{"@type":"SearchAction","target":{"@type":"EntryPoint","urlTemplate":"https:\/\/stadt-land-niederrhein.de\/en\/?s={search_term_string}"},"query-input":"required name=search_term_string"}],"inLanguage":"en-US"},{"@type":"Organization","@id":"https:\/\/stadt-land-niederrhein.de\/en\/#organization","name":"Stadt. Land. Niederrhein","alternateName":"Niederrhein f\u00fcr alle Sinne","url":"https:\/\/stadt-land-niederrhein.de\/en\/","logo":{"@type":"ImageObject","inLanguage":"en-US","@id":"https:\/\/stadt-land-niederrhein.de\/en\/#\/schema\/logo\/image\/","url":"https:\/\/stadt-land-niederrhein.de\/wp-content\/uploads\/2022\/09\/stadt-land-niederrhein_logo_block_400px.png","contentUrl":"https:\/\/stadt-land-niederrhein.de\/wp-content\/uploads\/2022\/09\/stadt-land-niederrhein_logo_block_400px.png","width":400,"height":133,"caption":"Stadt. Land. Niederrhein"},"image":{"@id":"https:\/\/stadt-land-niederrhein.de\/en\/#\/schema\/logo\/image\/"},"sameAs":["https:\/\/www.instagram.com\/niederrheintourismus_\/"]}]}},"_links":{"self":[{"href":"https:\/\/stadt-land-niederrhein.de\/en\/wp-json\/wp\/v2\/pois\/125201","targetHints":{"allow":["GET"]}}],"collection":[{"href":"https:\/\/stadt-land-niederrhein.de\/en\/wp-json\/wp\/v2\/pois"}],"about":[{"href":"https:\/\/stadt-land-niederrhein.de\/en\/wp-json\/wp\/v2\/types\/poi"}],"version-history":[{"count":1,"href":"https:\/\/stadt-land-niederrhein.de\/en\/wp-json\/wp\/v2\/pois\/125201\/revisions"}],"predecessor-version":[{"id":125519,"href":"https:\/\/stadt-land-niederrhein.de\/en\/wp-json\/wp\/v2\/pois\/125201\/revisions\/125519"}],"wp:featuredmedia":[{"embeddable":true,"href":"https:\/\/stadt-land-niederrhein.de\/en\/wp-json\/wp\/v2\/media\/101417"}],"wp:attachment":[{"href":"https:\/\/stadt-land-niederrhein.de\/en\/wp-json\/wp\/v2\/media?parent=125201"}],"wp:term":[{"taxonomy":"destination","embeddable":true,"href":"https:\/\/stadt-land-niederrhein.de\/en\/wp-json\/wp\/v2\/destinations?post=125201"}],"curies":[{"name":"wp","href":"https:\/\/api.w.org\/{rel}","templated":true}]}}

<p>Die Zitadelle Wesel, ein bedeutendes historisches Bauwerk, wurde 1687 auf Anordnung von Kurfürst Friedrich Wilhelm I. errichtet, um die Befestigungsanlagen zu stärken. Der Ingenieur F.R. Joh. de Corbin übernahm ab 1689 die Hauptverantwortung für den Bau. Während der französischen Besatzung von 1805 bis 1814 erlebte die Zitadelle eine intensive Bauphase. Die Franzosen errichteten ein zweigeschossiges Ziegelsteingebäude, das bis heute erhalten ist. In diesem Gebäude befindet sich eine historische Gefängniszelle, in der 1809 elf Schill&#8217;sche Offiziere auf ihren Prozess warteten. Nach dem Ersten Weltkrieg wurden die Festungswerke im Zuge der Entmilitarisierung des Rheinlandes weitgehend zerstört, nur wenige Gebäude blieben erhalten.</p>
<p>Heute ist die Zitadelle ein lebendiges Kulturzentrum. Sie beherbergt das LVR-Niederrheinmuseum, das voraussichtlich Ende April 2025 wiedereröffnet wird, sowie die Musik- und Kunstschule. Das Stadtarchiv mit Papierrestaurierungswerkstatt, das Städtische Museum in der Schill Kasematte und die Ateliergemeinschaft der Künstlergruppe Z6 sind ebenfalls hier ansässig.</p>

<p>Die Zitadelle Wesel, ein bedeutendes historisches Bauwerk, wurde 1687 auf Anordnung von Kurfürst Friedrich Wilhelm I. errichtet, um die Befestigungsanlagen zu stärken. Der Ingenieur F.R. Joh. de Corbin übernahm ab 1689 die Hauptverantwortung für den Bau. Während der französischen Besatzung von 1805 bis 1814 erlebte die Zitadelle eine intensive Bauphase. Die Franzosen errichteten ein zweigeschossiges [&hellip;]</p>

<!-- This site is optimized with the Yoast SEO plugin v19.11 - https://yoast.com/wordpress/plugins/seo/ -->
<title>Zitadelle Wesel - Stadt. Land. Niederrhein</title>
<meta name="robots" content="index, follow, max-snippet:-1, max-image-preview:large, max-video-preview:-1" />
<link rel="canonical" href="https://stadt-land-niederrhein.de/en/kultur/zitadelle-wesel/" />
<meta property="og:locale" content="en_US" />
<meta property="og:type" content="article" />
<meta property="og:title" content="Zitadelle Wesel - Stadt. Land. Niederrhein" />
<meta property="og:description" content="Die Zitadelle Wesel, ein bedeutendes historisches Bauwerk, wurde 1687 auf Anordnung von Kurfürst Friedrich Wilhelm I. errichtet, um die Befestigungsanlagen zu stärken. Der Ingenieur F.R. Joh. de Corbin übernahm ab 1689 die Hauptverantwortung für den Bau. Während der französischen Besatzung von 1805 bis 1814 erlebte die Zitadelle eine intensive Bauphase. Die Franzosen errichteten ein zweigeschossiges [&hellip;]" />
<meta property="og:url" content="/" />
<meta property="og:site_name" content="Stadt. Land. Niederrhein" />
<meta property="og:image" content="https://stadt-land-niederrhein.de/wp-content/uploads/2025/03/ehemalige-zitadelle-wesel.jpg" />
	<meta property="og:image:width" content="2048" />
	<meta property="og:image:height" content="1536" />
	<meta property="og:image:type" content="image/jpeg" />
<meta name="twitter:card" content="summary_large_image" />
<script type="application/ld+json" class="yoast-schema-graph">{"@context":"https://schema.org","@graph":[{"@type":"WebPage","@id":"https://stadt-land-niederrhein.de/en/kultur/zitadelle-wesel/","url":"https://stadt-land-niederrhein.de/en/kultur/zitadelle-wesel/","name":"Zitadelle Wesel - Stadt. Land. Niederrhein","isPartOf":{"@id":"https://stadt-land-niederrhein.de/en/#website"},"datePublished":"2026-04-28T23:47:30+00:00","dateModified":"2026-04-28T23:47:30+00:00","breadcrumb":{"@id":"https://stadt-land-niederrhein.de/en/kultur/zitadelle-wesel/#breadcrumb"},"inLanguage":"en-US","potentialAction":[{"@type":"ReadAction","target":["https://stadt-land-niederrhein.de/en/kultur/zitadelle-wesel/"]}]},{"@type":"BreadcrumbList","@id":"https://stadt-land-niederrhein.de/en/kultur/zitadelle-wesel/#breadcrumb","itemListElement":[{"@type":"ListItem","position":1,"name":"Home page","item":"https://stadt-land-niederrhein.de/en/"},{"@type":"ListItem","position":2,"name":"Culture","item":"https://stadt-land-niederrhein.de/en/kultur/"},{"@type":"ListItem","position":3,"name":"Zitadelle Wesel"}]},{"@type":"WebSite","@id":"https://stadt-land-niederrhein.de/en/#website","url":"https://stadt-land-niederrhein.de/en/","name":"Stadt. Land. Niederrhein","description":"Niederrhein für alle Sinne","publisher":{"@id":"https://stadt-land-niederrhein.de/en/#organization"},"alternateName":"Niederrhein für alle Sinne","potentialAction":[{"@type":"SearchAction","target":{"@type":"EntryPoint","urlTemplate":"https://stadt-land-niederrhein.de/en/?s={search_term_string}"},"query-input":"required name=search_term_string"}],"inLanguage":"en-US"},{"@type":"Organization","@id":"https://stadt-land-niederrhein.de/en/#organization","name":"Stadt. Land. Niederrhein","alternateName":"Niederrhein für alle Sinne","url":"https://stadt-land-niederrhein.de/en/","logo":{"@type":"ImageObject","inLanguage":"en-US","@id":"https://stadt-land-niederrhein.de/en/#/schema/logo/image/","url":"https://stadt-land-niederrhein.de/wp-content/uploads/2022/09/stadt-land-niederrhein_logo_block_400px.png","contentUrl":"https://stadt-land-niederrhein.de/wp-content/uploads/2022/09/stadt-land-niederrhein_logo_block_400px.png","width":400,"height":133,"caption":"Stadt. Land. Niederrhein"},"image":{"@id":"https://stadt-land-niederrhein.de/en/#/schema/logo/image/"},"sameAs":["https://www.instagram.com/niederrheintourismus_/"]}]}</script>
<!-- / Yoast SEO plugin. -->

Die Zitadelle Wesel, ein bedeutendes historisches Bauwerk, wurde 1687 auf Anordnung von Kurfürst Friedrich Wilhelm I. errichtet, um die Befestigungsanlagen zu stärken. Der Ingenieur F.R. Joh. de Corbin übernahm ab 1689 die Hauptverantwortung für den Bau. Während der französischen Besatzung von 1805 bis 1814 erlebte die Zitadelle eine intensive Bauphase. Die Franzosen errichteten ein zweigeschossiges [&hellip;]

Niederrhein für alle Sinne
