{"id":109126,"date":"2026-04-30T02:26:13","date_gmt":"2026-04-30T00:26:13","guid":{"rendered":"https:\/\/stadt-land-niederrhein.de\/kultur\/deichkreuz-ork-2\/"},"modified":"2026-04-30T02:26:13","modified_gmt":"2026-04-30T00:26:13","slug":"deichkreuz-ork-2","status":"publish","type":"poi","link":"https:\/\/stadt-land-niederrhein.de\/nl\/kultur\/deichkreuz-ork-2\/","title":{"rendered":"Deichkreuz Ork"},"content":{"rendered":"<p>Das Deichkreuz Ork, ein markantes Mahnmal in der Verl\u00e4ngerung der Stra\u00dfe Vogellake, erhebt sich auf dem Deich als Symbol der Besinnung und Erinnerung. Es mahnt an die Naturgewalten und gedenkt der Rhein\u00fcberquerung der Alliierten am 24. M\u00e4rz 1945, die an dieser Stelle stattfand. Der BSV Mehr-Ork-Geest hat durch die Errichtung des Kreuzes und die Installation von Sitzb\u00e4nken einen besonderen Begegnungsort geschaffen, der regelm\u00e4\u00dfig Besucher:innen anzieht. Veranstaltungen des BSV und kirchliche Gottesdienste beleben diesen Ort zus\u00e4tzlich. Von hier aus bietet sich ein beeindruckender Blick auf den Rhein und den Verlauf des Deiches.<\/p>\n","protected":false},"excerpt":{"rendered":"<p>Das Deichkreuz Ork in Voerde markiert eine Stelle von regionalhistorischer Bedeutung am Niederrhein. Es dient als Denkmal der Deichgeschichte und veranschaulicht die pr\u00e4gende Auseinandersetzung der Region mit den nat\u00fcrlichen Gegebenheiten.<\/p>\n","protected":false},"author":0,"featured_media":101267,"template":"","destinations":[235],"class_list":["post-109126","poi","type-poi","status-publish","has-post-thumbnail","hentry","destination-historische-orte"],"acf":[],"yoast_head":"<!-- This site is optimized with the Yoast SEO plugin v19.11 - https:\/\/yoast.com\/wordpress\/plugins\/seo\/ -->\n<title>Deichkreuz Ork - Stadt. Land. Niederrhein<\/title>\n<meta name=\"robots\" content=\"index, follow, max-snippet:-1, max-image-preview:large, max-video-preview:-1\" \/>\n<link rel=\"canonical\" href=\"https:\/\/stadt-land-niederrhein.de\/nl\/kultur\/deichkreuz-ork-2\/\" \/>\n<meta property=\"og:locale\" content=\"nl_NL\" \/>\n<meta property=\"og:type\" content=\"article\" \/>\n<meta property=\"og:title\" content=\"Deichkreuz Ork - Stadt. Land. Niederrhein\" \/>\n<meta property=\"og:description\" content=\"Das Deichkreuz Ork in Voerde markiert eine Stelle von regionalhistorischer Bedeutung am Niederrhein. Es dient als Denkmal der Deichgeschichte und veranschaulicht die pr\u00e4gende Auseinandersetzung der Region mit den nat\u00fcrlichen Gegebenheiten.\" \/>\n<meta property=\"og:url\" content=\"\/\" \/>\n<meta property=\"og:site_name\" content=\"Stadt. Land. Niederrhein\" \/>\n<meta property=\"og:image\" content=\"https:\/\/stadt-land-niederrhein.de\/wp-content\/uploads\/2025\/02\/deichkreuz.jpg\" \/>\n\t<meta property=\"og:image:width\" content=\"1536\" \/>\n\t<meta property=\"og:image:height\" content=\"2048\" \/>\n\t<meta property=\"og:image:type\" content=\"image\/jpeg\" \/>\n<meta name=\"twitter:card\" content=\"summary_large_image\" \/>\n<script type=\"application\/ld+json\" class=\"yoast-schema-graph\">{\"@context\":\"https:\/\/schema.org\",\"@graph\":[{\"@type\":\"WebPage\",\"@id\":\"https:\/\/stadt-land-niederrhein.de\/nl\/kultur\/deichkreuz-ork-2\/\",\"url\":\"https:\/\/stadt-land-niederrhein.de\/nl\/kultur\/deichkreuz-ork-2\/\",\"name\":\"Deichkreuz Ork - Stadt. Land. Niederrhein\",\"isPartOf\":{\"@id\":\"https:\/\/stadt-land-niederrhein.de\/nl\/#website\"},\"datePublished\":\"2026-04-30T00:26:13+00:00\",\"dateModified\":\"2026-04-30T00:26:13+00:00\",\"breadcrumb\":{\"@id\":\"https:\/\/stadt-land-niederrhein.de\/nl\/kultur\/deichkreuz-ork-2\/#breadcrumb\"},\"inLanguage\":\"nl-NL\",\"potentialAction\":[{\"@type\":\"ReadAction\",\"target\":[\"https:\/\/stadt-land-niederrhein.de\/nl\/kultur\/deichkreuz-ork-2\/\"]}]},{\"@type\":\"BreadcrumbList\",\"@id\":\"https:\/\/stadt-land-niederrhein.de\/nl\/kultur\/deichkreuz-ork-2\/#breadcrumb\",\"itemListElement\":[{\"@type\":\"ListItem\",\"position\":1,\"name\":\"Startpagina\",\"item\":\"https:\/\/stadt-land-niederrhein.de\/nl\/\"},{\"@type\":\"ListItem\",\"position\":2,\"name\":\"Cultuur\",\"item\":\"https:\/\/stadt-land-niederrhein.de\/nl\/kultur\/\"},{\"@type\":\"ListItem\",\"position\":3,\"name\":\"Deichkreuz Ork\"}]},{\"@type\":\"WebSite\",\"@id\":\"https:\/\/stadt-land-niederrhein.de\/nl\/#website\",\"url\":\"https:\/\/stadt-land-niederrhein.de\/nl\/\",\"name\":\"Stadt. Land. Niederrhein\",\"description\":\"Niederrhein f\u00fcr alle Sinne\",\"publisher\":{\"@id\":\"https:\/\/stadt-land-niederrhein.de\/nl\/#organization\"},\"alternateName\":\"Niederrhein f\u00fcr alle Sinne\",\"potentialAction\":[{\"@type\":\"SearchAction\",\"target\":{\"@type\":\"EntryPoint\",\"urlTemplate\":\"https:\/\/stadt-land-niederrhein.de\/nl\/?s={search_term_string}\"},\"query-input\":\"required name=search_term_string\"}],\"inLanguage\":\"nl-NL\"},{\"@type\":\"Organization\",\"@id\":\"https:\/\/stadt-land-niederrhein.de\/nl\/#organization\",\"name\":\"Stadt. Land. Niederrhein\",\"alternateName\":\"Niederrhein f\u00fcr alle Sinne\",\"url\":\"https:\/\/stadt-land-niederrhein.de\/nl\/\",\"logo\":{\"@type\":\"ImageObject\",\"inLanguage\":\"nl-NL\",\"@id\":\"https:\/\/stadt-land-niederrhein.de\/nl\/#\/schema\/logo\/image\/\",\"url\":\"https:\/\/stadt-land-niederrhein.de\/wp-content\/uploads\/2022\/09\/stadt-land-niederrhein_logo_block_400px.png\",\"contentUrl\":\"https:\/\/stadt-land-niederrhein.de\/wp-content\/uploads\/2022\/09\/stadt-land-niederrhein_logo_block_400px.png\",\"width\":400,\"height\":133,\"caption\":\"Stadt. Land. Niederrhein\"},\"image\":{\"@id\":\"https:\/\/stadt-land-niederrhein.de\/nl\/#\/schema\/logo\/image\/\"},\"sameAs\":[\"https:\/\/www.instagram.com\/niederrheintourismus_\/\"]}]}<\/script>\n<!-- \/ Yoast SEO plugin. -->","yoast_head_json":{"title":"Deichkreuz Ork - Stadt. Land. Niederrhein","robots":{"index":"index","follow":"follow","max-snippet":"max-snippet:-1","max-image-preview":"max-image-preview:large","max-video-preview":"max-video-preview:-1"},"canonical":"https:\/\/stadt-land-niederrhein.de\/nl\/kultur\/deichkreuz-ork-2\/","og_locale":"nl_NL","og_type":"article","og_title":"Deichkreuz Ork - Stadt. Land. Niederrhein","og_description":"Das Deichkreuz Ork in Voerde markiert eine Stelle von regionalhistorischer Bedeutung am Niederrhein. Es dient als Denkmal der Deichgeschichte und veranschaulicht die pr\u00e4gende Auseinandersetzung der Region mit den nat\u00fcrlichen Gegebenheiten.","og_url":"\/","og_site_name":"Stadt. Land. Niederrhein","og_image":[{"width":1536,"height":2048,"url":"https:\/\/stadt-land-niederrhein.de\/wp-content\/uploads\/2025\/02\/deichkreuz.jpg","type":"image\/jpeg"}],"twitter_card":"summary_large_image","schema":{"@context":"https:\/\/schema.org","@graph":[{"@type":"WebPage","@id":"https:\/\/stadt-land-niederrhein.de\/nl\/kultur\/deichkreuz-ork-2\/","url":"https:\/\/stadt-land-niederrhein.de\/nl\/kultur\/deichkreuz-ork-2\/","name":"Deichkreuz Ork - Stadt. Land. Niederrhein","isPartOf":{"@id":"https:\/\/stadt-land-niederrhein.de\/nl\/#website"},"datePublished":"2026-04-30T00:26:13+00:00","dateModified":"2026-04-30T00:26:13+00:00","breadcrumb":{"@id":"https:\/\/stadt-land-niederrhein.de\/nl\/kultur\/deichkreuz-ork-2\/#breadcrumb"},"inLanguage":"nl-NL","potentialAction":[{"@type":"ReadAction","target":["https:\/\/stadt-land-niederrhein.de\/nl\/kultur\/deichkreuz-ork-2\/"]}]},{"@type":"BreadcrumbList","@id":"https:\/\/stadt-land-niederrhein.de\/nl\/kultur\/deichkreuz-ork-2\/#breadcrumb","itemListElement":[{"@type":"ListItem","position":1,"name":"Startpagina","item":"https:\/\/stadt-land-niederrhein.de\/nl\/"},{"@type":"ListItem","position":2,"name":"Cultuur","item":"https:\/\/stadt-land-niederrhein.de\/nl\/kultur\/"},{"@type":"ListItem","position":3,"name":"Deichkreuz Ork"}]},{"@type":"WebSite","@id":"https:\/\/stadt-land-niederrhein.de\/nl\/#website","url":"https:\/\/stadt-land-niederrhein.de\/nl\/","name":"Stadt. Land. Niederrhein","description":"Niederrhein f\u00fcr alle Sinne","publisher":{"@id":"https:\/\/stadt-land-niederrhein.de\/nl\/#organization"},"alternateName":"Niederrhein f\u00fcr alle Sinne","potentialAction":[{"@type":"SearchAction","target":{"@type":"EntryPoint","urlTemplate":"https:\/\/stadt-land-niederrhein.de\/nl\/?s={search_term_string}"},"query-input":"required name=search_term_string"}],"inLanguage":"nl-NL"},{"@type":"Organization","@id":"https:\/\/stadt-land-niederrhein.de\/nl\/#organization","name":"Stadt. Land. Niederrhein","alternateName":"Niederrhein f\u00fcr alle Sinne","url":"https:\/\/stadt-land-niederrhein.de\/nl\/","logo":{"@type":"ImageObject","inLanguage":"nl-NL","@id":"https:\/\/stadt-land-niederrhein.de\/nl\/#\/schema\/logo\/image\/","url":"https:\/\/stadt-land-niederrhein.de\/wp-content\/uploads\/2022\/09\/stadt-land-niederrhein_logo_block_400px.png","contentUrl":"https:\/\/stadt-land-niederrhein.de\/wp-content\/uploads\/2022\/09\/stadt-land-niederrhein_logo_block_400px.png","width":400,"height":133,"caption":"Stadt. Land. Niederrhein"},"image":{"@id":"https:\/\/stadt-land-niederrhein.de\/nl\/#\/schema\/logo\/image\/"},"sameAs":["https:\/\/www.instagram.com\/niederrheintourismus_\/"]}]}},"_links":{"self":[{"href":"https:\/\/stadt-land-niederrhein.de\/nl\/wp-json\/wp\/v2\/pois\/109126","targetHints":{"allow":["GET"]}}],"collection":[{"href":"https:\/\/stadt-land-niederrhein.de\/nl\/wp-json\/wp\/v2\/pois"}],"about":[{"href":"https:\/\/stadt-land-niederrhein.de\/nl\/wp-json\/wp\/v2\/types\/poi"}],"version-history":[{"count":3,"href":"https:\/\/stadt-land-niederrhein.de\/nl\/wp-json\/wp\/v2\/pois\/109126\/revisions"}],"predecessor-version":[{"id":123294,"href":"https:\/\/stadt-land-niederrhein.de\/nl\/wp-json\/wp\/v2\/pois\/109126\/revisions\/123294"}],"wp:featuredmedia":[{"embeddable":true,"href":"https:\/\/stadt-land-niederrhein.de\/nl\/wp-json\/wp\/v2\/media\/101267"}],"wp:attachment":[{"href":"https:\/\/stadt-land-niederrhein.de\/nl\/wp-json\/wp\/v2\/media?parent=109126"}],"wp:term":[{"taxonomy":"destination","embeddable":true,"href":"https:\/\/stadt-land-niederrhein.de\/nl\/wp-json\/wp\/v2\/destinations?post=109126"}],"curies":[{"name":"wp","href":"https:\/\/api.w.org\/{rel}","templated":true}]}}

<p>Das Deichkreuz Ork, ein markantes Mahnmal in der Verlängerung der Straße Vogellake, erhebt sich auf dem Deich als Symbol der Besinnung und Erinnerung. Es mahnt an die Naturgewalten und gedenkt der Rheinüberquerung der Alliierten am 24. März 1945, die an dieser Stelle stattfand. Der BSV Mehr-Ork-Geest hat durch die Errichtung des Kreuzes und die Installation von Sitzbänken einen besonderen Begegnungsort geschaffen, der regelmäßig Besucher:innen anzieht. Veranstaltungen des BSV und kirchliche Gottesdienste beleben diesen Ort zusätzlich. Von hier aus bietet sich ein beeindruckender Blick auf den Rhein und den Verlauf des Deiches.</p>

<p>Das Deichkreuz Ork in Voerde markiert eine Stelle von regionalhistorischer Bedeutung am Niederrhein. Es dient als Denkmal der Deichgeschichte und veranschaulicht die prägende Auseinandersetzung der Region mit den natürlichen Gegebenheiten.</p>

<!-- This site is optimized with the Yoast SEO plugin v19.11 - https://yoast.com/wordpress/plugins/seo/ -->
<title>Deichkreuz Ork - Stadt. Land. Niederrhein</title>
<meta name="robots" content="index, follow, max-snippet:-1, max-image-preview:large, max-video-preview:-1" />
<link rel="canonical" href="https://stadt-land-niederrhein.de/nl/kultur/deichkreuz-ork-2/" />
<meta property="og:locale" content="nl_NL" />
<meta property="og:type" content="article" />
<meta property="og:title" content="Deichkreuz Ork - Stadt. Land. Niederrhein" />
<meta property="og:description" content="Das Deichkreuz Ork in Voerde markiert eine Stelle von regionalhistorischer Bedeutung am Niederrhein. Es dient als Denkmal der Deichgeschichte und veranschaulicht die prägende Auseinandersetzung der Region mit den natürlichen Gegebenheiten." />
<meta property="og:url" content="/" />
<meta property="og:site_name" content="Stadt. Land. Niederrhein" />
<meta property="og:image" content="https://stadt-land-niederrhein.de/wp-content/uploads/2025/02/deichkreuz.jpg" />
	<meta property="og:image:width" content="1536" />
	<meta property="og:image:height" content="2048" />
	<meta property="og:image:type" content="image/jpeg" />
<meta name="twitter:card" content="summary_large_image" />
<script type="application/ld+json" class="yoast-schema-graph">{"@context":"https://schema.org","@graph":[{"@type":"WebPage","@id":"https://stadt-land-niederrhein.de/nl/kultur/deichkreuz-ork-2/","url":"https://stadt-land-niederrhein.de/nl/kultur/deichkreuz-ork-2/","name":"Deichkreuz Ork - Stadt. Land. Niederrhein","isPartOf":{"@id":"https://stadt-land-niederrhein.de/nl/#website"},"datePublished":"2026-04-30T00:26:13+00:00","dateModified":"2026-04-30T00:26:13+00:00","breadcrumb":{"@id":"https://stadt-land-niederrhein.de/nl/kultur/deichkreuz-ork-2/#breadcrumb"},"inLanguage":"nl-NL","potentialAction":[{"@type":"ReadAction","target":["https://stadt-land-niederrhein.de/nl/kultur/deichkreuz-ork-2/"]}]},{"@type":"BreadcrumbList","@id":"https://stadt-land-niederrhein.de/nl/kultur/deichkreuz-ork-2/#breadcrumb","itemListElement":[{"@type":"ListItem","position":1,"name":"Startpagina","item":"https://stadt-land-niederrhein.de/nl/"},{"@type":"ListItem","position":2,"name":"Cultuur","item":"https://stadt-land-niederrhein.de/nl/kultur/"},{"@type":"ListItem","position":3,"name":"Deichkreuz Ork"}]},{"@type":"WebSite","@id":"https://stadt-land-niederrhein.de/nl/#website","url":"https://stadt-land-niederrhein.de/nl/","name":"Stadt. Land. Niederrhein","description":"Niederrhein für alle Sinne","publisher":{"@id":"https://stadt-land-niederrhein.de/nl/#organization"},"alternateName":"Niederrhein für alle Sinne","potentialAction":[{"@type":"SearchAction","target":{"@type":"EntryPoint","urlTemplate":"https://stadt-land-niederrhein.de/nl/?s={search_term_string}"},"query-input":"required name=search_term_string"}],"inLanguage":"nl-NL"},{"@type":"Organization","@id":"https://stadt-land-niederrhein.de/nl/#organization","name":"Stadt. Land. Niederrhein","alternateName":"Niederrhein für alle Sinne","url":"https://stadt-land-niederrhein.de/nl/","logo":{"@type":"ImageObject","inLanguage":"nl-NL","@id":"https://stadt-land-niederrhein.de/nl/#/schema/logo/image/","url":"https://stadt-land-niederrhein.de/wp-content/uploads/2022/09/stadt-land-niederrhein_logo_block_400px.png","contentUrl":"https://stadt-land-niederrhein.de/wp-content/uploads/2022/09/stadt-land-niederrhein_logo_block_400px.png","width":400,"height":133,"caption":"Stadt. Land. Niederrhein"},"image":{"@id":"https://stadt-land-niederrhein.de/nl/#/schema/logo/image/"},"sameAs":["https://www.instagram.com/niederrheintourismus_/"]}]}</script>
<!-- / Yoast SEO plugin. -->

Das Deichkreuz Ork in Voerde markiert eine Stelle von regionalhistorischer Bedeutung am Niederrhein. Es dient als Denkmal der Deichgeschichte und veranschaulicht die prägende Auseinandersetzung der Region mit den natürlichen Gegebenheiten.

Niederrhein für alle Sinne
