{"id":126803,"date":"2026-04-30T03:13:33","date_gmt":"2026-04-30T01:13:33","guid":{"rendered":"https:\/\/stadt-land-niederrhein.de\/kultur\/denkmal-bruchstrasse-9\/"},"modified":"2026-04-30T03:13:33","modified_gmt":"2026-04-30T01:13:33","slug":"denkmal-bruchstrasse-9","status":"publish","type":"poi","link":"https:\/\/stadt-land-niederrhein.de\/nl\/kultur\/denkmal-bruchstrasse-9\/","title":{"rendered":"Denkmal Bruchstra\u00dfe 9"},"content":{"rendered":"<p>Das Denkmal in der Bruchstra\u00dfe 9 in Wachtendonk ist ein bemerkenswertes Beispiel historischer Baukunst. Urspr\u00fcnglich im 18. Jahrhundert als Wohnhaus mit einem Fachwerkkern errichtet, erfuhr es in den Jahren 1919\/1922 und 1948 bedeutende Umbauten. Dabei erhielt es eine neue Putzfassade im Quaderputzstil mit drei Achsen, einem abgerundeten Eckerker sowie einem profilierten Stuck- und Traufgesims. Historischen Aufzeichnungen zufolge, insbesondere von Leopold Henrichs, entstand an dieser Stelle um 1624 das erste Haus nach der Schleifung der Festungswerke. Die Bruchstra\u00dfe wurde bis zum heutigen Stadtgraben erweitert, wo einst das Bruchtor mit einer Zugbr\u00fccke stand. Diese historische Lage ist im Stra\u00dfenpflaster vor dem Haus markiert.<\/p>\n","protected":false},"excerpt":{"rendered":"<p>Das Denkmal Bruchstra\u00dfe 9, ein Kernpunkt des historischen Ortsrundgangs, illustriert die bemerkenswerte Baukunst Wachtendonks. Urspr\u00fcnglich ein Fachwerkhaus des 18. Jahrhunderts, kennzeichnet es heute eine charakteristische Putzfassade, welche den architektonischen Wandel spiegelt.<\/p>\n","protected":false},"author":0,"featured_media":0,"template":"","destinations":[235],"class_list":["post-126803","poi","type-poi","status-publish","hentry","destination-historische-orte"],"acf":[],"yoast_head":"<!-- This site is optimized with the Yoast SEO plugin v19.11 - https:\/\/yoast.com\/wordpress\/plugins\/seo\/ -->\n<title>Denkmal Bruchstra\u00dfe 9 - Stadt. Land. Niederrhein<\/title>\n<meta name=\"robots\" content=\"index, follow, max-snippet:-1, max-image-preview:large, max-video-preview:-1\" \/>\n<link rel=\"canonical\" href=\"https:\/\/stadt-land-niederrhein.de\/nl\/kultur\/denkmal-bruchstrasse-9\/\" \/>\n<meta property=\"og:locale\" content=\"nl_NL\" \/>\n<meta property=\"og:type\" content=\"article\" \/>\n<meta property=\"og:title\" content=\"Denkmal Bruchstra\u00dfe 9 - Stadt. Land. Niederrhein\" \/>\n<meta property=\"og:description\" content=\"Das Denkmal Bruchstra\u00dfe 9, ein Kernpunkt des historischen Ortsrundgangs, illustriert die bemerkenswerte Baukunst Wachtendonks. Urspr\u00fcnglich ein Fachwerkhaus des 18. Jahrhunderts, kennzeichnet es heute eine charakteristische Putzfassade, welche den architektonischen Wandel spiegelt.\" \/>\n<meta property=\"og:url\" content=\"\/\" \/>\n<meta property=\"og:site_name\" content=\"Stadt. Land. Niederrhein\" \/>\n<meta name=\"twitter:card\" content=\"summary_large_image\" \/>\n<script type=\"application\/ld+json\" class=\"yoast-schema-graph\">{\"@context\":\"https:\/\/schema.org\",\"@graph\":[{\"@type\":\"WebPage\",\"@id\":\"https:\/\/stadt-land-niederrhein.de\/nl\/kultur\/denkmal-bruchstrasse-9\/\",\"url\":\"https:\/\/stadt-land-niederrhein.de\/nl\/kultur\/denkmal-bruchstrasse-9\/\",\"name\":\"Denkmal Bruchstra\u00dfe 9 - Stadt. Land. Niederrhein\",\"isPartOf\":{\"@id\":\"https:\/\/stadt-land-niederrhein.de\/nl\/#website\"},\"datePublished\":\"2026-04-30T01:13:33+00:00\",\"dateModified\":\"2026-04-30T01:13:33+00:00\",\"breadcrumb\":{\"@id\":\"https:\/\/stadt-land-niederrhein.de\/nl\/kultur\/denkmal-bruchstrasse-9\/#breadcrumb\"},\"inLanguage\":\"nl-NL\",\"potentialAction\":[{\"@type\":\"ReadAction\",\"target\":[\"https:\/\/stadt-land-niederrhein.de\/nl\/kultur\/denkmal-bruchstrasse-9\/\"]}]},{\"@type\":\"BreadcrumbList\",\"@id\":\"https:\/\/stadt-land-niederrhein.de\/nl\/kultur\/denkmal-bruchstrasse-9\/#breadcrumb\",\"itemListElement\":[{\"@type\":\"ListItem\",\"position\":1,\"name\":\"Startpagina\",\"item\":\"https:\/\/stadt-land-niederrhein.de\/nl\/\"},{\"@type\":\"ListItem\",\"position\":2,\"name\":\"Cultuur\",\"item\":\"https:\/\/stadt-land-niederrhein.de\/nl\/kultur\/\"},{\"@type\":\"ListItem\",\"position\":3,\"name\":\"Denkmal Bruchstra\u00dfe 9\"}]},{\"@type\":\"WebSite\",\"@id\":\"https:\/\/stadt-land-niederrhein.de\/nl\/#website\",\"url\":\"https:\/\/stadt-land-niederrhein.de\/nl\/\",\"name\":\"Stadt. Land. Niederrhein\",\"description\":\"Niederrhein f\u00fcr alle Sinne\",\"publisher\":{\"@id\":\"https:\/\/stadt-land-niederrhein.de\/nl\/#organization\"},\"alternateName\":\"Niederrhein f\u00fcr alle Sinne\",\"potentialAction\":[{\"@type\":\"SearchAction\",\"target\":{\"@type\":\"EntryPoint\",\"urlTemplate\":\"https:\/\/stadt-land-niederrhein.de\/nl\/?s={search_term_string}\"},\"query-input\":\"required name=search_term_string\"}],\"inLanguage\":\"nl-NL\"},{\"@type\":\"Organization\",\"@id\":\"https:\/\/stadt-land-niederrhein.de\/nl\/#organization\",\"name\":\"Stadt. Land. Niederrhein\",\"alternateName\":\"Niederrhein f\u00fcr alle Sinne\",\"url\":\"https:\/\/stadt-land-niederrhein.de\/nl\/\",\"logo\":{\"@type\":\"ImageObject\",\"inLanguage\":\"nl-NL\",\"@id\":\"https:\/\/stadt-land-niederrhein.de\/nl\/#\/schema\/logo\/image\/\",\"url\":\"https:\/\/stadt-land-niederrhein.de\/wp-content\/uploads\/2022\/09\/stadt-land-niederrhein_logo_block_400px.png\",\"contentUrl\":\"https:\/\/stadt-land-niederrhein.de\/wp-content\/uploads\/2022\/09\/stadt-land-niederrhein_logo_block_400px.png\",\"width\":400,\"height\":133,\"caption\":\"Stadt. Land. Niederrhein\"},\"image\":{\"@id\":\"https:\/\/stadt-land-niederrhein.de\/nl\/#\/schema\/logo\/image\/\"},\"sameAs\":[\"https:\/\/www.instagram.com\/niederrheintourismus_\/\"]}]}<\/script>\n<!-- \/ Yoast SEO plugin. -->","yoast_head_json":{"title":"Denkmal Bruchstra\u00dfe 9 - Stadt. Land. Niederrhein","robots":{"index":"index","follow":"follow","max-snippet":"max-snippet:-1","max-image-preview":"max-image-preview:large","max-video-preview":"max-video-preview:-1"},"canonical":"https:\/\/stadt-land-niederrhein.de\/nl\/kultur\/denkmal-bruchstrasse-9\/","og_locale":"nl_NL","og_type":"article","og_title":"Denkmal Bruchstra\u00dfe 9 - Stadt. Land. Niederrhein","og_description":"Das Denkmal Bruchstra\u00dfe 9, ein Kernpunkt des historischen Ortsrundgangs, illustriert die bemerkenswerte Baukunst Wachtendonks. Urspr\u00fcnglich ein Fachwerkhaus des 18. Jahrhunderts, kennzeichnet es heute eine charakteristische Putzfassade, welche den architektonischen Wandel spiegelt.","og_url":"\/","og_site_name":"Stadt. Land. Niederrhein","twitter_card":"summary_large_image","schema":{"@context":"https:\/\/schema.org","@graph":[{"@type":"WebPage","@id":"https:\/\/stadt-land-niederrhein.de\/nl\/kultur\/denkmal-bruchstrasse-9\/","url":"https:\/\/stadt-land-niederrhein.de\/nl\/kultur\/denkmal-bruchstrasse-9\/","name":"Denkmal Bruchstra\u00dfe 9 - Stadt. Land. Niederrhein","isPartOf":{"@id":"https:\/\/stadt-land-niederrhein.de\/nl\/#website"},"datePublished":"2026-04-30T01:13:33+00:00","dateModified":"2026-04-30T01:13:33+00:00","breadcrumb":{"@id":"https:\/\/stadt-land-niederrhein.de\/nl\/kultur\/denkmal-bruchstrasse-9\/#breadcrumb"},"inLanguage":"nl-NL","potentialAction":[{"@type":"ReadAction","target":["https:\/\/stadt-land-niederrhein.de\/nl\/kultur\/denkmal-bruchstrasse-9\/"]}]},{"@type":"BreadcrumbList","@id":"https:\/\/stadt-land-niederrhein.de\/nl\/kultur\/denkmal-bruchstrasse-9\/#breadcrumb","itemListElement":[{"@type":"ListItem","position":1,"name":"Startpagina","item":"https:\/\/stadt-land-niederrhein.de\/nl\/"},{"@type":"ListItem","position":2,"name":"Cultuur","item":"https:\/\/stadt-land-niederrhein.de\/nl\/kultur\/"},{"@type":"ListItem","position":3,"name":"Denkmal Bruchstra\u00dfe 9"}]},{"@type":"WebSite","@id":"https:\/\/stadt-land-niederrhein.de\/nl\/#website","url":"https:\/\/stadt-land-niederrhein.de\/nl\/","name":"Stadt. Land. Niederrhein","description":"Niederrhein f\u00fcr alle Sinne","publisher":{"@id":"https:\/\/stadt-land-niederrhein.de\/nl\/#organization"},"alternateName":"Niederrhein f\u00fcr alle Sinne","potentialAction":[{"@type":"SearchAction","target":{"@type":"EntryPoint","urlTemplate":"https:\/\/stadt-land-niederrhein.de\/nl\/?s={search_term_string}"},"query-input":"required name=search_term_string"}],"inLanguage":"nl-NL"},{"@type":"Organization","@id":"https:\/\/stadt-land-niederrhein.de\/nl\/#organization","name":"Stadt. Land. Niederrhein","alternateName":"Niederrhein f\u00fcr alle Sinne","url":"https:\/\/stadt-land-niederrhein.de\/nl\/","logo":{"@type":"ImageObject","inLanguage":"nl-NL","@id":"https:\/\/stadt-land-niederrhein.de\/nl\/#\/schema\/logo\/image\/","url":"https:\/\/stadt-land-niederrhein.de\/wp-content\/uploads\/2022\/09\/stadt-land-niederrhein_logo_block_400px.png","contentUrl":"https:\/\/stadt-land-niederrhein.de\/wp-content\/uploads\/2022\/09\/stadt-land-niederrhein_logo_block_400px.png","width":400,"height":133,"caption":"Stadt. Land. Niederrhein"},"image":{"@id":"https:\/\/stadt-land-niederrhein.de\/nl\/#\/schema\/logo\/image\/"},"sameAs":["https:\/\/www.instagram.com\/niederrheintourismus_\/"]}]}},"_links":{"self":[{"href":"https:\/\/stadt-land-niederrhein.de\/nl\/wp-json\/wp\/v2\/pois\/126803","targetHints":{"allow":["GET"]}}],"collection":[{"href":"https:\/\/stadt-land-niederrhein.de\/nl\/wp-json\/wp\/v2\/pois"}],"about":[{"href":"https:\/\/stadt-land-niederrhein.de\/nl\/wp-json\/wp\/v2\/types\/poi"}],"version-history":[{"count":1,"href":"https:\/\/stadt-land-niederrhein.de\/nl\/wp-json\/wp\/v2\/pois\/126803\/revisions"}],"predecessor-version":[{"id":126934,"href":"https:\/\/stadt-land-niederrhein.de\/nl\/wp-json\/wp\/v2\/pois\/126803\/revisions\/126934"}],"wp:attachment":[{"href":"https:\/\/stadt-land-niederrhein.de\/nl\/wp-json\/wp\/v2\/media?parent=126803"}],"wp:term":[{"taxonomy":"destination","embeddable":true,"href":"https:\/\/stadt-land-niederrhein.de\/nl\/wp-json\/wp\/v2\/destinations?post=126803"}],"curies":[{"name":"wp","href":"https:\/\/api.w.org\/{rel}","templated":true}]}}

Denkmal Bruchstraße 9

<p>Das Denkmal in der Bruchstraße 9 in Wachtendonk ist ein bemerkenswertes Beispiel historischer Baukunst. Ursprünglich im 18. Jahrhundert als Wohnhaus mit einem Fachwerkkern errichtet, erfuhr es in den Jahren 1919/1922 und 1948 bedeutende Umbauten. Dabei erhielt es eine neue Putzfassade im Quaderputzstil mit drei Achsen, einem abgerundeten Eckerker sowie einem profilierten Stuck- und Traufgesims. Historischen Aufzeichnungen zufolge, insbesondere von Leopold Henrichs, entstand an dieser Stelle um 1624 das erste Haus nach der Schleifung der Festungswerke. Die Bruchstraße wurde bis zum heutigen Stadtgraben erweitert, wo einst das Bruchtor mit einer Zugbrücke stand. Diese historische Lage ist im Straßenpflaster vor dem Haus markiert.</p>

<p>Das Denkmal Bruchstraße 9, ein Kernpunkt des historischen Ortsrundgangs, illustriert die bemerkenswerte Baukunst Wachtendonks. Ursprünglich ein Fachwerkhaus des 18. Jahrhunderts, kennzeichnet es heute eine charakteristische Putzfassade, welche den architektonischen Wandel spiegelt.</p>

<!-- This site is optimized with the Yoast SEO plugin v19.11 - https://yoast.com/wordpress/plugins/seo/ -->
<title>Denkmal Bruchstraße 9 - Stadt. Land. Niederrhein</title>
<meta name="robots" content="index, follow, max-snippet:-1, max-image-preview:large, max-video-preview:-1" />
<link rel="canonical" href="https://stadt-land-niederrhein.de/nl/kultur/denkmal-bruchstrasse-9/" />
<meta property="og:locale" content="nl_NL" />
<meta property="og:type" content="article" />
<meta property="og:title" content="Denkmal Bruchstraße 9 - Stadt. Land. Niederrhein" />
<meta property="og:description" content="Das Denkmal Bruchstraße 9, ein Kernpunkt des historischen Ortsrundgangs, illustriert die bemerkenswerte Baukunst Wachtendonks. Ursprünglich ein Fachwerkhaus des 18. Jahrhunderts, kennzeichnet es heute eine charakteristische Putzfassade, welche den architektonischen Wandel spiegelt." />
<meta property="og:url" content="/" />
<meta property="og:site_name" content="Stadt. Land. Niederrhein" />
<meta name="twitter:card" content="summary_large_image" />
<script type="application/ld+json" class="yoast-schema-graph">{"@context":"https://schema.org","@graph":[{"@type":"WebPage","@id":"https://stadt-land-niederrhein.de/nl/kultur/denkmal-bruchstrasse-9/","url":"https://stadt-land-niederrhein.de/nl/kultur/denkmal-bruchstrasse-9/","name":"Denkmal Bruchstraße 9 - Stadt. Land. Niederrhein","isPartOf":{"@id":"https://stadt-land-niederrhein.de/nl/#website"},"datePublished":"2026-04-30T01:13:33+00:00","dateModified":"2026-04-30T01:13:33+00:00","breadcrumb":{"@id":"https://stadt-land-niederrhein.de/nl/kultur/denkmal-bruchstrasse-9/#breadcrumb"},"inLanguage":"nl-NL","potentialAction":[{"@type":"ReadAction","target":["https://stadt-land-niederrhein.de/nl/kultur/denkmal-bruchstrasse-9/"]}]},{"@type":"BreadcrumbList","@id":"https://stadt-land-niederrhein.de/nl/kultur/denkmal-bruchstrasse-9/#breadcrumb","itemListElement":[{"@type":"ListItem","position":1,"name":"Startpagina","item":"https://stadt-land-niederrhein.de/nl/"},{"@type":"ListItem","position":2,"name":"Cultuur","item":"https://stadt-land-niederrhein.de/nl/kultur/"},{"@type":"ListItem","position":3,"name":"Denkmal Bruchstraße 9"}]},{"@type":"WebSite","@id":"https://stadt-land-niederrhein.de/nl/#website","url":"https://stadt-land-niederrhein.de/nl/","name":"Stadt. Land. Niederrhein","description":"Niederrhein für alle Sinne","publisher":{"@id":"https://stadt-land-niederrhein.de/nl/#organization"},"alternateName":"Niederrhein für alle Sinne","potentialAction":[{"@type":"SearchAction","target":{"@type":"EntryPoint","urlTemplate":"https://stadt-land-niederrhein.de/nl/?s={search_term_string}"},"query-input":"required name=search_term_string"}],"inLanguage":"nl-NL"},{"@type":"Organization","@id":"https://stadt-land-niederrhein.de/nl/#organization","name":"Stadt. Land. Niederrhein","alternateName":"Niederrhein für alle Sinne","url":"https://stadt-land-niederrhein.de/nl/","logo":{"@type":"ImageObject","inLanguage":"nl-NL","@id":"https://stadt-land-niederrhein.de/nl/#/schema/logo/image/","url":"https://stadt-land-niederrhein.de/wp-content/uploads/2022/09/stadt-land-niederrhein_logo_block_400px.png","contentUrl":"https://stadt-land-niederrhein.de/wp-content/uploads/2022/09/stadt-land-niederrhein_logo_block_400px.png","width":400,"height":133,"caption":"Stadt. Land. Niederrhein"},"image":{"@id":"https://stadt-land-niederrhein.de/nl/#/schema/logo/image/"},"sameAs":["https://www.instagram.com/niederrheintourismus_/"]}]}</script>
<!-- / Yoast SEO plugin. -->

Denkmal Bruchstraße 9 - Stadt. Land. Niederrhein

Das Denkmal Bruchstraße 9, ein Kernpunkt des historischen Ortsrundgangs, illustriert die bemerkenswerte Baukunst Wachtendonks. Ursprünglich ein Fachwerkhaus des 18. Jahrhunderts, kennzeichnet es heute eine charakteristische Putzfassade, welche den architektonischen Wandel spiegelt.

Niederrhein für alle Sinne
