{"id":127528,"date":"2026-04-30T03:12:01","date_gmt":"2026-04-30T01:12:01","guid":{"rendered":"https:\/\/stadt-land-niederrhein.de\/kultur\/evangelische-kirche-goch\/"},"modified":"2026-04-30T03:12:01","modified_gmt":"2026-04-30T01:12:01","slug":"evangelische-kirche-goch","status":"publish","type":"poi","link":"https:\/\/stadt-land-niederrhein.de\/nl\/kultur\/evangelische-kirche-goch\/","title":{"rendered":"Evangelische Kirche Goch"},"content":{"rendered":"<p>Die Evangelische Kirche Goch blickt auf eine bewegte Geschichte zur\u00fcck. Nach umfangreichen Umbauarbeiten im Jahr 1701 diente sie der Gemeinde als Gottesdienstst\u00e4tte. 1889 erhielt das Geb\u00e4ude einen Neo-Barockverputz, der jedoch 1942, im Jubil\u00e4umsjahr der Stadt Goch, entfernt wurde, um die urspr\u00fcngliche Backsteinfassade wiederherzustellen. Am 7. Februar 1945 wurde die Kirche durch Fliegerbomben stark besch\u00e4digt, wobei nur die Au\u00dfenmauern erhalten blieben. Der Wiederaufbau begann 1948 und dauerte bis 1951. 1957 wurden drei Bronzeglocken gegossen, und 1958 folgte die Errichtung des Dachreiters mit dem Geusen-Daniel. Die heutige wei\u00dfe Fassade erhielt die Kirche 1972\/1973, w\u00e4hrend die Tonnendecke 1997 restauriert wurde.<\/p>\n","protected":false},"excerpt":{"rendered":"<p>Am Marktplatz Gochs erhebt sich die Evangelische Kirche, welche seit dem fr\u00fchen 18. Jahrhundert als Gotteshaus der dortigen evangelischen Gemeinde die st\u00e4dtische Silhouette des Niederrheins mitgestaltet.<\/p>\n","protected":false},"author":0,"featured_media":0,"template":"","destinations":[242],"class_list":["post-127528","poi","type-poi","status-publish","hentry","destination-kirchen-kloester"],"acf":[],"yoast_head":"<!-- This site is optimized with the Yoast SEO plugin v19.11 - https:\/\/yoast.com\/wordpress\/plugins\/seo\/ -->\n<title>Evangelische Kirche Goch - Stadt. Land. Niederrhein<\/title>\n<meta name=\"robots\" content=\"index, follow, max-snippet:-1, max-image-preview:large, max-video-preview:-1\" \/>\n<link rel=\"canonical\" href=\"https:\/\/stadt-land-niederrhein.de\/nl\/kultur\/evangelische-kirche-goch\/\" \/>\n<meta property=\"og:locale\" content=\"nl_NL\" \/>\n<meta property=\"og:type\" content=\"article\" \/>\n<meta property=\"og:title\" content=\"Evangelische Kirche Goch - Stadt. Land. Niederrhein\" \/>\n<meta property=\"og:description\" content=\"Am Marktplatz Gochs erhebt sich die Evangelische Kirche, welche seit dem fr\u00fchen 18. Jahrhundert als Gotteshaus der dortigen evangelischen Gemeinde die st\u00e4dtische Silhouette des Niederrheins mitgestaltet.\" \/>\n<meta property=\"og:url\" content=\"\/\" \/>\n<meta property=\"og:site_name\" content=\"Stadt. Land. Niederrhein\" \/>\n<meta name=\"twitter:card\" content=\"summary_large_image\" \/>\n<script type=\"application\/ld+json\" class=\"yoast-schema-graph\">{\"@context\":\"https:\/\/schema.org\",\"@graph\":[{\"@type\":\"WebPage\",\"@id\":\"https:\/\/stadt-land-niederrhein.de\/nl\/kultur\/evangelische-kirche-goch\/\",\"url\":\"https:\/\/stadt-land-niederrhein.de\/nl\/kultur\/evangelische-kirche-goch\/\",\"name\":\"Evangelische Kirche Goch - Stadt. Land. Niederrhein\",\"isPartOf\":{\"@id\":\"https:\/\/stadt-land-niederrhein.de\/nl\/#website\"},\"datePublished\":\"2026-04-30T01:12:01+00:00\",\"dateModified\":\"2026-04-30T01:12:01+00:00\",\"breadcrumb\":{\"@id\":\"https:\/\/stadt-land-niederrhein.de\/nl\/kultur\/evangelische-kirche-goch\/#breadcrumb\"},\"inLanguage\":\"nl-NL\",\"potentialAction\":[{\"@type\":\"ReadAction\",\"target\":[\"https:\/\/stadt-land-niederrhein.de\/nl\/kultur\/evangelische-kirche-goch\/\"]}]},{\"@type\":\"BreadcrumbList\",\"@id\":\"https:\/\/stadt-land-niederrhein.de\/nl\/kultur\/evangelische-kirche-goch\/#breadcrumb\",\"itemListElement\":[{\"@type\":\"ListItem\",\"position\":1,\"name\":\"Startpagina\",\"item\":\"https:\/\/stadt-land-niederrhein.de\/nl\/\"},{\"@type\":\"ListItem\",\"position\":2,\"name\":\"Cultuur\",\"item\":\"https:\/\/stadt-land-niederrhein.de\/nl\/kultur\/\"},{\"@type\":\"ListItem\",\"position\":3,\"name\":\"Evangelische Kirche Goch\"}]},{\"@type\":\"WebSite\",\"@id\":\"https:\/\/stadt-land-niederrhein.de\/nl\/#website\",\"url\":\"https:\/\/stadt-land-niederrhein.de\/nl\/\",\"name\":\"Stadt. Land. Niederrhein\",\"description\":\"Niederrhein f\u00fcr alle Sinne\",\"publisher\":{\"@id\":\"https:\/\/stadt-land-niederrhein.de\/nl\/#organization\"},\"alternateName\":\"Niederrhein f\u00fcr alle Sinne\",\"potentialAction\":[{\"@type\":\"SearchAction\",\"target\":{\"@type\":\"EntryPoint\",\"urlTemplate\":\"https:\/\/stadt-land-niederrhein.de\/nl\/?s={search_term_string}\"},\"query-input\":\"required name=search_term_string\"}],\"inLanguage\":\"nl-NL\"},{\"@type\":\"Organization\",\"@id\":\"https:\/\/stadt-land-niederrhein.de\/nl\/#organization\",\"name\":\"Stadt. Land. Niederrhein\",\"alternateName\":\"Niederrhein f\u00fcr alle Sinne\",\"url\":\"https:\/\/stadt-land-niederrhein.de\/nl\/\",\"logo\":{\"@type\":\"ImageObject\",\"inLanguage\":\"nl-NL\",\"@id\":\"https:\/\/stadt-land-niederrhein.de\/nl\/#\/schema\/logo\/image\/\",\"url\":\"https:\/\/stadt-land-niederrhein.de\/wp-content\/uploads\/2022\/09\/stadt-land-niederrhein_logo_block_400px.png\",\"contentUrl\":\"https:\/\/stadt-land-niederrhein.de\/wp-content\/uploads\/2022\/09\/stadt-land-niederrhein_logo_block_400px.png\",\"width\":400,\"height\":133,\"caption\":\"Stadt. Land. Niederrhein\"},\"image\":{\"@id\":\"https:\/\/stadt-land-niederrhein.de\/nl\/#\/schema\/logo\/image\/\"},\"sameAs\":[\"https:\/\/www.instagram.com\/niederrheintourismus_\/\"]}]}<\/script>\n<!-- \/ Yoast SEO plugin. -->","yoast_head_json":{"title":"Evangelische Kirche Goch - Stadt. Land. Niederrhein","robots":{"index":"index","follow":"follow","max-snippet":"max-snippet:-1","max-image-preview":"max-image-preview:large","max-video-preview":"max-video-preview:-1"},"canonical":"https:\/\/stadt-land-niederrhein.de\/nl\/kultur\/evangelische-kirche-goch\/","og_locale":"nl_NL","og_type":"article","og_title":"Evangelische Kirche Goch - Stadt. Land. Niederrhein","og_description":"Am Marktplatz Gochs erhebt sich die Evangelische Kirche, welche seit dem fr\u00fchen 18. Jahrhundert als Gotteshaus der dortigen evangelischen Gemeinde die st\u00e4dtische Silhouette des Niederrheins mitgestaltet.","og_url":"\/","og_site_name":"Stadt. Land. Niederrhein","twitter_card":"summary_large_image","schema":{"@context":"https:\/\/schema.org","@graph":[{"@type":"WebPage","@id":"https:\/\/stadt-land-niederrhein.de\/nl\/kultur\/evangelische-kirche-goch\/","url":"https:\/\/stadt-land-niederrhein.de\/nl\/kultur\/evangelische-kirche-goch\/","name":"Evangelische Kirche Goch - Stadt. Land. Niederrhein","isPartOf":{"@id":"https:\/\/stadt-land-niederrhein.de\/nl\/#website"},"datePublished":"2026-04-30T01:12:01+00:00","dateModified":"2026-04-30T01:12:01+00:00","breadcrumb":{"@id":"https:\/\/stadt-land-niederrhein.de\/nl\/kultur\/evangelische-kirche-goch\/#breadcrumb"},"inLanguage":"nl-NL","potentialAction":[{"@type":"ReadAction","target":["https:\/\/stadt-land-niederrhein.de\/nl\/kultur\/evangelische-kirche-goch\/"]}]},{"@type":"BreadcrumbList","@id":"https:\/\/stadt-land-niederrhein.de\/nl\/kultur\/evangelische-kirche-goch\/#breadcrumb","itemListElement":[{"@type":"ListItem","position":1,"name":"Startpagina","item":"https:\/\/stadt-land-niederrhein.de\/nl\/"},{"@type":"ListItem","position":2,"name":"Cultuur","item":"https:\/\/stadt-land-niederrhein.de\/nl\/kultur\/"},{"@type":"ListItem","position":3,"name":"Evangelische Kirche Goch"}]},{"@type":"WebSite","@id":"https:\/\/stadt-land-niederrhein.de\/nl\/#website","url":"https:\/\/stadt-land-niederrhein.de\/nl\/","name":"Stadt. Land. Niederrhein","description":"Niederrhein f\u00fcr alle Sinne","publisher":{"@id":"https:\/\/stadt-land-niederrhein.de\/nl\/#organization"},"alternateName":"Niederrhein f\u00fcr alle Sinne","potentialAction":[{"@type":"SearchAction","target":{"@type":"EntryPoint","urlTemplate":"https:\/\/stadt-land-niederrhein.de\/nl\/?s={search_term_string}"},"query-input":"required name=search_term_string"}],"inLanguage":"nl-NL"},{"@type":"Organization","@id":"https:\/\/stadt-land-niederrhein.de\/nl\/#organization","name":"Stadt. Land. Niederrhein","alternateName":"Niederrhein f\u00fcr alle Sinne","url":"https:\/\/stadt-land-niederrhein.de\/nl\/","logo":{"@type":"ImageObject","inLanguage":"nl-NL","@id":"https:\/\/stadt-land-niederrhein.de\/nl\/#\/schema\/logo\/image\/","url":"https:\/\/stadt-land-niederrhein.de\/wp-content\/uploads\/2022\/09\/stadt-land-niederrhein_logo_block_400px.png","contentUrl":"https:\/\/stadt-land-niederrhein.de\/wp-content\/uploads\/2022\/09\/stadt-land-niederrhein_logo_block_400px.png","width":400,"height":133,"caption":"Stadt. Land. Niederrhein"},"image":{"@id":"https:\/\/stadt-land-niederrhein.de\/nl\/#\/schema\/logo\/image\/"},"sameAs":["https:\/\/www.instagram.com\/niederrheintourismus_\/"]}]}},"_links":{"self":[{"href":"https:\/\/stadt-land-niederrhein.de\/nl\/wp-json\/wp\/v2\/pois\/127528","targetHints":{"allow":["GET"]}}],"collection":[{"href":"https:\/\/stadt-land-niederrhein.de\/nl\/wp-json\/wp\/v2\/pois"}],"about":[{"href":"https:\/\/stadt-land-niederrhein.de\/nl\/wp-json\/wp\/v2\/types\/poi"}],"version-history":[{"count":1,"href":"https:\/\/stadt-land-niederrhein.de\/nl\/wp-json\/wp\/v2\/pois\/127528\/revisions"}],"predecessor-version":[{"id":127563,"href":"https:\/\/stadt-land-niederrhein.de\/nl\/wp-json\/wp\/v2\/pois\/127528\/revisions\/127563"}],"wp:attachment":[{"href":"https:\/\/stadt-land-niederrhein.de\/nl\/wp-json\/wp\/v2\/media?parent=127528"}],"wp:term":[{"taxonomy":"destination","embeddable":true,"href":"https:\/\/stadt-land-niederrhein.de\/nl\/wp-json\/wp\/v2\/destinations?post=127528"}],"curies":[{"name":"wp","href":"https:\/\/api.w.org\/{rel}","templated":true}]}}

<p>Die Evangelische Kirche Goch blickt auf eine bewegte Geschichte zurück. Nach umfangreichen Umbauarbeiten im Jahr 1701 diente sie der Gemeinde als Gottesdienststätte. 1889 erhielt das Gebäude einen Neo-Barockverputz, der jedoch 1942, im Jubiläumsjahr der Stadt Goch, entfernt wurde, um die ursprüngliche Backsteinfassade wiederherzustellen. Am 7. Februar 1945 wurde die Kirche durch Fliegerbomben stark beschädigt, wobei nur die Außenmauern erhalten blieben. Der Wiederaufbau begann 1948 und dauerte bis 1951. 1957 wurden drei Bronzeglocken gegossen, und 1958 folgte die Errichtung des Dachreiters mit dem Geusen-Daniel. Die heutige weiße Fassade erhielt die Kirche 1972/1973, während die Tonnendecke 1997 restauriert wurde.</p>

<p>Am Marktplatz Gochs erhebt sich die Evangelische Kirche, welche seit dem frühen 18. Jahrhundert als Gotteshaus der dortigen evangelischen Gemeinde die städtische Silhouette des Niederrheins mitgestaltet.</p>

<!-- This site is optimized with the Yoast SEO plugin v19.11 - https://yoast.com/wordpress/plugins/seo/ -->
<title>Evangelische Kirche Goch - Stadt. Land. Niederrhein</title>
<meta name="robots" content="index, follow, max-snippet:-1, max-image-preview:large, max-video-preview:-1" />
<link rel="canonical" href="https://stadt-land-niederrhein.de/nl/kultur/evangelische-kirche-goch/" />
<meta property="og:locale" content="nl_NL" />
<meta property="og:type" content="article" />
<meta property="og:title" content="Evangelische Kirche Goch - Stadt. Land. Niederrhein" />
<meta property="og:description" content="Am Marktplatz Gochs erhebt sich die Evangelische Kirche, welche seit dem frühen 18. Jahrhundert als Gotteshaus der dortigen evangelischen Gemeinde die städtische Silhouette des Niederrheins mitgestaltet." />
<meta property="og:url" content="/" />
<meta property="og:site_name" content="Stadt. Land. Niederrhein" />
<meta name="twitter:card" content="summary_large_image" />
<script type="application/ld+json" class="yoast-schema-graph">{"@context":"https://schema.org","@graph":[{"@type":"WebPage","@id":"https://stadt-land-niederrhein.de/nl/kultur/evangelische-kirche-goch/","url":"https://stadt-land-niederrhein.de/nl/kultur/evangelische-kirche-goch/","name":"Evangelische Kirche Goch - Stadt. Land. Niederrhein","isPartOf":{"@id":"https://stadt-land-niederrhein.de/nl/#website"},"datePublished":"2026-04-30T01:12:01+00:00","dateModified":"2026-04-30T01:12:01+00:00","breadcrumb":{"@id":"https://stadt-land-niederrhein.de/nl/kultur/evangelische-kirche-goch/#breadcrumb"},"inLanguage":"nl-NL","potentialAction":[{"@type":"ReadAction","target":["https://stadt-land-niederrhein.de/nl/kultur/evangelische-kirche-goch/"]}]},{"@type":"BreadcrumbList","@id":"https://stadt-land-niederrhein.de/nl/kultur/evangelische-kirche-goch/#breadcrumb","itemListElement":[{"@type":"ListItem","position":1,"name":"Startpagina","item":"https://stadt-land-niederrhein.de/nl/"},{"@type":"ListItem","position":2,"name":"Cultuur","item":"https://stadt-land-niederrhein.de/nl/kultur/"},{"@type":"ListItem","position":3,"name":"Evangelische Kirche Goch"}]},{"@type":"WebSite","@id":"https://stadt-land-niederrhein.de/nl/#website","url":"https://stadt-land-niederrhein.de/nl/","name":"Stadt. Land. Niederrhein","description":"Niederrhein für alle Sinne","publisher":{"@id":"https://stadt-land-niederrhein.de/nl/#organization"},"alternateName":"Niederrhein für alle Sinne","potentialAction":[{"@type":"SearchAction","target":{"@type":"EntryPoint","urlTemplate":"https://stadt-land-niederrhein.de/nl/?s={search_term_string}"},"query-input":"required name=search_term_string"}],"inLanguage":"nl-NL"},{"@type":"Organization","@id":"https://stadt-land-niederrhein.de/nl/#organization","name":"Stadt. Land. Niederrhein","alternateName":"Niederrhein für alle Sinne","url":"https://stadt-land-niederrhein.de/nl/","logo":{"@type":"ImageObject","inLanguage":"nl-NL","@id":"https://stadt-land-niederrhein.de/nl/#/schema/logo/image/","url":"https://stadt-land-niederrhein.de/wp-content/uploads/2022/09/stadt-land-niederrhein_logo_block_400px.png","contentUrl":"https://stadt-land-niederrhein.de/wp-content/uploads/2022/09/stadt-land-niederrhein_logo_block_400px.png","width":400,"height":133,"caption":"Stadt. Land. Niederrhein"},"image":{"@id":"https://stadt-land-niederrhein.de/nl/#/schema/logo/image/"},"sameAs":["https://www.instagram.com/niederrheintourismus_/"]}]}</script>
<!-- / Yoast SEO plugin. -->

Am Marktplatz Gochs erhebt sich die Evangelische Kirche, welche seit dem frühen 18. Jahrhundert als Gotteshaus der dortigen evangelischen Gemeinde die städtische Silhouette des Niederrheins mitgestaltet.

Niederrhein für alle Sinne
