{"id":127777,"date":"2026-04-30T03:09:31","date_gmt":"2026-04-30T01:09:31","guid":{"rendered":"https:\/\/stadt-land-niederrhein.de\/kultur\/evangelische-kirche-kalkar\/"},"modified":"2026-04-30T03:09:31","modified_gmt":"2026-04-30T01:09:31","slug":"evangelische-kirche-kalkar","status":"publish","type":"poi","link":"https:\/\/stadt-land-niederrhein.de\/nl\/kultur\/evangelische-kirche-kalkar\/","title":{"rendered":"Evangelische Kirche Kalkar"},"content":{"rendered":"<p>Die Evangelische Kirche in Kalkar blickt auf eine bewegte Geschichte zur\u00fcck, die bis vor 1577 reicht, als eine kleine reformierte Gemeinde in der Stadt existierte. Anfangs fanden die Gottesdienste im Haus des Predigers statt, bis 1647 die Gasthauskapelle der Katholiken auf Anweisung der brandenburgischen Regierung genutzt werden durfte. Nach Konflikten mit den Katholiken wurde die Kapelle jedoch zur\u00fcckgegeben. Am 11. August 1697 weihte die Gemeinde schlie\u00dflich ihre eigene Kirche in der Kesselstra\u00dfe ein, finanziert durch Spenden und die Unterst\u00fctzung von Kurf\u00fcrst Friedrich III. von Brandenburg. Die Kirche, ein einschiffiger Bau aus unverputztem Backstein mit einem Barock-Giebel, besa\u00df urspr\u00fcnglich einen Dachreiter, der 1897 einem Turm mit Zwiebelhelm wich. Die Orgel von 1781 ist teilweise erhalten, w\u00e4hrend Empore, Kanzel und Gest\u00fchl aus dem 18. und 19. Jahrhundert stammen. Die evangelische Gemeinde entstand 1818 durch den Zusammenschluss reformierter und lutherischer Christen. Nach schweren Sch\u00e4den im Zweiten Weltkrieg wurde die Kirche bis 1953 wiederhergestellt.<\/p>\n","protected":false},"excerpt":{"rendered":"<p>Die Evangelische Kirche in Kalkar blickt auf eine bewegte Geschichte zur\u00fcck, die bis vor 1577 reicht, als eine kleine reformierte Gemeinde in der Stadt existierte. Anfangs fanden die Gottesdienste im Haus des Predigers statt, bis 1647 die Gasthauskapelle der Katholiken auf Anweisung der brandenburgischen Regierung genutzt werden durfte. Nach Konflikten mit den Katholiken wurde die [&hellip;]<\/p>\n","protected":false},"author":0,"featured_media":0,"template":"","destinations":[242],"class_list":["post-127777","poi","type-poi","status-publish","hentry","destination-kirchen-kloester"],"acf":[],"yoast_head":"<!-- This site is optimized with the Yoast SEO plugin v19.11 - https:\/\/yoast.com\/wordpress\/plugins\/seo\/ -->\n<title>Evangelische Kirche Kalkar - Stadt. Land. Niederrhein<\/title>\n<meta name=\"robots\" content=\"index, follow, max-snippet:-1, max-image-preview:large, max-video-preview:-1\" \/>\n<link rel=\"canonical\" href=\"https:\/\/stadt-land-niederrhein.de\/nl\/kultur\/evangelische-kirche-kalkar\/\" \/>\n<meta property=\"og:locale\" content=\"nl_NL\" \/>\n<meta property=\"og:type\" content=\"article\" \/>\n<meta property=\"og:title\" content=\"Evangelische Kirche Kalkar - Stadt. Land. Niederrhein\" \/>\n<meta property=\"og:description\" content=\"Die Evangelische Kirche in Kalkar blickt auf eine bewegte Geschichte zur\u00fcck, die bis vor 1577 reicht, als eine kleine reformierte Gemeinde in der Stadt existierte. Anfangs fanden die Gottesdienste im Haus des Predigers statt, bis 1647 die Gasthauskapelle der Katholiken auf Anweisung der brandenburgischen Regierung genutzt werden durfte. Nach Konflikten mit den Katholiken wurde die [&hellip;]\" \/>\n<meta property=\"og:url\" content=\"\/\" \/>\n<meta property=\"og:site_name\" content=\"Stadt. Land. Niederrhein\" \/>\n<meta name=\"twitter:card\" content=\"summary_large_image\" \/>\n<script type=\"application\/ld+json\" class=\"yoast-schema-graph\">{\"@context\":\"https:\/\/schema.org\",\"@graph\":[{\"@type\":\"WebPage\",\"@id\":\"https:\/\/stadt-land-niederrhein.de\/nl\/kultur\/evangelische-kirche-kalkar\/\",\"url\":\"https:\/\/stadt-land-niederrhein.de\/nl\/kultur\/evangelische-kirche-kalkar\/\",\"name\":\"Evangelische Kirche Kalkar - Stadt. Land. Niederrhein\",\"isPartOf\":{\"@id\":\"https:\/\/stadt-land-niederrhein.de\/nl\/#website\"},\"datePublished\":\"2026-04-30T01:09:31+00:00\",\"dateModified\":\"2026-04-30T01:09:31+00:00\",\"breadcrumb\":{\"@id\":\"https:\/\/stadt-land-niederrhein.de\/nl\/kultur\/evangelische-kirche-kalkar\/#breadcrumb\"},\"inLanguage\":\"nl-NL\",\"potentialAction\":[{\"@type\":\"ReadAction\",\"target\":[\"https:\/\/stadt-land-niederrhein.de\/nl\/kultur\/evangelische-kirche-kalkar\/\"]}]},{\"@type\":\"BreadcrumbList\",\"@id\":\"https:\/\/stadt-land-niederrhein.de\/nl\/kultur\/evangelische-kirche-kalkar\/#breadcrumb\",\"itemListElement\":[{\"@type\":\"ListItem\",\"position\":1,\"name\":\"Startpagina\",\"item\":\"https:\/\/stadt-land-niederrhein.de\/nl\/\"},{\"@type\":\"ListItem\",\"position\":2,\"name\":\"Cultuur\",\"item\":\"https:\/\/stadt-land-niederrhein.de\/nl\/kultur\/\"},{\"@type\":\"ListItem\",\"position\":3,\"name\":\"Evangelische Kirche Kalkar\"}]},{\"@type\":\"WebSite\",\"@id\":\"https:\/\/stadt-land-niederrhein.de\/nl\/#website\",\"url\":\"https:\/\/stadt-land-niederrhein.de\/nl\/\",\"name\":\"Stadt. Land. Niederrhein\",\"description\":\"Niederrhein f\u00fcr alle Sinne\",\"publisher\":{\"@id\":\"https:\/\/stadt-land-niederrhein.de\/nl\/#organization\"},\"alternateName\":\"Niederrhein f\u00fcr alle Sinne\",\"potentialAction\":[{\"@type\":\"SearchAction\",\"target\":{\"@type\":\"EntryPoint\",\"urlTemplate\":\"https:\/\/stadt-land-niederrhein.de\/nl\/?s={search_term_string}\"},\"query-input\":\"required name=search_term_string\"}],\"inLanguage\":\"nl-NL\"},{\"@type\":\"Organization\",\"@id\":\"https:\/\/stadt-land-niederrhein.de\/nl\/#organization\",\"name\":\"Stadt. Land. Niederrhein\",\"alternateName\":\"Niederrhein f\u00fcr alle Sinne\",\"url\":\"https:\/\/stadt-land-niederrhein.de\/nl\/\",\"logo\":{\"@type\":\"ImageObject\",\"inLanguage\":\"nl-NL\",\"@id\":\"https:\/\/stadt-land-niederrhein.de\/nl\/#\/schema\/logo\/image\/\",\"url\":\"https:\/\/stadt-land-niederrhein.de\/wp-content\/uploads\/2022\/09\/stadt-land-niederrhein_logo_block_400px.png\",\"contentUrl\":\"https:\/\/stadt-land-niederrhein.de\/wp-content\/uploads\/2022\/09\/stadt-land-niederrhein_logo_block_400px.png\",\"width\":400,\"height\":133,\"caption\":\"Stadt. Land. Niederrhein\"},\"image\":{\"@id\":\"https:\/\/stadt-land-niederrhein.de\/nl\/#\/schema\/logo\/image\/\"},\"sameAs\":[\"https:\/\/www.instagram.com\/niederrheintourismus_\/\"]}]}<\/script>\n<!-- \/ Yoast SEO plugin. -->","yoast_head_json":{"title":"Evangelische Kirche Kalkar - Stadt. Land. Niederrhein","robots":{"index":"index","follow":"follow","max-snippet":"max-snippet:-1","max-image-preview":"max-image-preview:large","max-video-preview":"max-video-preview:-1"},"canonical":"https:\/\/stadt-land-niederrhein.de\/nl\/kultur\/evangelische-kirche-kalkar\/","og_locale":"nl_NL","og_type":"article","og_title":"Evangelische Kirche Kalkar - Stadt. Land. Niederrhein","og_description":"Die Evangelische Kirche in Kalkar blickt auf eine bewegte Geschichte zur\u00fcck, die bis vor 1577 reicht, als eine kleine reformierte Gemeinde in der Stadt existierte. Anfangs fanden die Gottesdienste im Haus des Predigers statt, bis 1647 die Gasthauskapelle der Katholiken auf Anweisung der brandenburgischen Regierung genutzt werden durfte. Nach Konflikten mit den Katholiken wurde die [&hellip;]","og_url":"\/","og_site_name":"Stadt. Land. Niederrhein","twitter_card":"summary_large_image","schema":{"@context":"https:\/\/schema.org","@graph":[{"@type":"WebPage","@id":"https:\/\/stadt-land-niederrhein.de\/nl\/kultur\/evangelische-kirche-kalkar\/","url":"https:\/\/stadt-land-niederrhein.de\/nl\/kultur\/evangelische-kirche-kalkar\/","name":"Evangelische Kirche Kalkar - Stadt. Land. Niederrhein","isPartOf":{"@id":"https:\/\/stadt-land-niederrhein.de\/nl\/#website"},"datePublished":"2026-04-30T01:09:31+00:00","dateModified":"2026-04-30T01:09:31+00:00","breadcrumb":{"@id":"https:\/\/stadt-land-niederrhein.de\/nl\/kultur\/evangelische-kirche-kalkar\/#breadcrumb"},"inLanguage":"nl-NL","potentialAction":[{"@type":"ReadAction","target":["https:\/\/stadt-land-niederrhein.de\/nl\/kultur\/evangelische-kirche-kalkar\/"]}]},{"@type":"BreadcrumbList","@id":"https:\/\/stadt-land-niederrhein.de\/nl\/kultur\/evangelische-kirche-kalkar\/#breadcrumb","itemListElement":[{"@type":"ListItem","position":1,"name":"Startpagina","item":"https:\/\/stadt-land-niederrhein.de\/nl\/"},{"@type":"ListItem","position":2,"name":"Cultuur","item":"https:\/\/stadt-land-niederrhein.de\/nl\/kultur\/"},{"@type":"ListItem","position":3,"name":"Evangelische Kirche Kalkar"}]},{"@type":"WebSite","@id":"https:\/\/stadt-land-niederrhein.de\/nl\/#website","url":"https:\/\/stadt-land-niederrhein.de\/nl\/","name":"Stadt. Land. Niederrhein","description":"Niederrhein f\u00fcr alle Sinne","publisher":{"@id":"https:\/\/stadt-land-niederrhein.de\/nl\/#organization"},"alternateName":"Niederrhein f\u00fcr alle Sinne","potentialAction":[{"@type":"SearchAction","target":{"@type":"EntryPoint","urlTemplate":"https:\/\/stadt-land-niederrhein.de\/nl\/?s={search_term_string}"},"query-input":"required name=search_term_string"}],"inLanguage":"nl-NL"},{"@type":"Organization","@id":"https:\/\/stadt-land-niederrhein.de\/nl\/#organization","name":"Stadt. Land. Niederrhein","alternateName":"Niederrhein f\u00fcr alle Sinne","url":"https:\/\/stadt-land-niederrhein.de\/nl\/","logo":{"@type":"ImageObject","inLanguage":"nl-NL","@id":"https:\/\/stadt-land-niederrhein.de\/nl\/#\/schema\/logo\/image\/","url":"https:\/\/stadt-land-niederrhein.de\/wp-content\/uploads\/2022\/09\/stadt-land-niederrhein_logo_block_400px.png","contentUrl":"https:\/\/stadt-land-niederrhein.de\/wp-content\/uploads\/2022\/09\/stadt-land-niederrhein_logo_block_400px.png","width":400,"height":133,"caption":"Stadt. Land. Niederrhein"},"image":{"@id":"https:\/\/stadt-land-niederrhein.de\/nl\/#\/schema\/logo\/image\/"},"sameAs":["https:\/\/www.instagram.com\/niederrheintourismus_\/"]}]}},"_links":{"self":[{"href":"https:\/\/stadt-land-niederrhein.de\/nl\/wp-json\/wp\/v2\/pois\/127777","targetHints":{"allow":["GET"]}}],"collection":[{"href":"https:\/\/stadt-land-niederrhein.de\/nl\/wp-json\/wp\/v2\/pois"}],"about":[{"href":"https:\/\/stadt-land-niederrhein.de\/nl\/wp-json\/wp\/v2\/types\/poi"}],"version-history":[{"count":1,"href":"https:\/\/stadt-land-niederrhein.de\/nl\/wp-json\/wp\/v2\/pois\/127777\/revisions"}],"predecessor-version":[{"id":128100,"href":"https:\/\/stadt-land-niederrhein.de\/nl\/wp-json\/wp\/v2\/pois\/127777\/revisions\/128100"}],"wp:attachment":[{"href":"https:\/\/stadt-land-niederrhein.de\/nl\/wp-json\/wp\/v2\/media?parent=127777"}],"wp:term":[{"taxonomy":"destination","embeddable":true,"href":"https:\/\/stadt-land-niederrhein.de\/nl\/wp-json\/wp\/v2\/destinations?post=127777"}],"curies":[{"name":"wp","href":"https:\/\/api.w.org\/{rel}","templated":true}]}}

<p>Die Evangelische Kirche in Kalkar blickt auf eine bewegte Geschichte zurück, die bis vor 1577 reicht, als eine kleine reformierte Gemeinde in der Stadt existierte. Anfangs fanden die Gottesdienste im Haus des Predigers statt, bis 1647 die Gasthauskapelle der Katholiken auf Anweisung der brandenburgischen Regierung genutzt werden durfte. Nach Konflikten mit den Katholiken wurde die Kapelle jedoch zurückgegeben. Am 11. August 1697 weihte die Gemeinde schließlich ihre eigene Kirche in der Kesselstraße ein, finanziert durch Spenden und die Unterstützung von Kurfürst Friedrich III. von Brandenburg. Die Kirche, ein einschiffiger Bau aus unverputztem Backstein mit einem Barock-Giebel, besaß ursprünglich einen Dachreiter, der 1897 einem Turm mit Zwiebelhelm wich. Die Orgel von 1781 ist teilweise erhalten, während Empore, Kanzel und Gestühl aus dem 18. und 19. Jahrhundert stammen. Die evangelische Gemeinde entstand 1818 durch den Zusammenschluss reformierter und lutherischer Christen. Nach schweren Schäden im Zweiten Weltkrieg wurde die Kirche bis 1953 wiederhergestellt.</p>

<p>Die Evangelische Kirche in Kalkar blickt auf eine bewegte Geschichte zurück, die bis vor 1577 reicht, als eine kleine reformierte Gemeinde in der Stadt existierte. Anfangs fanden die Gottesdienste im Haus des Predigers statt, bis 1647 die Gasthauskapelle der Katholiken auf Anweisung der brandenburgischen Regierung genutzt werden durfte. Nach Konflikten mit den Katholiken wurde die [&hellip;]</p>

<!-- This site is optimized with the Yoast SEO plugin v19.11 - https://yoast.com/wordpress/plugins/seo/ -->
<title>Evangelische Kirche Kalkar - Stadt. Land. Niederrhein</title>
<meta name="robots" content="index, follow, max-snippet:-1, max-image-preview:large, max-video-preview:-1" />
<link rel="canonical" href="https://stadt-land-niederrhein.de/nl/kultur/evangelische-kirche-kalkar/" />
<meta property="og:locale" content="nl_NL" />
<meta property="og:type" content="article" />
<meta property="og:title" content="Evangelische Kirche Kalkar - Stadt. Land. Niederrhein" />
<meta property="og:description" content="Die Evangelische Kirche in Kalkar blickt auf eine bewegte Geschichte zurück, die bis vor 1577 reicht, als eine kleine reformierte Gemeinde in der Stadt existierte. Anfangs fanden die Gottesdienste im Haus des Predigers statt, bis 1647 die Gasthauskapelle der Katholiken auf Anweisung der brandenburgischen Regierung genutzt werden durfte. Nach Konflikten mit den Katholiken wurde die [&hellip;]" />
<meta property="og:url" content="/" />
<meta property="og:site_name" content="Stadt. Land. Niederrhein" />
<meta name="twitter:card" content="summary_large_image" />
<script type="application/ld+json" class="yoast-schema-graph">{"@context":"https://schema.org","@graph":[{"@type":"WebPage","@id":"https://stadt-land-niederrhein.de/nl/kultur/evangelische-kirche-kalkar/","url":"https://stadt-land-niederrhein.de/nl/kultur/evangelische-kirche-kalkar/","name":"Evangelische Kirche Kalkar - Stadt. Land. Niederrhein","isPartOf":{"@id":"https://stadt-land-niederrhein.de/nl/#website"},"datePublished":"2026-04-30T01:09:31+00:00","dateModified":"2026-04-30T01:09:31+00:00","breadcrumb":{"@id":"https://stadt-land-niederrhein.de/nl/kultur/evangelische-kirche-kalkar/#breadcrumb"},"inLanguage":"nl-NL","potentialAction":[{"@type":"ReadAction","target":["https://stadt-land-niederrhein.de/nl/kultur/evangelische-kirche-kalkar/"]}]},{"@type":"BreadcrumbList","@id":"https://stadt-land-niederrhein.de/nl/kultur/evangelische-kirche-kalkar/#breadcrumb","itemListElement":[{"@type":"ListItem","position":1,"name":"Startpagina","item":"https://stadt-land-niederrhein.de/nl/"},{"@type":"ListItem","position":2,"name":"Cultuur","item":"https://stadt-land-niederrhein.de/nl/kultur/"},{"@type":"ListItem","position":3,"name":"Evangelische Kirche Kalkar"}]},{"@type":"WebSite","@id":"https://stadt-land-niederrhein.de/nl/#website","url":"https://stadt-land-niederrhein.de/nl/","name":"Stadt. Land. Niederrhein","description":"Niederrhein für alle Sinne","publisher":{"@id":"https://stadt-land-niederrhein.de/nl/#organization"},"alternateName":"Niederrhein für alle Sinne","potentialAction":[{"@type":"SearchAction","target":{"@type":"EntryPoint","urlTemplate":"https://stadt-land-niederrhein.de/nl/?s={search_term_string}"},"query-input":"required name=search_term_string"}],"inLanguage":"nl-NL"},{"@type":"Organization","@id":"https://stadt-land-niederrhein.de/nl/#organization","name":"Stadt. Land. Niederrhein","alternateName":"Niederrhein für alle Sinne","url":"https://stadt-land-niederrhein.de/nl/","logo":{"@type":"ImageObject","inLanguage":"nl-NL","@id":"https://stadt-land-niederrhein.de/nl/#/schema/logo/image/","url":"https://stadt-land-niederrhein.de/wp-content/uploads/2022/09/stadt-land-niederrhein_logo_block_400px.png","contentUrl":"https://stadt-land-niederrhein.de/wp-content/uploads/2022/09/stadt-land-niederrhein_logo_block_400px.png","width":400,"height":133,"caption":"Stadt. Land. Niederrhein"},"image":{"@id":"https://stadt-land-niederrhein.de/nl/#/schema/logo/image/"},"sameAs":["https://www.instagram.com/niederrheintourismus_/"]}]}</script>
<!-- / Yoast SEO plugin. -->

Die Evangelische Kirche in Kalkar blickt auf eine bewegte Geschichte zurück, die bis vor 1577 reicht, als eine kleine reformierte Gemeinde in der Stadt existierte. Anfangs fanden die Gottesdienste im Haus des Predigers statt, bis 1647 die Gasthauskapelle der Katholiken auf Anweisung der brandenburgischen Regierung genutzt werden durfte. Nach Konflikten mit den Katholiken wurde die [&hellip;]

Niederrhein für alle Sinne
