{"id":127779,"date":"2026-04-30T03:09:31","date_gmt":"2026-04-30T01:09:31","guid":{"rendered":"https:\/\/stadt-land-niederrhein.de\/kultur\/fatima-kapelle-in-kalkar-appeldorn\/"},"modified":"2026-04-30T03:09:31","modified_gmt":"2026-04-30T01:09:31","slug":"fatima-kapelle-in-kalkar-appeldorn","status":"publish","type":"poi","link":"https:\/\/stadt-land-niederrhein.de\/nl\/kultur\/fatima-kapelle-in-kalkar-appeldorn\/","title":{"rendered":"Fatima-Kapelle in Kalkar-Appeldorn"},"content":{"rendered":"<p>Die Fatima-Kapelle in Kalkar-Appeldorn wurde als Ausdruck des Dankes der Familie Wilmsen f\u00fcr die sichere R\u00fcckkehr ihrer S\u00f6hne aus dem Zweiten Weltkrieg errichtet. Zudem erinnert sie an zwei Soldaten, die dort vor\u00fcbergehend bestattet waren. Die Marienstatue, ein zentrales Element der Kapelle, wurde von Familienmitgliedern aus Fatima in Nordportugal mitgebracht. Zwischen Mai und Oktober finden monatlich am 13. Andachten und Messfeiern statt. Die Kapelle ist tags\u00fcber zug\u00e4nglich und bietet Raum f\u00fcr stilles Gebet und das Entz\u00fcnden von Kerzen.<\/p>\n","protected":false},"excerpt":{"rendered":"<p>Die Fatima-Kapelle in Kalkar-Appeldorn wurde als Ausdruck des Dankes der Familie Wilmsen f\u00fcr die sichere R\u00fcckkehr ihrer S\u00f6hne aus dem Zweiten Weltkrieg errichtet. Zudem erinnert sie an zwei Soldaten, die dort vor\u00fcbergehend bestattet waren. Die Marienstatue, ein zentrales Element der Kapelle, wurde von Familienmitgliedern aus Fatima in Nordportugal mitgebracht. Zwischen Mai und Oktober finden monatlich [&hellip;]<\/p>\n","protected":false},"author":0,"featured_media":0,"template":"","destinations":[242],"class_list":["post-127779","poi","type-poi","status-publish","hentry","destination-kirchen-kloester"],"acf":[],"yoast_head":"<!-- This site is optimized with the Yoast SEO plugin v19.11 - https:\/\/yoast.com\/wordpress\/plugins\/seo\/ -->\n<title>Fatima-Kapelle in Kalkar-Appeldorn - Stadt. Land. Niederrhein<\/title>\n<meta name=\"robots\" content=\"index, follow, max-snippet:-1, max-image-preview:large, max-video-preview:-1\" \/>\n<link rel=\"canonical\" href=\"https:\/\/stadt-land-niederrhein.de\/nl\/kultur\/fatima-kapelle-in-kalkar-appeldorn\/\" \/>\n<meta property=\"og:locale\" content=\"nl_NL\" \/>\n<meta property=\"og:type\" content=\"article\" \/>\n<meta property=\"og:title\" content=\"Fatima-Kapelle in Kalkar-Appeldorn - Stadt. Land. Niederrhein\" \/>\n<meta property=\"og:description\" content=\"Die Fatima-Kapelle in Kalkar-Appeldorn wurde als Ausdruck des Dankes der Familie Wilmsen f\u00fcr die sichere R\u00fcckkehr ihrer S\u00f6hne aus dem Zweiten Weltkrieg errichtet. Zudem erinnert sie an zwei Soldaten, die dort vor\u00fcbergehend bestattet waren. Die Marienstatue, ein zentrales Element der Kapelle, wurde von Familienmitgliedern aus Fatima in Nordportugal mitgebracht. Zwischen Mai und Oktober finden monatlich [&hellip;]\" \/>\n<meta property=\"og:url\" content=\"\/\" \/>\n<meta property=\"og:site_name\" content=\"Stadt. Land. Niederrhein\" \/>\n<meta name=\"twitter:card\" content=\"summary_large_image\" \/>\n<script type=\"application\/ld+json\" class=\"yoast-schema-graph\">{\"@context\":\"https:\/\/schema.org\",\"@graph\":[{\"@type\":\"WebPage\",\"@id\":\"https:\/\/stadt-land-niederrhein.de\/nl\/kultur\/fatima-kapelle-in-kalkar-appeldorn\/\",\"url\":\"https:\/\/stadt-land-niederrhein.de\/nl\/kultur\/fatima-kapelle-in-kalkar-appeldorn\/\",\"name\":\"Fatima-Kapelle in Kalkar-Appeldorn - Stadt. Land. Niederrhein\",\"isPartOf\":{\"@id\":\"https:\/\/stadt-land-niederrhein.de\/nl\/#website\"},\"datePublished\":\"2026-04-30T01:09:31+00:00\",\"dateModified\":\"2026-04-30T01:09:31+00:00\",\"breadcrumb\":{\"@id\":\"https:\/\/stadt-land-niederrhein.de\/nl\/kultur\/fatima-kapelle-in-kalkar-appeldorn\/#breadcrumb\"},\"inLanguage\":\"nl-NL\",\"potentialAction\":[{\"@type\":\"ReadAction\",\"target\":[\"https:\/\/stadt-land-niederrhein.de\/nl\/kultur\/fatima-kapelle-in-kalkar-appeldorn\/\"]}]},{\"@type\":\"BreadcrumbList\",\"@id\":\"https:\/\/stadt-land-niederrhein.de\/nl\/kultur\/fatima-kapelle-in-kalkar-appeldorn\/#breadcrumb\",\"itemListElement\":[{\"@type\":\"ListItem\",\"position\":1,\"name\":\"Startpagina\",\"item\":\"https:\/\/stadt-land-niederrhein.de\/nl\/\"},{\"@type\":\"ListItem\",\"position\":2,\"name\":\"Cultuur\",\"item\":\"https:\/\/stadt-land-niederrhein.de\/nl\/kultur\/\"},{\"@type\":\"ListItem\",\"position\":3,\"name\":\"Fatima-Kapelle in Kalkar-Appeldorn\"}]},{\"@type\":\"WebSite\",\"@id\":\"https:\/\/stadt-land-niederrhein.de\/nl\/#website\",\"url\":\"https:\/\/stadt-land-niederrhein.de\/nl\/\",\"name\":\"Stadt. Land. Niederrhein\",\"description\":\"Niederrhein f\u00fcr alle Sinne\",\"publisher\":{\"@id\":\"https:\/\/stadt-land-niederrhein.de\/nl\/#organization\"},\"alternateName\":\"Niederrhein f\u00fcr alle Sinne\",\"potentialAction\":[{\"@type\":\"SearchAction\",\"target\":{\"@type\":\"EntryPoint\",\"urlTemplate\":\"https:\/\/stadt-land-niederrhein.de\/nl\/?s={search_term_string}\"},\"query-input\":\"required name=search_term_string\"}],\"inLanguage\":\"nl-NL\"},{\"@type\":\"Organization\",\"@id\":\"https:\/\/stadt-land-niederrhein.de\/nl\/#organization\",\"name\":\"Stadt. Land. Niederrhein\",\"alternateName\":\"Niederrhein f\u00fcr alle Sinne\",\"url\":\"https:\/\/stadt-land-niederrhein.de\/nl\/\",\"logo\":{\"@type\":\"ImageObject\",\"inLanguage\":\"nl-NL\",\"@id\":\"https:\/\/stadt-land-niederrhein.de\/nl\/#\/schema\/logo\/image\/\",\"url\":\"https:\/\/stadt-land-niederrhein.de\/wp-content\/uploads\/2022\/09\/stadt-land-niederrhein_logo_block_400px.png\",\"contentUrl\":\"https:\/\/stadt-land-niederrhein.de\/wp-content\/uploads\/2022\/09\/stadt-land-niederrhein_logo_block_400px.png\",\"width\":400,\"height\":133,\"caption\":\"Stadt. Land. Niederrhein\"},\"image\":{\"@id\":\"https:\/\/stadt-land-niederrhein.de\/nl\/#\/schema\/logo\/image\/\"},\"sameAs\":[\"https:\/\/www.instagram.com\/niederrheintourismus_\/\"]}]}<\/script>\n<!-- \/ Yoast SEO plugin. -->","yoast_head_json":{"title":"Fatima-Kapelle in Kalkar-Appeldorn - Stadt. Land. Niederrhein","robots":{"index":"index","follow":"follow","max-snippet":"max-snippet:-1","max-image-preview":"max-image-preview:large","max-video-preview":"max-video-preview:-1"},"canonical":"https:\/\/stadt-land-niederrhein.de\/nl\/kultur\/fatima-kapelle-in-kalkar-appeldorn\/","og_locale":"nl_NL","og_type":"article","og_title":"Fatima-Kapelle in Kalkar-Appeldorn - Stadt. Land. Niederrhein","og_description":"Die Fatima-Kapelle in Kalkar-Appeldorn wurde als Ausdruck des Dankes der Familie Wilmsen f\u00fcr die sichere R\u00fcckkehr ihrer S\u00f6hne aus dem Zweiten Weltkrieg errichtet. Zudem erinnert sie an zwei Soldaten, die dort vor\u00fcbergehend bestattet waren. Die Marienstatue, ein zentrales Element der Kapelle, wurde von Familienmitgliedern aus Fatima in Nordportugal mitgebracht. Zwischen Mai und Oktober finden monatlich [&hellip;]","og_url":"\/","og_site_name":"Stadt. Land. Niederrhein","twitter_card":"summary_large_image","schema":{"@context":"https:\/\/schema.org","@graph":[{"@type":"WebPage","@id":"https:\/\/stadt-land-niederrhein.de\/nl\/kultur\/fatima-kapelle-in-kalkar-appeldorn\/","url":"https:\/\/stadt-land-niederrhein.de\/nl\/kultur\/fatima-kapelle-in-kalkar-appeldorn\/","name":"Fatima-Kapelle in Kalkar-Appeldorn - Stadt. Land. Niederrhein","isPartOf":{"@id":"https:\/\/stadt-land-niederrhein.de\/nl\/#website"},"datePublished":"2026-04-30T01:09:31+00:00","dateModified":"2026-04-30T01:09:31+00:00","breadcrumb":{"@id":"https:\/\/stadt-land-niederrhein.de\/nl\/kultur\/fatima-kapelle-in-kalkar-appeldorn\/#breadcrumb"},"inLanguage":"nl-NL","potentialAction":[{"@type":"ReadAction","target":["https:\/\/stadt-land-niederrhein.de\/nl\/kultur\/fatima-kapelle-in-kalkar-appeldorn\/"]}]},{"@type":"BreadcrumbList","@id":"https:\/\/stadt-land-niederrhein.de\/nl\/kultur\/fatima-kapelle-in-kalkar-appeldorn\/#breadcrumb","itemListElement":[{"@type":"ListItem","position":1,"name":"Startpagina","item":"https:\/\/stadt-land-niederrhein.de\/nl\/"},{"@type":"ListItem","position":2,"name":"Cultuur","item":"https:\/\/stadt-land-niederrhein.de\/nl\/kultur\/"},{"@type":"ListItem","position":3,"name":"Fatima-Kapelle in Kalkar-Appeldorn"}]},{"@type":"WebSite","@id":"https:\/\/stadt-land-niederrhein.de\/nl\/#website","url":"https:\/\/stadt-land-niederrhein.de\/nl\/","name":"Stadt. Land. Niederrhein","description":"Niederrhein f\u00fcr alle Sinne","publisher":{"@id":"https:\/\/stadt-land-niederrhein.de\/nl\/#organization"},"alternateName":"Niederrhein f\u00fcr alle Sinne","potentialAction":[{"@type":"SearchAction","target":{"@type":"EntryPoint","urlTemplate":"https:\/\/stadt-land-niederrhein.de\/nl\/?s={search_term_string}"},"query-input":"required name=search_term_string"}],"inLanguage":"nl-NL"},{"@type":"Organization","@id":"https:\/\/stadt-land-niederrhein.de\/nl\/#organization","name":"Stadt. Land. Niederrhein","alternateName":"Niederrhein f\u00fcr alle Sinne","url":"https:\/\/stadt-land-niederrhein.de\/nl\/","logo":{"@type":"ImageObject","inLanguage":"nl-NL","@id":"https:\/\/stadt-land-niederrhein.de\/nl\/#\/schema\/logo\/image\/","url":"https:\/\/stadt-land-niederrhein.de\/wp-content\/uploads\/2022\/09\/stadt-land-niederrhein_logo_block_400px.png","contentUrl":"https:\/\/stadt-land-niederrhein.de\/wp-content\/uploads\/2022\/09\/stadt-land-niederrhein_logo_block_400px.png","width":400,"height":133,"caption":"Stadt. Land. Niederrhein"},"image":{"@id":"https:\/\/stadt-land-niederrhein.de\/nl\/#\/schema\/logo\/image\/"},"sameAs":["https:\/\/www.instagram.com\/niederrheintourismus_\/"]}]}},"_links":{"self":[{"href":"https:\/\/stadt-land-niederrhein.de\/nl\/wp-json\/wp\/v2\/pois\/127779","targetHints":{"allow":["GET"]}}],"collection":[{"href":"https:\/\/stadt-land-niederrhein.de\/nl\/wp-json\/wp\/v2\/pois"}],"about":[{"href":"https:\/\/stadt-land-niederrhein.de\/nl\/wp-json\/wp\/v2\/types\/poi"}],"version-history":[{"count":1,"href":"https:\/\/stadt-land-niederrhein.de\/nl\/wp-json\/wp\/v2\/pois\/127779\/revisions"}],"predecessor-version":[{"id":128102,"href":"https:\/\/stadt-land-niederrhein.de\/nl\/wp-json\/wp\/v2\/pois\/127779\/revisions\/128102"}],"wp:attachment":[{"href":"https:\/\/stadt-land-niederrhein.de\/nl\/wp-json\/wp\/v2\/media?parent=127779"}],"wp:term":[{"taxonomy":"destination","embeddable":true,"href":"https:\/\/stadt-land-niederrhein.de\/nl\/wp-json\/wp\/v2\/destinations?post=127779"}],"curies":[{"name":"wp","href":"https:\/\/api.w.org\/{rel}","templated":true}]}}

<p>Die Fatima-Kapelle in Kalkar-Appeldorn wurde als Ausdruck des Dankes der Familie Wilmsen für die sichere Rückkehr ihrer Söhne aus dem Zweiten Weltkrieg errichtet. Zudem erinnert sie an zwei Soldaten, die dort vorübergehend bestattet waren. Die Marienstatue, ein zentrales Element der Kapelle, wurde von Familienmitgliedern aus Fatima in Nordportugal mitgebracht. Zwischen Mai und Oktober finden monatlich am 13. Andachten und Messfeiern statt. Die Kapelle ist tagsüber zugänglich und bietet Raum für stilles Gebet und das Entzünden von Kerzen.</p>

<p>Die Fatima-Kapelle in Kalkar-Appeldorn wurde als Ausdruck des Dankes der Familie Wilmsen für die sichere Rückkehr ihrer Söhne aus dem Zweiten Weltkrieg errichtet. Zudem erinnert sie an zwei Soldaten, die dort vorübergehend bestattet waren. Die Marienstatue, ein zentrales Element der Kapelle, wurde von Familienmitgliedern aus Fatima in Nordportugal mitgebracht. Zwischen Mai und Oktober finden monatlich [&hellip;]</p>

<!-- This site is optimized with the Yoast SEO plugin v19.11 - https://yoast.com/wordpress/plugins/seo/ -->
<title>Fatima-Kapelle in Kalkar-Appeldorn - Stadt. Land. Niederrhein</title>
<meta name="robots" content="index, follow, max-snippet:-1, max-image-preview:large, max-video-preview:-1" />
<link rel="canonical" href="https://stadt-land-niederrhein.de/nl/kultur/fatima-kapelle-in-kalkar-appeldorn/" />
<meta property="og:locale" content="nl_NL" />
<meta property="og:type" content="article" />
<meta property="og:title" content="Fatima-Kapelle in Kalkar-Appeldorn - Stadt. Land. Niederrhein" />
<meta property="og:description" content="Die Fatima-Kapelle in Kalkar-Appeldorn wurde als Ausdruck des Dankes der Familie Wilmsen für die sichere Rückkehr ihrer Söhne aus dem Zweiten Weltkrieg errichtet. Zudem erinnert sie an zwei Soldaten, die dort vorübergehend bestattet waren. Die Marienstatue, ein zentrales Element der Kapelle, wurde von Familienmitgliedern aus Fatima in Nordportugal mitgebracht. Zwischen Mai und Oktober finden monatlich [&hellip;]" />
<meta property="og:url" content="/" />
<meta property="og:site_name" content="Stadt. Land. Niederrhein" />
<meta name="twitter:card" content="summary_large_image" />
<script type="application/ld+json" class="yoast-schema-graph">{"@context":"https://schema.org","@graph":[{"@type":"WebPage","@id":"https://stadt-land-niederrhein.de/nl/kultur/fatima-kapelle-in-kalkar-appeldorn/","url":"https://stadt-land-niederrhein.de/nl/kultur/fatima-kapelle-in-kalkar-appeldorn/","name":"Fatima-Kapelle in Kalkar-Appeldorn - Stadt. Land. Niederrhein","isPartOf":{"@id":"https://stadt-land-niederrhein.de/nl/#website"},"datePublished":"2026-04-30T01:09:31+00:00","dateModified":"2026-04-30T01:09:31+00:00","breadcrumb":{"@id":"https://stadt-land-niederrhein.de/nl/kultur/fatima-kapelle-in-kalkar-appeldorn/#breadcrumb"},"inLanguage":"nl-NL","potentialAction":[{"@type":"ReadAction","target":["https://stadt-land-niederrhein.de/nl/kultur/fatima-kapelle-in-kalkar-appeldorn/"]}]},{"@type":"BreadcrumbList","@id":"https://stadt-land-niederrhein.de/nl/kultur/fatima-kapelle-in-kalkar-appeldorn/#breadcrumb","itemListElement":[{"@type":"ListItem","position":1,"name":"Startpagina","item":"https://stadt-land-niederrhein.de/nl/"},{"@type":"ListItem","position":2,"name":"Cultuur","item":"https://stadt-land-niederrhein.de/nl/kultur/"},{"@type":"ListItem","position":3,"name":"Fatima-Kapelle in Kalkar-Appeldorn"}]},{"@type":"WebSite","@id":"https://stadt-land-niederrhein.de/nl/#website","url":"https://stadt-land-niederrhein.de/nl/","name":"Stadt. Land. Niederrhein","description":"Niederrhein für alle Sinne","publisher":{"@id":"https://stadt-land-niederrhein.de/nl/#organization"},"alternateName":"Niederrhein für alle Sinne","potentialAction":[{"@type":"SearchAction","target":{"@type":"EntryPoint","urlTemplate":"https://stadt-land-niederrhein.de/nl/?s={search_term_string}"},"query-input":"required name=search_term_string"}],"inLanguage":"nl-NL"},{"@type":"Organization","@id":"https://stadt-land-niederrhein.de/nl/#organization","name":"Stadt. Land. Niederrhein","alternateName":"Niederrhein für alle Sinne","url":"https://stadt-land-niederrhein.de/nl/","logo":{"@type":"ImageObject","inLanguage":"nl-NL","@id":"https://stadt-land-niederrhein.de/nl/#/schema/logo/image/","url":"https://stadt-land-niederrhein.de/wp-content/uploads/2022/09/stadt-land-niederrhein_logo_block_400px.png","contentUrl":"https://stadt-land-niederrhein.de/wp-content/uploads/2022/09/stadt-land-niederrhein_logo_block_400px.png","width":400,"height":133,"caption":"Stadt. Land. Niederrhein"},"image":{"@id":"https://stadt-land-niederrhein.de/nl/#/schema/logo/image/"},"sameAs":["https://www.instagram.com/niederrheintourismus_/"]}]}</script>
<!-- / Yoast SEO plugin. -->

Die Fatima-Kapelle in Kalkar-Appeldorn wurde als Ausdruck des Dankes der Familie Wilmsen für die sichere Rückkehr ihrer Söhne aus dem Zweiten Weltkrieg errichtet. Zudem erinnert sie an zwei Soldaten, die dort vorübergehend bestattet waren. Die Marienstatue, ein zentrales Element der Kapelle, wurde von Familienmitgliedern aus Fatima in Nordportugal mitgebracht. Zwischen Mai und Oktober finden monatlich [&hellip;]

Niederrhein für alle Sinne
