{"id":115233,"date":"2026-04-30T02:58:35","date_gmt":"2026-04-30T00:58:35","guid":{"rendered":"https:\/\/stadt-land-niederrhein.de\/kulinarik\/markt-cafe\/"},"modified":"2026-04-30T02:58:35","modified_gmt":"2026-04-30T00:58:35","slug":"markt-cafe","status":"publish","type":"restaurant","link":"https:\/\/stadt-land-niederrhein.de\/nl\/kulinarik\/markt-cafe\/","title":{"rendered":"Markt-Caf\u00e9"},"content":{"rendered":"<p>Das Markt-Caf\u00e9 in Krefeld bietet eine einladende Atmosph\u00e4re f\u00fcr Kaffeeliebhaber:innen und Kuchenfans. Die Speisekarte umfasst eine Auswahl an hausgemachten Torten und Geb\u00e4ck, die mit viel Liebe zum Detail zubereitet werden. Das Caf\u00e9 liegt zentral am Marktplatz und ist ein idealer Ort f\u00fcr eine entspannte Pause.<\/p>\n","protected":false},"excerpt":{"rendered":"<p>Das Markt-Caf\u00e9 in Krefeld bietet eine einladende Atmosph\u00e4re f\u00fcr Kaffeeliebhaber:innen und Kuchenfans. Die Speisekarte umfasst eine Auswahl an hausgemachten Torten und Geb\u00e4ck, die mit viel Liebe zum Detail zubereitet werden. Das Caf\u00e9 liegt zentral am Marktplatz und ist ein idealer Ort f\u00fcr eine entspannte Pause.<\/p>\n","protected":false},"author":0,"featured_media":0,"template":"","cuisines":[],"features":[],"kitchen_offers":[],"operating_modes":[90],"class_list":["post-115233","restaurant","type-restaurant","status-publish","hentry","operating_mode-cafe"],"acf":[],"yoast_head":"<!-- This site is optimized with the Yoast SEO plugin v19.11 - https:\/\/yoast.com\/wordpress\/plugins\/seo\/ -->\n<title>Markt-Caf\u00e9 - Stadt. Land. Niederrhein<\/title>\n<meta name=\"robots\" content=\"index, follow, max-snippet:-1, max-image-preview:large, max-video-preview:-1\" \/>\n<link rel=\"canonical\" href=\"https:\/\/stadt-land-niederrhein.de\/nl\/kulinarik\/markt-cafe\/\" \/>\n<meta property=\"og:locale\" content=\"nl_NL\" \/>\n<meta property=\"og:type\" content=\"article\" \/>\n<meta property=\"og:title\" content=\"Markt-Caf\u00e9 - Stadt. Land. Niederrhein\" \/>\n<meta property=\"og:description\" content=\"Das Markt-Caf\u00e9 in Krefeld bietet eine einladende Atmosph\u00e4re f\u00fcr Kaffeeliebhaber:innen und Kuchenfans. Die Speisekarte umfasst eine Auswahl an hausgemachten Torten und Geb\u00e4ck, die mit viel Liebe zum Detail zubereitet werden. Das Caf\u00e9 liegt zentral am Marktplatz und ist ein idealer Ort f\u00fcr eine entspannte Pause.\" \/>\n<meta property=\"og:url\" content=\"\/\" \/>\n<meta property=\"og:site_name\" content=\"Stadt. Land. Niederrhein\" \/>\n<meta name=\"twitter:card\" content=\"summary_large_image\" \/>\n<script type=\"application\/ld+json\" class=\"yoast-schema-graph\">{\"@context\":\"https:\/\/schema.org\",\"@graph\":[{\"@type\":\"WebPage\",\"@id\":\"https:\/\/stadt-land-niederrhein.de\/nl\/kulinarik\/markt-cafe\/\",\"url\":\"https:\/\/stadt-land-niederrhein.de\/nl\/kulinarik\/markt-cafe\/\",\"name\":\"Markt-Caf\u00e9 - Stadt. Land. Niederrhein\",\"isPartOf\":{\"@id\":\"https:\/\/stadt-land-niederrhein.de\/nl\/#website\"},\"datePublished\":\"2026-04-30T00:58:35+00:00\",\"dateModified\":\"2026-04-30T00:58:35+00:00\",\"breadcrumb\":{\"@id\":\"https:\/\/stadt-land-niederrhein.de\/nl\/kulinarik\/markt-cafe\/#breadcrumb\"},\"inLanguage\":\"nl-NL\",\"potentialAction\":[{\"@type\":\"ReadAction\",\"target\":[\"https:\/\/stadt-land-niederrhein.de\/nl\/kulinarik\/markt-cafe\/\"]}]},{\"@type\":\"BreadcrumbList\",\"@id\":\"https:\/\/stadt-land-niederrhein.de\/nl\/kulinarik\/markt-cafe\/#breadcrumb\",\"itemListElement\":[{\"@type\":\"ListItem\",\"position\":1,\"name\":\"Startpagina\",\"item\":\"https:\/\/stadt-land-niederrhein.de\/nl\/\"},{\"@type\":\"ListItem\",\"position\":2,\"name\":\"Culinair\",\"item\":\"https:\/\/stadt-land-niederrhein.de\/nl\/culinair\/\"},{\"@type\":\"ListItem\",\"position\":3,\"name\":\"Markt-Caf\u00e9\"}]},{\"@type\":\"WebSite\",\"@id\":\"https:\/\/stadt-land-niederrhein.de\/nl\/#website\",\"url\":\"https:\/\/stadt-land-niederrhein.de\/nl\/\",\"name\":\"Stadt. Land. Niederrhein\",\"description\":\"Niederrhein f\u00fcr alle Sinne\",\"publisher\":{\"@id\":\"https:\/\/stadt-land-niederrhein.de\/nl\/#organization\"},\"alternateName\":\"Niederrhein f\u00fcr alle Sinne\",\"potentialAction\":[{\"@type\":\"SearchAction\",\"target\":{\"@type\":\"EntryPoint\",\"urlTemplate\":\"https:\/\/stadt-land-niederrhein.de\/nl\/?s={search_term_string}\"},\"query-input\":\"required name=search_term_string\"}],\"inLanguage\":\"nl-NL\"},{\"@type\":\"Organization\",\"@id\":\"https:\/\/stadt-land-niederrhein.de\/nl\/#organization\",\"name\":\"Stadt. Land. Niederrhein\",\"alternateName\":\"Niederrhein f\u00fcr alle Sinne\",\"url\":\"https:\/\/stadt-land-niederrhein.de\/nl\/\",\"logo\":{\"@type\":\"ImageObject\",\"inLanguage\":\"nl-NL\",\"@id\":\"https:\/\/stadt-land-niederrhein.de\/nl\/#\/schema\/logo\/image\/\",\"url\":\"https:\/\/stadt-land-niederrhein.de\/wp-content\/uploads\/2022\/09\/stadt-land-niederrhein_logo_block_400px.png\",\"contentUrl\":\"https:\/\/stadt-land-niederrhein.de\/wp-content\/uploads\/2022\/09\/stadt-land-niederrhein_logo_block_400px.png\",\"width\":400,\"height\":133,\"caption\":\"Stadt. Land. Niederrhein\"},\"image\":{\"@id\":\"https:\/\/stadt-land-niederrhein.de\/nl\/#\/schema\/logo\/image\/\"},\"sameAs\":[\"https:\/\/www.instagram.com\/niederrheintourismus_\/\"]}]}<\/script>\n<!-- \/ Yoast SEO plugin. -->","yoast_head_json":{"title":"Markt-Caf\u00e9 - Stadt. Land. Niederrhein","robots":{"index":"index","follow":"follow","max-snippet":"max-snippet:-1","max-image-preview":"max-image-preview:large","max-video-preview":"max-video-preview:-1"},"canonical":"https:\/\/stadt-land-niederrhein.de\/nl\/kulinarik\/markt-cafe\/","og_locale":"nl_NL","og_type":"article","og_title":"Markt-Caf\u00e9 - Stadt. Land. Niederrhein","og_description":"Das Markt-Caf\u00e9 in Krefeld bietet eine einladende Atmosph\u00e4re f\u00fcr Kaffeeliebhaber:innen und Kuchenfans. Die Speisekarte umfasst eine Auswahl an hausgemachten Torten und Geb\u00e4ck, die mit viel Liebe zum Detail zubereitet werden. Das Caf\u00e9 liegt zentral am Marktplatz und ist ein idealer Ort f\u00fcr eine entspannte Pause.","og_url":"\/","og_site_name":"Stadt. Land. Niederrhein","twitter_card":"summary_large_image","schema":{"@context":"https:\/\/schema.org","@graph":[{"@type":"WebPage","@id":"https:\/\/stadt-land-niederrhein.de\/nl\/kulinarik\/markt-cafe\/","url":"https:\/\/stadt-land-niederrhein.de\/nl\/kulinarik\/markt-cafe\/","name":"Markt-Caf\u00e9 - Stadt. Land. Niederrhein","isPartOf":{"@id":"https:\/\/stadt-land-niederrhein.de\/nl\/#website"},"datePublished":"2026-04-30T00:58:35+00:00","dateModified":"2026-04-30T00:58:35+00:00","breadcrumb":{"@id":"https:\/\/stadt-land-niederrhein.de\/nl\/kulinarik\/markt-cafe\/#breadcrumb"},"inLanguage":"nl-NL","potentialAction":[{"@type":"ReadAction","target":["https:\/\/stadt-land-niederrhein.de\/nl\/kulinarik\/markt-cafe\/"]}]},{"@type":"BreadcrumbList","@id":"https:\/\/stadt-land-niederrhein.de\/nl\/kulinarik\/markt-cafe\/#breadcrumb","itemListElement":[{"@type":"ListItem","position":1,"name":"Startpagina","item":"https:\/\/stadt-land-niederrhein.de\/nl\/"},{"@type":"ListItem","position":2,"name":"Culinair","item":"https:\/\/stadt-land-niederrhein.de\/nl\/culinair\/"},{"@type":"ListItem","position":3,"name":"Markt-Caf\u00e9"}]},{"@type":"WebSite","@id":"https:\/\/stadt-land-niederrhein.de\/nl\/#website","url":"https:\/\/stadt-land-niederrhein.de\/nl\/","name":"Stadt. Land. Niederrhein","description":"Niederrhein f\u00fcr alle Sinne","publisher":{"@id":"https:\/\/stadt-land-niederrhein.de\/nl\/#organization"},"alternateName":"Niederrhein f\u00fcr alle Sinne","potentialAction":[{"@type":"SearchAction","target":{"@type":"EntryPoint","urlTemplate":"https:\/\/stadt-land-niederrhein.de\/nl\/?s={search_term_string}"},"query-input":"required name=search_term_string"}],"inLanguage":"nl-NL"},{"@type":"Organization","@id":"https:\/\/stadt-land-niederrhein.de\/nl\/#organization","name":"Stadt. Land. Niederrhein","alternateName":"Niederrhein f\u00fcr alle Sinne","url":"https:\/\/stadt-land-niederrhein.de\/nl\/","logo":{"@type":"ImageObject","inLanguage":"nl-NL","@id":"https:\/\/stadt-land-niederrhein.de\/nl\/#\/schema\/logo\/image\/","url":"https:\/\/stadt-land-niederrhein.de\/wp-content\/uploads\/2022\/09\/stadt-land-niederrhein_logo_block_400px.png","contentUrl":"https:\/\/stadt-land-niederrhein.de\/wp-content\/uploads\/2022\/09\/stadt-land-niederrhein_logo_block_400px.png","width":400,"height":133,"caption":"Stadt. Land. Niederrhein"},"image":{"@id":"https:\/\/stadt-land-niederrhein.de\/nl\/#\/schema\/logo\/image\/"},"sameAs":["https:\/\/www.instagram.com\/niederrheintourismus_\/"]}]}},"_links":{"self":[{"href":"https:\/\/stadt-land-niederrhein.de\/nl\/wp-json\/wp\/v2\/restaurants\/115233","targetHints":{"allow":["GET"]}}],"collection":[{"href":"https:\/\/stadt-land-niederrhein.de\/nl\/wp-json\/wp\/v2\/restaurants"}],"about":[{"href":"https:\/\/stadt-land-niederrhein.de\/nl\/wp-json\/wp\/v2\/types\/restaurant"}],"version-history":[{"count":2,"href":"https:\/\/stadt-land-niederrhein.de\/nl\/wp-json\/wp\/v2\/restaurants\/115233\/revisions"}],"predecessor-version":[{"id":122408,"href":"https:\/\/stadt-land-niederrhein.de\/nl\/wp-json\/wp\/v2\/restaurants\/115233\/revisions\/122408"}],"wp:attachment":[{"href":"https:\/\/stadt-land-niederrhein.de\/nl\/wp-json\/wp\/v2\/media?parent=115233"}],"wp:term":[{"taxonomy":"cuisine","embeddable":true,"href":"https:\/\/stadt-land-niederrhein.de\/nl\/wp-json\/wp\/v2\/cuisines?post=115233"},{"taxonomy":"feature","embeddable":true,"href":"https:\/\/stadt-land-niederrhein.de\/nl\/wp-json\/wp\/v2\/features?post=115233"},{"taxonomy":"kitchen_offer","embeddable":true,"href":"https:\/\/stadt-land-niederrhein.de\/nl\/wp-json\/wp\/v2\/kitchen_offers?post=115233"},{"taxonomy":"operating_mode","embeddable":true,"href":"https:\/\/stadt-land-niederrhein.de\/nl\/wp-json\/wp\/v2\/operating_modes?post=115233"}],"curies":[{"name":"wp","href":"https:\/\/api.w.org\/{rel}","templated":true}]}}

Markt-Café

<p>Das Markt-Café in Krefeld bietet eine einladende Atmosphäre für Kaffeeliebhaber:innen und Kuchenfans. Die Speisekarte umfasst eine Auswahl an hausgemachten Torten und Gebäck, die mit viel Liebe zum Detail zubereitet werden. Das Café liegt zentral am Marktplatz und ist ein idealer Ort für eine entspannte Pause.</p>

<!-- This site is optimized with the Yoast SEO plugin v19.11 - https://yoast.com/wordpress/plugins/seo/ -->
<title>Markt-Café - Stadt. Land. Niederrhein</title>
<meta name="robots" content="index, follow, max-snippet:-1, max-image-preview:large, max-video-preview:-1" />
<link rel="canonical" href="https://stadt-land-niederrhein.de/nl/kulinarik/markt-cafe/" />
<meta property="og:locale" content="nl_NL" />
<meta property="og:type" content="article" />
<meta property="og:title" content="Markt-Café - Stadt. Land. Niederrhein" />
<meta property="og:description" content="Das Markt-Café in Krefeld bietet eine einladende Atmosphäre für Kaffeeliebhaber:innen und Kuchenfans. Die Speisekarte umfasst eine Auswahl an hausgemachten Torten und Gebäck, die mit viel Liebe zum Detail zubereitet werden. Das Café liegt zentral am Marktplatz und ist ein idealer Ort für eine entspannte Pause." />
<meta property="og:url" content="/" />
<meta property="og:site_name" content="Stadt. Land. Niederrhein" />
<meta name="twitter:card" content="summary_large_image" />
<script type="application/ld+json" class="yoast-schema-graph">{"@context":"https://schema.org","@graph":[{"@type":"WebPage","@id":"https://stadt-land-niederrhein.de/nl/kulinarik/markt-cafe/","url":"https://stadt-land-niederrhein.de/nl/kulinarik/markt-cafe/","name":"Markt-Café - Stadt. Land. Niederrhein","isPartOf":{"@id":"https://stadt-land-niederrhein.de/nl/#website"},"datePublished":"2026-04-30T00:58:35+00:00","dateModified":"2026-04-30T00:58:35+00:00","breadcrumb":{"@id":"https://stadt-land-niederrhein.de/nl/kulinarik/markt-cafe/#breadcrumb"},"inLanguage":"nl-NL","potentialAction":[{"@type":"ReadAction","target":["https://stadt-land-niederrhein.de/nl/kulinarik/markt-cafe/"]}]},{"@type":"BreadcrumbList","@id":"https://stadt-land-niederrhein.de/nl/kulinarik/markt-cafe/#breadcrumb","itemListElement":[{"@type":"ListItem","position":1,"name":"Startpagina","item":"https://stadt-land-niederrhein.de/nl/"},{"@type":"ListItem","position":2,"name":"Culinair","item":"https://stadt-land-niederrhein.de/nl/culinair/"},{"@type":"ListItem","position":3,"name":"Markt-Café"}]},{"@type":"WebSite","@id":"https://stadt-land-niederrhein.de/nl/#website","url":"https://stadt-land-niederrhein.de/nl/","name":"Stadt. Land. Niederrhein","description":"Niederrhein für alle Sinne","publisher":{"@id":"https://stadt-land-niederrhein.de/nl/#organization"},"alternateName":"Niederrhein für alle Sinne","potentialAction":[{"@type":"SearchAction","target":{"@type":"EntryPoint","urlTemplate":"https://stadt-land-niederrhein.de/nl/?s={search_term_string}"},"query-input":"required name=search_term_string"}],"inLanguage":"nl-NL"},{"@type":"Organization","@id":"https://stadt-land-niederrhein.de/nl/#organization","name":"Stadt. Land. Niederrhein","alternateName":"Niederrhein für alle Sinne","url":"https://stadt-land-niederrhein.de/nl/","logo":{"@type":"ImageObject","inLanguage":"nl-NL","@id":"https://stadt-land-niederrhein.de/nl/#/schema/logo/image/","url":"https://stadt-land-niederrhein.de/wp-content/uploads/2022/09/stadt-land-niederrhein_logo_block_400px.png","contentUrl":"https://stadt-land-niederrhein.de/wp-content/uploads/2022/09/stadt-land-niederrhein_logo_block_400px.png","width":400,"height":133,"caption":"Stadt. Land. Niederrhein"},"image":{"@id":"https://stadt-land-niederrhein.de/nl/#/schema/logo/image/"},"sameAs":["https://www.instagram.com/niederrheintourismus_/"]}]}</script>
<!-- / Yoast SEO plugin. -->

Markt-Café - Stadt. Land. Niederrhein

Das Markt-Café in Krefeld bietet eine einladende Atmosphäre für Kaffeeliebhaber:innen und Kuchenfans. Die Speisekarte umfasst eine Auswahl an hausgemachten Torten und Gebäck, die mit viel Liebe zum Detail zubereitet werden. Das Café liegt zentral am Marktplatz und ist ein idealer Ort für eine entspannte Pause.

Niederrhein für alle Sinne
