{"id":119888,"date":"2026-04-30T02:35:40","date_gmt":"2026-04-30T00:35:40","guid":{"rendered":"https:\/\/stadt-land-niederrhein.de\/kulinarik\/eiscafe-mein-fabris\/"},"modified":"2026-04-30T02:35:40","modified_gmt":"2026-04-30T00:35:40","slug":"eiscafe-mein-fabris","status":"publish","type":"restaurant","link":"https:\/\/stadt-land-niederrhein.de\/nl\/kulinarik\/eiscafe-mein-fabris\/","title":{"rendered":"Eiscaf\u00e9 mein fabris"},"content":{"rendered":"<p>Das Eiscaf\u00e9 mein fabris in Krefeld bietet eine internationale Auswahl an Eisspezialit\u00e4ten. Die Eisdiele ist bekannt f\u00fcr ihre kreativen Sorten, die mit hochwertigen Zutaten zubereitet werden. Die zentrale Lage macht es zu einem beliebten Ziel f\u00fcr Eisliebhaber:innen, die Vielfalt und Qualit\u00e4t sch\u00e4tzen.<\/p>\n","protected":false},"excerpt":{"rendered":"<p>Das Eiscaf\u00e9 mein fabris in Krefeld bietet eine internationale Auswahl an Eisspezialit\u00e4ten. Die Eisdiele ist bekannt f\u00fcr ihre kreativen Sorten, die mit hochwertigen Zutaten zubereitet werden. Die zentrale Lage macht es zu einem beliebten Ziel f\u00fcr Eisliebhaber:innen, die Vielfalt und Qualit\u00e4t sch\u00e4tzen.<\/p>\n","protected":false},"author":0,"featured_media":0,"template":"","cuisines":[66],"features":[],"kitchen_offers":[],"operating_modes":[90],"class_list":["post-119888","restaurant","type-restaurant","status-publish","hentry","cuisine-international","operating_mode-cafe"],"acf":[],"yoast_head":"<!-- This site is optimized with the Yoast SEO plugin v19.11 - https:\/\/yoast.com\/wordpress\/plugins\/seo\/ -->\n<title>Eiscaf\u00e9 mein fabris - Stadt. Land. Niederrhein<\/title>\n<meta name=\"robots\" content=\"index, follow, max-snippet:-1, max-image-preview:large, max-video-preview:-1\" \/>\n<link rel=\"canonical\" href=\"https:\/\/stadt-land-niederrhein.de\/nl\/kulinarik\/eiscafe-mein-fabris\/\" \/>\n<meta property=\"og:locale\" content=\"nl_NL\" \/>\n<meta property=\"og:type\" content=\"article\" \/>\n<meta property=\"og:title\" content=\"Eiscaf\u00e9 mein fabris - Stadt. Land. Niederrhein\" \/>\n<meta property=\"og:description\" content=\"Das Eiscaf\u00e9 mein fabris in Krefeld bietet eine internationale Auswahl an Eisspezialit\u00e4ten. Die Eisdiele ist bekannt f\u00fcr ihre kreativen Sorten, die mit hochwertigen Zutaten zubereitet werden. Die zentrale Lage macht es zu einem beliebten Ziel f\u00fcr Eisliebhaber:innen, die Vielfalt und Qualit\u00e4t sch\u00e4tzen.\" \/>\n<meta property=\"og:url\" content=\"\/\" \/>\n<meta property=\"og:site_name\" content=\"Stadt. Land. Niederrhein\" \/>\n<meta name=\"twitter:card\" content=\"summary_large_image\" \/>\n<script type=\"application\/ld+json\" class=\"yoast-schema-graph\">{\"@context\":\"https:\/\/schema.org\",\"@graph\":[{\"@type\":\"WebPage\",\"@id\":\"https:\/\/stadt-land-niederrhein.de\/nl\/kulinarik\/eiscafe-mein-fabris\/\",\"url\":\"https:\/\/stadt-land-niederrhein.de\/nl\/kulinarik\/eiscafe-mein-fabris\/\",\"name\":\"Eiscaf\u00e9 mein fabris - Stadt. Land. Niederrhein\",\"isPartOf\":{\"@id\":\"https:\/\/stadt-land-niederrhein.de\/nl\/#website\"},\"datePublished\":\"2026-04-30T00:35:40+00:00\",\"dateModified\":\"2026-04-30T00:35:40+00:00\",\"breadcrumb\":{\"@id\":\"https:\/\/stadt-land-niederrhein.de\/nl\/kulinarik\/eiscafe-mein-fabris\/#breadcrumb\"},\"inLanguage\":\"nl-NL\",\"potentialAction\":[{\"@type\":\"ReadAction\",\"target\":[\"https:\/\/stadt-land-niederrhein.de\/nl\/kulinarik\/eiscafe-mein-fabris\/\"]}]},{\"@type\":\"BreadcrumbList\",\"@id\":\"https:\/\/stadt-land-niederrhein.de\/nl\/kulinarik\/eiscafe-mein-fabris\/#breadcrumb\",\"itemListElement\":[{\"@type\":\"ListItem\",\"position\":1,\"name\":\"Startpagina\",\"item\":\"https:\/\/stadt-land-niederrhein.de\/nl\/\"},{\"@type\":\"ListItem\",\"position\":2,\"name\":\"Culinair\",\"item\":\"https:\/\/stadt-land-niederrhein.de\/nl\/culinair\/\"},{\"@type\":\"ListItem\",\"position\":3,\"name\":\"Eiscaf\u00e9 mein fabris\"}]},{\"@type\":\"WebSite\",\"@id\":\"https:\/\/stadt-land-niederrhein.de\/nl\/#website\",\"url\":\"https:\/\/stadt-land-niederrhein.de\/nl\/\",\"name\":\"Stadt. Land. Niederrhein\",\"description\":\"Niederrhein f\u00fcr alle Sinne\",\"publisher\":{\"@id\":\"https:\/\/stadt-land-niederrhein.de\/nl\/#organization\"},\"alternateName\":\"Niederrhein f\u00fcr alle Sinne\",\"potentialAction\":[{\"@type\":\"SearchAction\",\"target\":{\"@type\":\"EntryPoint\",\"urlTemplate\":\"https:\/\/stadt-land-niederrhein.de\/nl\/?s={search_term_string}\"},\"query-input\":\"required name=search_term_string\"}],\"inLanguage\":\"nl-NL\"},{\"@type\":\"Organization\",\"@id\":\"https:\/\/stadt-land-niederrhein.de\/nl\/#organization\",\"name\":\"Stadt. Land. Niederrhein\",\"alternateName\":\"Niederrhein f\u00fcr alle Sinne\",\"url\":\"https:\/\/stadt-land-niederrhein.de\/nl\/\",\"logo\":{\"@type\":\"ImageObject\",\"inLanguage\":\"nl-NL\",\"@id\":\"https:\/\/stadt-land-niederrhein.de\/nl\/#\/schema\/logo\/image\/\",\"url\":\"https:\/\/stadt-land-niederrhein.de\/wp-content\/uploads\/2022\/09\/stadt-land-niederrhein_logo_block_400px.png\",\"contentUrl\":\"https:\/\/stadt-land-niederrhein.de\/wp-content\/uploads\/2022\/09\/stadt-land-niederrhein_logo_block_400px.png\",\"width\":400,\"height\":133,\"caption\":\"Stadt. Land. Niederrhein\"},\"image\":{\"@id\":\"https:\/\/stadt-land-niederrhein.de\/nl\/#\/schema\/logo\/image\/\"},\"sameAs\":[\"https:\/\/www.instagram.com\/niederrheintourismus_\/\"]}]}<\/script>\n<!-- \/ Yoast SEO plugin. -->","yoast_head_json":{"title":"Eiscaf\u00e9 mein fabris - Stadt. Land. Niederrhein","robots":{"index":"index","follow":"follow","max-snippet":"max-snippet:-1","max-image-preview":"max-image-preview:large","max-video-preview":"max-video-preview:-1"},"canonical":"https:\/\/stadt-land-niederrhein.de\/nl\/kulinarik\/eiscafe-mein-fabris\/","og_locale":"nl_NL","og_type":"article","og_title":"Eiscaf\u00e9 mein fabris - Stadt. Land. Niederrhein","og_description":"Das Eiscaf\u00e9 mein fabris in Krefeld bietet eine internationale Auswahl an Eisspezialit\u00e4ten. Die Eisdiele ist bekannt f\u00fcr ihre kreativen Sorten, die mit hochwertigen Zutaten zubereitet werden. Die zentrale Lage macht es zu einem beliebten Ziel f\u00fcr Eisliebhaber:innen, die Vielfalt und Qualit\u00e4t sch\u00e4tzen.","og_url":"\/","og_site_name":"Stadt. Land. Niederrhein","twitter_card":"summary_large_image","schema":{"@context":"https:\/\/schema.org","@graph":[{"@type":"WebPage","@id":"https:\/\/stadt-land-niederrhein.de\/nl\/kulinarik\/eiscafe-mein-fabris\/","url":"https:\/\/stadt-land-niederrhein.de\/nl\/kulinarik\/eiscafe-mein-fabris\/","name":"Eiscaf\u00e9 mein fabris - Stadt. Land. Niederrhein","isPartOf":{"@id":"https:\/\/stadt-land-niederrhein.de\/nl\/#website"},"datePublished":"2026-04-30T00:35:40+00:00","dateModified":"2026-04-30T00:35:40+00:00","breadcrumb":{"@id":"https:\/\/stadt-land-niederrhein.de\/nl\/kulinarik\/eiscafe-mein-fabris\/#breadcrumb"},"inLanguage":"nl-NL","potentialAction":[{"@type":"ReadAction","target":["https:\/\/stadt-land-niederrhein.de\/nl\/kulinarik\/eiscafe-mein-fabris\/"]}]},{"@type":"BreadcrumbList","@id":"https:\/\/stadt-land-niederrhein.de\/nl\/kulinarik\/eiscafe-mein-fabris\/#breadcrumb","itemListElement":[{"@type":"ListItem","position":1,"name":"Startpagina","item":"https:\/\/stadt-land-niederrhein.de\/nl\/"},{"@type":"ListItem","position":2,"name":"Culinair","item":"https:\/\/stadt-land-niederrhein.de\/nl\/culinair\/"},{"@type":"ListItem","position":3,"name":"Eiscaf\u00e9 mein fabris"}]},{"@type":"WebSite","@id":"https:\/\/stadt-land-niederrhein.de\/nl\/#website","url":"https:\/\/stadt-land-niederrhein.de\/nl\/","name":"Stadt. Land. Niederrhein","description":"Niederrhein f\u00fcr alle Sinne","publisher":{"@id":"https:\/\/stadt-land-niederrhein.de\/nl\/#organization"},"alternateName":"Niederrhein f\u00fcr alle Sinne","potentialAction":[{"@type":"SearchAction","target":{"@type":"EntryPoint","urlTemplate":"https:\/\/stadt-land-niederrhein.de\/nl\/?s={search_term_string}"},"query-input":"required name=search_term_string"}],"inLanguage":"nl-NL"},{"@type":"Organization","@id":"https:\/\/stadt-land-niederrhein.de\/nl\/#organization","name":"Stadt. Land. Niederrhein","alternateName":"Niederrhein f\u00fcr alle Sinne","url":"https:\/\/stadt-land-niederrhein.de\/nl\/","logo":{"@type":"ImageObject","inLanguage":"nl-NL","@id":"https:\/\/stadt-land-niederrhein.de\/nl\/#\/schema\/logo\/image\/","url":"https:\/\/stadt-land-niederrhein.de\/wp-content\/uploads\/2022\/09\/stadt-land-niederrhein_logo_block_400px.png","contentUrl":"https:\/\/stadt-land-niederrhein.de\/wp-content\/uploads\/2022\/09\/stadt-land-niederrhein_logo_block_400px.png","width":400,"height":133,"caption":"Stadt. Land. Niederrhein"},"image":{"@id":"https:\/\/stadt-land-niederrhein.de\/nl\/#\/schema\/logo\/image\/"},"sameAs":["https:\/\/www.instagram.com\/niederrheintourismus_\/"]}]}},"_links":{"self":[{"href":"https:\/\/stadt-land-niederrhein.de\/nl\/wp-json\/wp\/v2\/restaurants\/119888","targetHints":{"allow":["GET"]}}],"collection":[{"href":"https:\/\/stadt-land-niederrhein.de\/nl\/wp-json\/wp\/v2\/restaurants"}],"about":[{"href":"https:\/\/stadt-land-niederrhein.de\/nl\/wp-json\/wp\/v2\/types\/restaurant"}],"version-history":[{"count":2,"href":"https:\/\/stadt-land-niederrhein.de\/nl\/wp-json\/wp\/v2\/restaurants\/119888\/revisions"}],"predecessor-version":[{"id":121923,"href":"https:\/\/stadt-land-niederrhein.de\/nl\/wp-json\/wp\/v2\/restaurants\/119888\/revisions\/121923"}],"wp:attachment":[{"href":"https:\/\/stadt-land-niederrhein.de\/nl\/wp-json\/wp\/v2\/media?parent=119888"}],"wp:term":[{"taxonomy":"cuisine","embeddable":true,"href":"https:\/\/stadt-land-niederrhein.de\/nl\/wp-json\/wp\/v2\/cuisines?post=119888"},{"taxonomy":"feature","embeddable":true,"href":"https:\/\/stadt-land-niederrhein.de\/nl\/wp-json\/wp\/v2\/features?post=119888"},{"taxonomy":"kitchen_offer","embeddable":true,"href":"https:\/\/stadt-land-niederrhein.de\/nl\/wp-json\/wp\/v2\/kitchen_offers?post=119888"},{"taxonomy":"operating_mode","embeddable":true,"href":"https:\/\/stadt-land-niederrhein.de\/nl\/wp-json\/wp\/v2\/operating_modes?post=119888"}],"curies":[{"name":"wp","href":"https:\/\/api.w.org\/{rel}","templated":true}]}}

Eiscafé mein fabris

<p>Das Eiscafé mein fabris in Krefeld bietet eine internationale Auswahl an Eisspezialitäten. Die Eisdiele ist bekannt für ihre kreativen Sorten, die mit hochwertigen Zutaten zubereitet werden. Die zentrale Lage macht es zu einem beliebten Ziel für Eisliebhaber:innen, die Vielfalt und Qualität schätzen.</p>

<!-- This site is optimized with the Yoast SEO plugin v19.11 - https://yoast.com/wordpress/plugins/seo/ -->
<title>Eiscafé mein fabris - Stadt. Land. Niederrhein</title>
<meta name="robots" content="index, follow, max-snippet:-1, max-image-preview:large, max-video-preview:-1" />
<link rel="canonical" href="https://stadt-land-niederrhein.de/nl/kulinarik/eiscafe-mein-fabris/" />
<meta property="og:locale" content="nl_NL" />
<meta property="og:type" content="article" />
<meta property="og:title" content="Eiscafé mein fabris - Stadt. Land. Niederrhein" />
<meta property="og:description" content="Das Eiscafé mein fabris in Krefeld bietet eine internationale Auswahl an Eisspezialitäten. Die Eisdiele ist bekannt für ihre kreativen Sorten, die mit hochwertigen Zutaten zubereitet werden. Die zentrale Lage macht es zu einem beliebten Ziel für Eisliebhaber:innen, die Vielfalt und Qualität schätzen." />
<meta property="og:url" content="/" />
<meta property="og:site_name" content="Stadt. Land. Niederrhein" />
<meta name="twitter:card" content="summary_large_image" />
<script type="application/ld+json" class="yoast-schema-graph">{"@context":"https://schema.org","@graph":[{"@type":"WebPage","@id":"https://stadt-land-niederrhein.de/nl/kulinarik/eiscafe-mein-fabris/","url":"https://stadt-land-niederrhein.de/nl/kulinarik/eiscafe-mein-fabris/","name":"Eiscafé mein fabris - Stadt. Land. Niederrhein","isPartOf":{"@id":"https://stadt-land-niederrhein.de/nl/#website"},"datePublished":"2026-04-30T00:35:40+00:00","dateModified":"2026-04-30T00:35:40+00:00","breadcrumb":{"@id":"https://stadt-land-niederrhein.de/nl/kulinarik/eiscafe-mein-fabris/#breadcrumb"},"inLanguage":"nl-NL","potentialAction":[{"@type":"ReadAction","target":["https://stadt-land-niederrhein.de/nl/kulinarik/eiscafe-mein-fabris/"]}]},{"@type":"BreadcrumbList","@id":"https://stadt-land-niederrhein.de/nl/kulinarik/eiscafe-mein-fabris/#breadcrumb","itemListElement":[{"@type":"ListItem","position":1,"name":"Startpagina","item":"https://stadt-land-niederrhein.de/nl/"},{"@type":"ListItem","position":2,"name":"Culinair","item":"https://stadt-land-niederrhein.de/nl/culinair/"},{"@type":"ListItem","position":3,"name":"Eiscafé mein fabris"}]},{"@type":"WebSite","@id":"https://stadt-land-niederrhein.de/nl/#website","url":"https://stadt-land-niederrhein.de/nl/","name":"Stadt. Land. Niederrhein","description":"Niederrhein für alle Sinne","publisher":{"@id":"https://stadt-land-niederrhein.de/nl/#organization"},"alternateName":"Niederrhein für alle Sinne","potentialAction":[{"@type":"SearchAction","target":{"@type":"EntryPoint","urlTemplate":"https://stadt-land-niederrhein.de/nl/?s={search_term_string}"},"query-input":"required name=search_term_string"}],"inLanguage":"nl-NL"},{"@type":"Organization","@id":"https://stadt-land-niederrhein.de/nl/#organization","name":"Stadt. Land. Niederrhein","alternateName":"Niederrhein für alle Sinne","url":"https://stadt-land-niederrhein.de/nl/","logo":{"@type":"ImageObject","inLanguage":"nl-NL","@id":"https://stadt-land-niederrhein.de/nl/#/schema/logo/image/","url":"https://stadt-land-niederrhein.de/wp-content/uploads/2022/09/stadt-land-niederrhein_logo_block_400px.png","contentUrl":"https://stadt-land-niederrhein.de/wp-content/uploads/2022/09/stadt-land-niederrhein_logo_block_400px.png","width":400,"height":133,"caption":"Stadt. Land. Niederrhein"},"image":{"@id":"https://stadt-land-niederrhein.de/nl/#/schema/logo/image/"},"sameAs":["https://www.instagram.com/niederrheintourismus_/"]}]}</script>
<!-- / Yoast SEO plugin. -->

Eiscafé mein fabris - Stadt. Land. Niederrhein

Das Eiscafé mein fabris in Krefeld bietet eine internationale Auswahl an Eisspezialitäten. Die Eisdiele ist bekannt für ihre kreativen Sorten, die mit hochwertigen Zutaten zubereitet werden. Die zentrale Lage macht es zu einem beliebten Ziel für Eisliebhaber:innen, die Vielfalt und Qualität schätzen.

Niederrhein für alle Sinne
