{"id":128042,"date":"2026-04-30T02:59:15","date_gmt":"2026-04-30T00:59:15","guid":{"rendered":"https:\/\/stadt-land-niederrhein.de\/kulinarik\/buchladen-cafe-futur\/"},"modified":"2026-04-30T02:59:15","modified_gmt":"2026-04-30T00:59:15","slug":"buchladen-cafe-futur","status":"publish","type":"restaurant","link":"https:\/\/stadt-land-niederrhein.de\/nl\/kulinarik\/buchladen-cafe-futur\/","title":{"rendered":"Buchladen-Caf\u00e9 Futur"},"content":{"rendered":"<p>Das Buchladen-Caf\u00e9 Futur in M\u00f6nchengladbach vereint literarische Entdeckungen mit kulinarischen Gen\u00fcssen. Inmitten einer charmanten Buchhandlung bietet das Caf\u00e9 eine Auswahl an Kaffeespezialit\u00e4ten und hausgemachten Kuchen. Die ruhige Lage l\u00e4dt zum Verweilen und Schm\u00f6kern ein, w\u00e4hrend regelm\u00e4\u00dfig kulturelle Veranstaltungen stattfinden.<\/p>\n","protected":false},"excerpt":{"rendered":"<p>Das Buchladen-Caf\u00e9 Futur in M\u00f6nchengladbach vereint literarische Entdeckungen mit kulinarischen Gen\u00fcssen. Inmitten einer charmanten Buchhandlung bietet das Caf\u00e9 eine Auswahl an Kaffeespezialit\u00e4ten und hausgemachten Kuchen. Die ruhige Lage l\u00e4dt zum Verweilen und Schm\u00f6kern ein, w\u00e4hrend regelm\u00e4\u00dfig kulturelle Veranstaltungen stattfinden.<\/p>\n","protected":false},"author":0,"featured_media":0,"template":"","cuisines":[],"features":[],"kitchen_offers":[],"operating_modes":[90],"class_list":["post-128042","restaurant","type-restaurant","status-publish","hentry","operating_mode-cafe"],"acf":[],"yoast_head":"<!-- This site is optimized with the Yoast SEO plugin v19.11 - https:\/\/yoast.com\/wordpress\/plugins\/seo\/ -->\n<title>Buchladen-Caf\u00e9 Futur - Stadt. Land. Niederrhein<\/title>\n<meta name=\"robots\" content=\"index, follow, max-snippet:-1, max-image-preview:large, max-video-preview:-1\" \/>\n<link rel=\"canonical\" href=\"https:\/\/stadt-land-niederrhein.de\/nl\/kulinarik\/buchladen-cafe-futur\/\" \/>\n<meta property=\"og:locale\" content=\"nl_NL\" \/>\n<meta property=\"og:type\" content=\"article\" \/>\n<meta property=\"og:title\" content=\"Buchladen-Caf\u00e9 Futur - Stadt. Land. Niederrhein\" \/>\n<meta property=\"og:description\" content=\"Das Buchladen-Caf\u00e9 Futur in M\u00f6nchengladbach vereint literarische Entdeckungen mit kulinarischen Gen\u00fcssen. Inmitten einer charmanten Buchhandlung bietet das Caf\u00e9 eine Auswahl an Kaffeespezialit\u00e4ten und hausgemachten Kuchen. Die ruhige Lage l\u00e4dt zum Verweilen und Schm\u00f6kern ein, w\u00e4hrend regelm\u00e4\u00dfig kulturelle Veranstaltungen stattfinden.\" \/>\n<meta property=\"og:url\" content=\"\/\" \/>\n<meta property=\"og:site_name\" content=\"Stadt. Land. Niederrhein\" \/>\n<meta name=\"twitter:card\" content=\"summary_large_image\" \/>\n<script type=\"application\/ld+json\" class=\"yoast-schema-graph\">{\"@context\":\"https:\/\/schema.org\",\"@graph\":[{\"@type\":\"WebPage\",\"@id\":\"https:\/\/stadt-land-niederrhein.de\/nl\/kulinarik\/buchladen-cafe-futur\/\",\"url\":\"https:\/\/stadt-land-niederrhein.de\/nl\/kulinarik\/buchladen-cafe-futur\/\",\"name\":\"Buchladen-Caf\u00e9 Futur - Stadt. Land. Niederrhein\",\"isPartOf\":{\"@id\":\"https:\/\/stadt-land-niederrhein.de\/nl\/#website\"},\"datePublished\":\"2026-04-30T00:59:15+00:00\",\"dateModified\":\"2026-04-30T00:59:15+00:00\",\"breadcrumb\":{\"@id\":\"https:\/\/stadt-land-niederrhein.de\/nl\/kulinarik\/buchladen-cafe-futur\/#breadcrumb\"},\"inLanguage\":\"nl-NL\",\"potentialAction\":[{\"@type\":\"ReadAction\",\"target\":[\"https:\/\/stadt-land-niederrhein.de\/nl\/kulinarik\/buchladen-cafe-futur\/\"]}]},{\"@type\":\"BreadcrumbList\",\"@id\":\"https:\/\/stadt-land-niederrhein.de\/nl\/kulinarik\/buchladen-cafe-futur\/#breadcrumb\",\"itemListElement\":[{\"@type\":\"ListItem\",\"position\":1,\"name\":\"Startpagina\",\"item\":\"https:\/\/stadt-land-niederrhein.de\/nl\/\"},{\"@type\":\"ListItem\",\"position\":2,\"name\":\"Culinair\",\"item\":\"https:\/\/stadt-land-niederrhein.de\/nl\/culinair\/\"},{\"@type\":\"ListItem\",\"position\":3,\"name\":\"Buchladen-Caf\u00e9 Futur\"}]},{\"@type\":\"WebSite\",\"@id\":\"https:\/\/stadt-land-niederrhein.de\/nl\/#website\",\"url\":\"https:\/\/stadt-land-niederrhein.de\/nl\/\",\"name\":\"Stadt. Land. Niederrhein\",\"description\":\"Niederrhein f\u00fcr alle Sinne\",\"publisher\":{\"@id\":\"https:\/\/stadt-land-niederrhein.de\/nl\/#organization\"},\"alternateName\":\"Niederrhein f\u00fcr alle Sinne\",\"potentialAction\":[{\"@type\":\"SearchAction\",\"target\":{\"@type\":\"EntryPoint\",\"urlTemplate\":\"https:\/\/stadt-land-niederrhein.de\/nl\/?s={search_term_string}\"},\"query-input\":\"required name=search_term_string\"}],\"inLanguage\":\"nl-NL\"},{\"@type\":\"Organization\",\"@id\":\"https:\/\/stadt-land-niederrhein.de\/nl\/#organization\",\"name\":\"Stadt. Land. Niederrhein\",\"alternateName\":\"Niederrhein f\u00fcr alle Sinne\",\"url\":\"https:\/\/stadt-land-niederrhein.de\/nl\/\",\"logo\":{\"@type\":\"ImageObject\",\"inLanguage\":\"nl-NL\",\"@id\":\"https:\/\/stadt-land-niederrhein.de\/nl\/#\/schema\/logo\/image\/\",\"url\":\"https:\/\/stadt-land-niederrhein.de\/wp-content\/uploads\/2022\/09\/stadt-land-niederrhein_logo_block_400px.png\",\"contentUrl\":\"https:\/\/stadt-land-niederrhein.de\/wp-content\/uploads\/2022\/09\/stadt-land-niederrhein_logo_block_400px.png\",\"width\":400,\"height\":133,\"caption\":\"Stadt. Land. Niederrhein\"},\"image\":{\"@id\":\"https:\/\/stadt-land-niederrhein.de\/nl\/#\/schema\/logo\/image\/\"},\"sameAs\":[\"https:\/\/www.instagram.com\/niederrheintourismus_\/\"]}]}<\/script>\n<!-- \/ Yoast SEO plugin. -->","yoast_head_json":{"title":"Buchladen-Caf\u00e9 Futur - Stadt. Land. Niederrhein","robots":{"index":"index","follow":"follow","max-snippet":"max-snippet:-1","max-image-preview":"max-image-preview:large","max-video-preview":"max-video-preview:-1"},"canonical":"https:\/\/stadt-land-niederrhein.de\/nl\/kulinarik\/buchladen-cafe-futur\/","og_locale":"nl_NL","og_type":"article","og_title":"Buchladen-Caf\u00e9 Futur - Stadt. Land. Niederrhein","og_description":"Das Buchladen-Caf\u00e9 Futur in M\u00f6nchengladbach vereint literarische Entdeckungen mit kulinarischen Gen\u00fcssen. Inmitten einer charmanten Buchhandlung bietet das Caf\u00e9 eine Auswahl an Kaffeespezialit\u00e4ten und hausgemachten Kuchen. Die ruhige Lage l\u00e4dt zum Verweilen und Schm\u00f6kern ein, w\u00e4hrend regelm\u00e4\u00dfig kulturelle Veranstaltungen stattfinden.","og_url":"\/","og_site_name":"Stadt. Land. Niederrhein","twitter_card":"summary_large_image","schema":{"@context":"https:\/\/schema.org","@graph":[{"@type":"WebPage","@id":"https:\/\/stadt-land-niederrhein.de\/nl\/kulinarik\/buchladen-cafe-futur\/","url":"https:\/\/stadt-land-niederrhein.de\/nl\/kulinarik\/buchladen-cafe-futur\/","name":"Buchladen-Caf\u00e9 Futur - Stadt. Land. Niederrhein","isPartOf":{"@id":"https:\/\/stadt-land-niederrhein.de\/nl\/#website"},"datePublished":"2026-04-30T00:59:15+00:00","dateModified":"2026-04-30T00:59:15+00:00","breadcrumb":{"@id":"https:\/\/stadt-land-niederrhein.de\/nl\/kulinarik\/buchladen-cafe-futur\/#breadcrumb"},"inLanguage":"nl-NL","potentialAction":[{"@type":"ReadAction","target":["https:\/\/stadt-land-niederrhein.de\/nl\/kulinarik\/buchladen-cafe-futur\/"]}]},{"@type":"BreadcrumbList","@id":"https:\/\/stadt-land-niederrhein.de\/nl\/kulinarik\/buchladen-cafe-futur\/#breadcrumb","itemListElement":[{"@type":"ListItem","position":1,"name":"Startpagina","item":"https:\/\/stadt-land-niederrhein.de\/nl\/"},{"@type":"ListItem","position":2,"name":"Culinair","item":"https:\/\/stadt-land-niederrhein.de\/nl\/culinair\/"},{"@type":"ListItem","position":3,"name":"Buchladen-Caf\u00e9 Futur"}]},{"@type":"WebSite","@id":"https:\/\/stadt-land-niederrhein.de\/nl\/#website","url":"https:\/\/stadt-land-niederrhein.de\/nl\/","name":"Stadt. Land. Niederrhein","description":"Niederrhein f\u00fcr alle Sinne","publisher":{"@id":"https:\/\/stadt-land-niederrhein.de\/nl\/#organization"},"alternateName":"Niederrhein f\u00fcr alle Sinne","potentialAction":[{"@type":"SearchAction","target":{"@type":"EntryPoint","urlTemplate":"https:\/\/stadt-land-niederrhein.de\/nl\/?s={search_term_string}"},"query-input":"required name=search_term_string"}],"inLanguage":"nl-NL"},{"@type":"Organization","@id":"https:\/\/stadt-land-niederrhein.de\/nl\/#organization","name":"Stadt. Land. Niederrhein","alternateName":"Niederrhein f\u00fcr alle Sinne","url":"https:\/\/stadt-land-niederrhein.de\/nl\/","logo":{"@type":"ImageObject","inLanguage":"nl-NL","@id":"https:\/\/stadt-land-niederrhein.de\/nl\/#\/schema\/logo\/image\/","url":"https:\/\/stadt-land-niederrhein.de\/wp-content\/uploads\/2022\/09\/stadt-land-niederrhein_logo_block_400px.png","contentUrl":"https:\/\/stadt-land-niederrhein.de\/wp-content\/uploads\/2022\/09\/stadt-land-niederrhein_logo_block_400px.png","width":400,"height":133,"caption":"Stadt. Land. Niederrhein"},"image":{"@id":"https:\/\/stadt-land-niederrhein.de\/nl\/#\/schema\/logo\/image\/"},"sameAs":["https:\/\/www.instagram.com\/niederrheintourismus_\/"]}]}},"_links":{"self":[{"href":"https:\/\/stadt-land-niederrhein.de\/nl\/wp-json\/wp\/v2\/restaurants\/128042","targetHints":{"allow":["GET"]}}],"collection":[{"href":"https:\/\/stadt-land-niederrhein.de\/nl\/wp-json\/wp\/v2\/restaurants"}],"about":[{"href":"https:\/\/stadt-land-niederrhein.de\/nl\/wp-json\/wp\/v2\/types\/restaurant"}],"version-history":[{"count":1,"href":"https:\/\/stadt-land-niederrhein.de\/nl\/wp-json\/wp\/v2\/restaurants\/128042\/revisions"}],"predecessor-version":[{"id":128202,"href":"https:\/\/stadt-land-niederrhein.de\/nl\/wp-json\/wp\/v2\/restaurants\/128042\/revisions\/128202"}],"wp:attachment":[{"href":"https:\/\/stadt-land-niederrhein.de\/nl\/wp-json\/wp\/v2\/media?parent=128042"}],"wp:term":[{"taxonomy":"cuisine","embeddable":true,"href":"https:\/\/stadt-land-niederrhein.de\/nl\/wp-json\/wp\/v2\/cuisines?post=128042"},{"taxonomy":"feature","embeddable":true,"href":"https:\/\/stadt-land-niederrhein.de\/nl\/wp-json\/wp\/v2\/features?post=128042"},{"taxonomy":"kitchen_offer","embeddable":true,"href":"https:\/\/stadt-land-niederrhein.de\/nl\/wp-json\/wp\/v2\/kitchen_offers?post=128042"},{"taxonomy":"operating_mode","embeddable":true,"href":"https:\/\/stadt-land-niederrhein.de\/nl\/wp-json\/wp\/v2\/operating_modes?post=128042"}],"curies":[{"name":"wp","href":"https:\/\/api.w.org\/{rel}","templated":true}]}}

Buchladen-Café Futur

<p>Das Buchladen-Café Futur in Mönchengladbach vereint literarische Entdeckungen mit kulinarischen Genüssen. Inmitten einer charmanten Buchhandlung bietet das Café eine Auswahl an Kaffeespezialitäten und hausgemachten Kuchen. Die ruhige Lage lädt zum Verweilen und Schmökern ein, während regelmäßig kulturelle Veranstaltungen stattfinden.</p>

<!-- This site is optimized with the Yoast SEO plugin v19.11 - https://yoast.com/wordpress/plugins/seo/ -->
<title>Buchladen-Café Futur - Stadt. Land. Niederrhein</title>
<meta name="robots" content="index, follow, max-snippet:-1, max-image-preview:large, max-video-preview:-1" />
<link rel="canonical" href="https://stadt-land-niederrhein.de/nl/kulinarik/buchladen-cafe-futur/" />
<meta property="og:locale" content="nl_NL" />
<meta property="og:type" content="article" />
<meta property="og:title" content="Buchladen-Café Futur - Stadt. Land. Niederrhein" />
<meta property="og:description" content="Das Buchladen-Café Futur in Mönchengladbach vereint literarische Entdeckungen mit kulinarischen Genüssen. Inmitten einer charmanten Buchhandlung bietet das Café eine Auswahl an Kaffeespezialitäten und hausgemachten Kuchen. Die ruhige Lage lädt zum Verweilen und Schmökern ein, während regelmäßig kulturelle Veranstaltungen stattfinden." />
<meta property="og:url" content="/" />
<meta property="og:site_name" content="Stadt. Land. Niederrhein" />
<meta name="twitter:card" content="summary_large_image" />
<script type="application/ld+json" class="yoast-schema-graph">{"@context":"https://schema.org","@graph":[{"@type":"WebPage","@id":"https://stadt-land-niederrhein.de/nl/kulinarik/buchladen-cafe-futur/","url":"https://stadt-land-niederrhein.de/nl/kulinarik/buchladen-cafe-futur/","name":"Buchladen-Café Futur - Stadt. Land. Niederrhein","isPartOf":{"@id":"https://stadt-land-niederrhein.de/nl/#website"},"datePublished":"2026-04-30T00:59:15+00:00","dateModified":"2026-04-30T00:59:15+00:00","breadcrumb":{"@id":"https://stadt-land-niederrhein.de/nl/kulinarik/buchladen-cafe-futur/#breadcrumb"},"inLanguage":"nl-NL","potentialAction":[{"@type":"ReadAction","target":["https://stadt-land-niederrhein.de/nl/kulinarik/buchladen-cafe-futur/"]}]},{"@type":"BreadcrumbList","@id":"https://stadt-land-niederrhein.de/nl/kulinarik/buchladen-cafe-futur/#breadcrumb","itemListElement":[{"@type":"ListItem","position":1,"name":"Startpagina","item":"https://stadt-land-niederrhein.de/nl/"},{"@type":"ListItem","position":2,"name":"Culinair","item":"https://stadt-land-niederrhein.de/nl/culinair/"},{"@type":"ListItem","position":3,"name":"Buchladen-Café Futur"}]},{"@type":"WebSite","@id":"https://stadt-land-niederrhein.de/nl/#website","url":"https://stadt-land-niederrhein.de/nl/","name":"Stadt. Land. Niederrhein","description":"Niederrhein für alle Sinne","publisher":{"@id":"https://stadt-land-niederrhein.de/nl/#organization"},"alternateName":"Niederrhein für alle Sinne","potentialAction":[{"@type":"SearchAction","target":{"@type":"EntryPoint","urlTemplate":"https://stadt-land-niederrhein.de/nl/?s={search_term_string}"},"query-input":"required name=search_term_string"}],"inLanguage":"nl-NL"},{"@type":"Organization","@id":"https://stadt-land-niederrhein.de/nl/#organization","name":"Stadt. Land. Niederrhein","alternateName":"Niederrhein für alle Sinne","url":"https://stadt-land-niederrhein.de/nl/","logo":{"@type":"ImageObject","inLanguage":"nl-NL","@id":"https://stadt-land-niederrhein.de/nl/#/schema/logo/image/","url":"https://stadt-land-niederrhein.de/wp-content/uploads/2022/09/stadt-land-niederrhein_logo_block_400px.png","contentUrl":"https://stadt-land-niederrhein.de/wp-content/uploads/2022/09/stadt-land-niederrhein_logo_block_400px.png","width":400,"height":133,"caption":"Stadt. Land. Niederrhein"},"image":{"@id":"https://stadt-land-niederrhein.de/nl/#/schema/logo/image/"},"sameAs":["https://www.instagram.com/niederrheintourismus_/"]}]}</script>
<!-- / Yoast SEO plugin. -->

Buchladen-Café Futur - Stadt. Land. Niederrhein

Das Buchladen-Café Futur in Mönchengladbach vereint literarische Entdeckungen mit kulinarischen Genüssen. Inmitten einer charmanten Buchhandlung bietet das Café eine Auswahl an Kaffeespezialitäten und hausgemachten Kuchen. Die ruhige Lage lädt zum Verweilen und Schmökern ein, während regelmäßig kulturelle Veranstaltungen stattfinden.

Niederrhein für alle Sinne
